{"id":815,"date":"2016-03-11T10:59:45","date_gmt":"2016-03-11T09:59:45","guid":{"rendered":"http:\/\/marret.co\/?page_id=815"},"modified":"2016-03-11T11:02:21","modified_gmt":"2016-03-11T10:02:21","slug":"jules-gravereaux-ses-ancetres","status":"publish","type":"page","link":"https:\/\/lesgravereaux.marret.co\/index.php\/jules-gravereaux\/jules-gravereaux-ses-ancetres\/","title":{"rendered":"Jules Gravereaux &#8211; Ses anc\u00eatres"},"content":{"rendered":"<p><a href=\"https:\/\/i0.wp.com\/marret.co\/wp-content\/uploads\/2016\/03\/Gravereaux-Jules-Ascendance-patronymique.jpg\" rel=\"attachment wp-att-823\"><img data-recalc-dims=\"1\" loading=\"lazy\" decoding=\"async\" data-attachment-id=\"823\" data-permalink=\"https:\/\/lesgravereaux.marret.co\/index.php\/jules-gravereaux\/jules-gravereaux-ses-ancetres\/gravereaux-jules-ascendance-patronymique\/\" data-orig-file=\"https:\/\/i0.wp.com\/lesgravereaux.marret.co\/wp-content\/uploads\/2016\/03\/Gravereaux-Jules-Ascendance-patronymique.jpg?fit=1456%2C2820&amp;ssl=1\" data-orig-size=\"1456,2820\" data-comments-opened=\"1\" data-image-meta=\"{&quot;aperture&quot;:&quot;0&quot;,&quot;credit&quot;:&quot;Jean-Luc&quot;,&quot;camera&quot;:&quot;&quot;,&quot;caption&quot;:&quot;&quot;,&quot;created_timestamp&quot;:&quot;0&quot;,&quot;copyright&quot;:&quot;&quot;,&quot;focal_length&quot;:&quot;0&quot;,&quot;iso&quot;:&quot;0&quot;,&quot;shutter_speed&quot;:&quot;0&quot;,&quot;title&quot;:&quot;GRAVEREAUX, Jules - Ascendance patronymique&quot;,&quot;orientation&quot;:&quot;1&quot;}\" data-image-title=\"GRAVEREAUX, Jules &amp;#8211; Ascendance patronymique\" data-image-description=\"\" data-image-caption=\"\" data-medium-file=\"https:\/\/i0.wp.com\/lesgravereaux.marret.co\/wp-content\/uploads\/2016\/03\/Gravereaux-Jules-Ascendance-patronymique.jpg?fit=155%2C300&amp;ssl=1\" data-large-file=\"https:\/\/i0.wp.com\/lesgravereaux.marret.co\/wp-content\/uploads\/2016\/03\/Gravereaux-Jules-Ascendance-patronymique.jpg?fit=529%2C1024&amp;ssl=1\" class=\"alignnone size-large wp-image-823\" src=\"https:\/\/i0.wp.com\/marret.co\/wp-content\/uploads\/2016\/03\/Gravereaux-Jules-Ascendance-patronymique-529x1024.jpg?resize=529%2C1024\" alt=\"GRAVEREAUX, Jules - Ascendance patronymique\" width=\"529\" height=\"1024\" data-wp-pid=\"823\" srcset=\"https:\/\/i0.wp.com\/lesgravereaux.marret.co\/wp-content\/uploads\/2016\/03\/Gravereaux-Jules-Ascendance-patronymique.jpg?resize=529%2C1024&amp;ssl=1 529w, https:\/\/i0.wp.com\/lesgravereaux.marret.co\/wp-content\/uploads\/2016\/03\/Gravereaux-Jules-Ascendance-patronymique.jpg?resize=155%2C300&amp;ssl=1 155w, https:\/\/i0.wp.com\/lesgravereaux.marret.co\/wp-content\/uploads\/2016\/03\/Gravereaux-Jules-Ascendance-patronymique.jpg?resize=768%2C1487&amp;ssl=1 768w, https:\/\/i0.wp.com\/lesgravereaux.marret.co\/wp-content\/uploads\/2016\/03\/Gravereaux-Jules-Ascendance-patronymique.jpg?resize=620%2C1200&amp;ssl=1 620w, https:\/\/i0.wp.com\/lesgravereaux.marret.co\/wp-content\/uploads\/2016\/03\/Gravereaux-Jules-Ascendance-patronymique.jpg?resize=310%2C600&amp;ssl=1 310w, https:\/\/i0.wp.com\/lesgravereaux.marret.co\/wp-content\/uploads\/2016\/03\/Gravereaux-Jules-Ascendance-patronymique.jpg?w=1456&amp;ssl=1 1456w, https:\/\/i0.wp.com\/lesgravereaux.marret.co\/wp-content\/uploads\/2016\/03\/Gravereaux-Jules-Ascendance-patronymique.jpg?w=1280&amp;ssl=1 1280w\" sizes=\"auto, (max-width: 529px) 100vw, 529px\" \/><\/a><\/p>\n","protected":false},"excerpt":{"rendered":"","protected":false},"author":1,"featured_media":0,"parent":566,"menu_order":0,"comment_status":"closed","ping_status":"closed","template":"","meta":{"ngg_post_thumbnail":0,"jetpack_post_was_ever_published":false,"footnotes":""},"class_list":["post-815","page","type-page","status-publish","hentry"],"jetpack_sharing_enabled":true,"jetpack_shortlink":"https:\/\/wp.me\/P7ERyi-d9","jetpack-related-posts":[{"id":861,"url":"https:\/\/lesgravereaux.marret.co\/index.php\/jules-gravereaux\/jules-gravereaux-ses-ancetres\/jean-narcisse-mathurin-gravereaux\/desiree-gravereaux\/","url_meta":{"origin":815,"position":0},"title":"D\u00e9sir\u00e9e Gravereaux","author":"marretgravereaux","date":"11 mars 2016","format":false,"excerpt":"Henriette Marie D\u00e9sir\u00e9e Gravereaux \u00e9tait l\u2019a\u00een\u00e9e des enfants (apr\u00e8s es enfants mort-n\u00e9s) de Jean-Narcisse Mathurin Gravereaux et Marie Henriette Gervais. Elle est n\u00e9e le 15 avril 1834 \u00e0 Vitry-sur-Seine. Le 30 avril 1853, elle \u00e9pousait Fran\u00e7ois Touchet \u00e0 Vitry-sur-Seine. Elle est d\u00e9c\u00e9d\u00e9e \u00e0 Paris le 7 d\u00e9cembre 1895. Descendants Ils\u2026","rel":"","context":"Article similaire","block_context":{"text":"Article similaire","link":""},"img":{"alt_text":"","src":"","width":0,"height":0},"classes":[]},{"id":865,"url":"https:\/\/lesgravereaux.marret.co\/index.php\/jules-gravereaux\/jules-gravereaux-ses-ancetres\/jean-narcisse-mathurin-gravereaux\/anatole-gravereaux\/","url_meta":{"origin":815,"position":1},"title":"Anatole Gravereaux","author":"marretgravereaux","date":"11 mars 2016","format":false,"excerpt":"Pierre Anatole Gravereaux \u00e9tait le troisi\u00e8me enfant (hormis les mort-n\u00e9s) de Jean-Narcisse Mathurin Gravereaux et Marie Henriette Gervais. N\u00e9 le 9 janvier 1842 \u00e0 Vitry-sur-Seine, il serait parti en Alg\u00e9rie \u2013 pour des motifs inconnus, a-t-on dit \u2013 vers 1860. Il travaillait chez un certain monsieur Lemoine, menuisier \u00e0 l\u2019Arbah,\u2026","rel":"","context":"Article similaire","block_context":{"text":"Article similaire","link":""},"img":{"alt_text":"","src":"","width":0,"height":0},"classes":[]},{"id":863,"url":"https:\/\/lesgravereaux.marret.co\/index.php\/jules-gravereaux\/jules-gravereaux-ses-ancetres\/jean-narcisse-mathurin-gravereaux\/narcisse-gravereaux\/","url_meta":{"origin":815,"position":2},"title":"Narcisse Gravereaux","author":"marretgravereaux","date":"11 mars 2016","format":false,"excerpt":"Louis Narcisse Gravereaux \u00e9tait le deuxi\u00e8me enfant (hormis les mort-n\u00e9s) de Jean-Narcisse Mathurin Gravereaux et Marie Henriette Gervais. Il est n\u00e9 le 4 d\u00e9cembre 1837 \u00e0 Vitry-sur-Seine. Le 7 d\u00e9cembre 1871, il \u00e9pousait Mathilde Thuillier; deux ans apr\u00e8s son fr\u00e8re, Jules \u00e9pousait sa belle-s\u0153ur Laure\u2026 Dipl\u00f4m\u00e9 des Beaux-Arts, il est\u2026","rel":"","context":"Article similaire","block_context":{"text":"Article similaire","link":""},"img":{"alt_text":"","src":"https:\/\/i0.wp.com\/lesgravereaux.marret.co\/wp-content\/uploads\/2019\/02\/Gravereaux-Narcisse-01a_wp.jpg?resize=350%2C200","width":350,"height":200},"classes":[]},{"id":837,"url":"https:\/\/lesgravereaux.marret.co\/index.php\/jules-gravereaux\/jules-gravereaux-ses-ancetres\/germain-sebastien-graverot\/le-bapteme-de-germain-sebastien-graverot\/","url_meta":{"origin":815,"position":3},"title":"Le bapt\u00eame de Germain S\u00e9bastien Graverot","author":"marretgravereaux","date":"11 mars 2016","format":false,"excerpt":"\u00ab\u00a0Du Jeudy huiti\u00e8me jour de f\u00e9vrier mil sept cent soixante et dix par nous pr\u00eatre vicaire de cette paroisse soussign\u00e9 a \u00e9t\u00e9 baptis\u00e9 germain Sebastien n\u00e9 hier du l\u00e9gitime mariage de jean baptiste Graverot [...] menuisier, et de marie jeanne collinet [...] de cette paroisse [de denys claude [...] marchand\u2026","rel":"","context":"Article similaire","block_context":{"text":"Article similaire","link":""},"img":{"alt_text":"Maxthon","src":"https:\/\/i0.wp.com\/marret.co\/wp-content\/uploads\/2016\/03\/1770-02-08-GRAVEROT-Germain-Sebastien-Bapteme_wp-1024x281.jpg?resize=350%2C200","width":350,"height":200},"classes":[]},{"id":849,"url":"https:\/\/lesgravereaux.marret.co\/index.php\/jules-gravereaux\/jules-gravereaux-ses-ancetres\/jean-narcisse-mathurin-gravereaux\/la-naissance-de-jean-narcisse-mathurin-gravereaux\/","url_meta":{"origin":815,"position":4},"title":"La naissance de Jean Narcisse Mathurin Gravereaux","author":"marretgravereaux","date":"11 mars 2016","format":false,"excerpt":"\u00ab\u00a0Du quinzi\u00e8me jour du mois de f\u00e9vrier de L'an mil huit cent Six, neuf heures du matin; acte de naissance de jean narcisse Mathurin, n\u00e9 hier, \u00e0 une heure du matin; fils de Germain S\u00e9bastien Gravereaux, menuisier demeurant a Vitry rue d'arnatal n\u00b0 6, et de Marie Marguerite Queneau Son\u2026","rel":"","context":"Article similaire","block_context":{"text":"Article similaire","link":""},"img":{"alt_text":"1806-02-15 GRAVEREAUX, Jean Narcisse Mathurin - Naissance_wp","src":"https:\/\/i0.wp.com\/marret.co\/wp-content\/uploads\/2016\/03\/1806-02-15-GRAVEREAUX-Jean-Narcisse-Mathurin-Naissance_wp-1024x782.jpg?resize=350%2C200","width":350,"height":200},"classes":[]},{"id":768,"url":"https:\/\/lesgravereaux.marret.co\/index.php\/jules-gravereaux\/jules-gravereaux-ses-ancetres\/jean-baptiste-gravereau\/le-deces-de-jean-baptiste-gravereau\/","url_meta":{"origin":815,"position":5},"title":"Le d\u00e9c\u00e8s de Jean-Baptiste Gravereau","author":"marretgravereaux","date":"9 mars 2016","format":false,"excerpt":"\u00ab Du jeudy quinze aout mil sept cent soixante et onze [...] pr\u00eatre Docteur de Sorbonne, Cur\u00e9 de cette paroisse soussign\u00e9 a \u00e9t\u00e9 inhum\u00e9 [...] le cimeti\u00e8re de cette \u00e9glise le Corps de jean baptiste graverot Menuisier, ag\u00e9 de trente huit ans environ d\u00e9c\u00e9d\u00e9 hier, \u00e9poux de marie jeanne collinet\u2026","rel":"","context":"Article similaire","block_context":{"text":"Article similaire","link":""},"img":{"alt_text":"Maxthon","src":"https:\/\/i0.wp.com\/marret.co\/wp-content\/uploads\/2016\/03\/1771-08-15-GRAVEREAUX-Jean-Baptiste-Deces_wp-1024x382.jpg?resize=350%2C200","width":350,"height":200},"classes":[]}],"_links":{"self":[{"href":"https:\/\/lesgravereaux.marret.co\/index.php\/wp-json\/wp\/v2\/pages\/815","targetHints":{"allow":["GET"]}}],"collection":[{"href":"https:\/\/lesgravereaux.marret.co\/index.php\/wp-json\/wp\/v2\/pages"}],"about":[{"href":"https:\/\/lesgravereaux.marret.co\/index.php\/wp-json\/wp\/v2\/types\/page"}],"author":[{"embeddable":true,"href":"https:\/\/lesgravereaux.marret.co\/index.php\/wp-json\/wp\/v2\/users\/1"}],"replies":[{"embeddable":true,"href":"https:\/\/lesgravereaux.marret.co\/index.php\/wp-json\/wp\/v2\/comments?post=815"}],"version-history":[{"count":0,"href":"https:\/\/lesgravereaux.marret.co\/index.php\/wp-json\/wp\/v2\/pages\/815\/revisions"}],"up":[{"embeddable":true,"href":"https:\/\/lesgravereaux.marret.co\/index.php\/wp-json\/wp\/v2\/pages\/566"}],"wp:attachment":[{"href":"https:\/\/lesgravereaux.marret.co\/index.php\/wp-json\/wp\/v2\/media?parent=815"}],"curies":[{"name":"wp","href":"https:\/\/api.w.org\/{rel}","templated":true}]}}

Jules Gravereaux &#8211; Ses ancêtres

Désirée Gravereaux

Henriette Marie Désirée Gravereaux était l’aînée des enfants (après es enfants mort-nés) de Jean-Narcisse Mathurin Gravereaux et Marie Henriette Gervais. Elle est née le 15 avril 1834 à Vitry-sur-Seine. Le 30 avril 1853, elle épousait François Touchet à Vitry-sur-Seine. Elle est décédée à Paris le 7 décembre 1895. Descendants Ils…

Pierre Anatole Gravereaux était le troisième enfant (hormis les mort-nés) de Jean-Narcisse Mathurin Gravereaux et Marie Henriette Gervais. Né le 9 janvier 1842 à Vitry-sur-Seine, il serait parti en Algérie – pour des motifs inconnus, a-t-on dit – vers 1860. Il travaillait chez un certain monsieur Lemoine, menuisier à l’Arbah,…

Louis Narcisse Gravereaux était le deuxième enfant (hormis les mort-nés) de Jean-Narcisse Mathurin Gravereaux et Marie Henriette Gervais. Il est né le 4 décembre 1837 à Vitry-sur-Seine. Le 7 décembre 1871, il épousait Mathilde Thuillier; deux ans après son frère, Jules épousait sa belle-sœur Laure… Diplômé des Beaux-Arts, il est…

Le baptême de Germain Sébastien Graverot

« Du Jeudy huitième jour de février mil sept cent soixante et dix par nous prêtre vicaire de cette paroisse soussigné a été baptisé germain Sebastien né hier du légitime mariage de jean baptiste Graverot [...] menuisier, et de marie jeanne collinet [...] de cette paroisse [de denys claude [...] marchand…

« Du quinzième jour du mois de février de L'an mil huit cent Six, neuf heures du matin; acte de naissance de jean narcisse Mathurin, né hier, à une heure du matin; fils de Germain Sébastien Gravereaux, menuisier demeurant a Vitry rue d'arnatal n° 6, et de Marie Marguerite Queneau Son…

Le décès de Jean-Baptiste Gravereau

« Du jeudy quinze aout mil sept cent soixante et onze [...] prêtre Docteur de Sorbonne, Curé de cette paroisse soussigné a été inhumé [...] le cimetière de cette église le Corps de jean baptiste graverot Menuisier, agé de trente huit ans environ décédé hier, époux de marie jeanne collinet…
