{"id":752,"date":"2016-03-08T23:23:25","date_gmt":"2016-03-08T22:23:25","guid":{"rendered":"http:\/\/marret.co\/?page_id=752"},"modified":"2016-03-11T00:01:39","modified_gmt":"2016-03-10T23:01:39","slug":"jules-gravereaux-dans-la-roseraie-renouard","status":"publish","type":"page","link":"https:\/\/lesgravereaux.marret.co\/index.php\/jules-gravereaux\/portraits-de-jules-gravereaux\/jules-gravereaux-dans-la-roseraie-renouard\/","title":{"rendered":"Portrait de Jules Gravereaux dans sa roseraie"},"content":{"rendered":"<p>&nbsp;<\/p>\n<p style=\"text-align: center;\"><strong><a href=\"https:\/\/i0.wp.com\/marret.co\/wp-content\/uploads\/2016\/03\/Renouard-Charles-Paul-47-J-245_wp.jpg\" rel=\"attachment wp-att-750\"><img data-recalc-dims=\"1\" loading=\"lazy\" decoding=\"async\" data-attachment-id=\"750\" data-permalink=\"https:\/\/lesgravereaux.marret.co\/index.php\/jules-gravereaux\/portraits-de-jules-gravereaux\/jules-gravereaux-dans-la-roseraie-renouard\/renouard-charles-paul-47-j-245_wp\/\" data-orig-file=\"https:\/\/i0.wp.com\/lesgravereaux.marret.co\/wp-content\/uploads\/2016\/03\/Renouard-Charles-Paul-47-J-245_wp.jpg?fit=1575%2C1143&amp;ssl=1\" data-orig-size=\"1575,1143\" data-comments-opened=\"1\" data-image-meta=\"{&quot;aperture&quot;:&quot;0&quot;,&quot;credit&quot;:&quot;&quot;,&quot;camera&quot;:&quot;&quot;,&quot;caption&quot;:&quot;&quot;,&quot;created_timestamp&quot;:&quot;0&quot;,&quot;copyright&quot;:&quot;&quot;,&quot;focal_length&quot;:&quot;0&quot;,&quot;iso&quot;:&quot;0&quot;,&quot;shutter_speed&quot;:&quot;0&quot;,&quot;title&quot;:&quot;&quot;,&quot;orientation&quot;:&quot;1&quot;}\" data-image-title=\"Renouard, Charles-Paul (47 J 245)_wp\" data-image-description=\"\" data-image-caption=\"\" data-medium-file=\"https:\/\/i0.wp.com\/lesgravereaux.marret.co\/wp-content\/uploads\/2016\/03\/Renouard-Charles-Paul-47-J-245_wp.jpg?fit=300%2C218&amp;ssl=1\" data-large-file=\"https:\/\/i0.wp.com\/lesgravereaux.marret.co\/wp-content\/uploads\/2016\/03\/Renouard-Charles-Paul-47-J-245_wp.jpg?fit=640%2C464&amp;ssl=1\" class=\"wp-image-750 alignleft\" src=\"https:\/\/i0.wp.com\/marret.co\/wp-content\/uploads\/2016\/03\/Renouard-Charles-Paul-47-J-245_wp-1024x743.jpg?resize=380%2C276\" alt=\"Renouard, Charles-Paul (47 J 245)_wp\" width=\"380\" height=\"276\" data-wp-pid=\"750\" srcset=\"https:\/\/i0.wp.com\/lesgravereaux.marret.co\/wp-content\/uploads\/2016\/03\/Renouard-Charles-Paul-47-J-245_wp.jpg?resize=1024%2C743&amp;ssl=1 1024w, https:\/\/i0.wp.com\/lesgravereaux.marret.co\/wp-content\/uploads\/2016\/03\/Renouard-Charles-Paul-47-J-245_wp.jpg?resize=300%2C218&amp;ssl=1 300w, https:\/\/i0.wp.com\/lesgravereaux.marret.co\/wp-content\/uploads\/2016\/03\/Renouard-Charles-Paul-47-J-245_wp.jpg?resize=768%2C557&amp;ssl=1 768w, https:\/\/i0.wp.com\/lesgravereaux.marret.co\/wp-content\/uploads\/2016\/03\/Renouard-Charles-Paul-47-J-245_wp.jpg?resize=800%2C581&amp;ssl=1 800w, https:\/\/i0.wp.com\/lesgravereaux.marret.co\/wp-content\/uploads\/2016\/03\/Renouard-Charles-Paul-47-J-245_wp.jpg?resize=600%2C435&amp;ssl=1 600w, https:\/\/i0.wp.com\/lesgravereaux.marret.co\/wp-content\/uploads\/2016\/03\/Renouard-Charles-Paul-47-J-245_wp.jpg?w=1575&amp;ssl=1 1575w, https:\/\/i0.wp.com\/lesgravereaux.marret.co\/wp-content\/uploads\/2016\/03\/Renouard-Charles-Paul-47-J-245_wp.jpg?w=1280&amp;ssl=1 1280w\" sizes=\"auto, (max-width: 380px) 100vw, 380px\" \/><\/a>Jules Gravereaux<br \/>\ndans la roseraie de L\u2019Ha\u00ff<\/strong><\/p>\n<p style=\"text-align: center;\">par Charles-Paul RENOUARD(1841-1919)<\/p>\n<p style=\"text-align: left;\"><span style=\"font-size: 12pt;\">Huile<br \/>\n(H : 1,29\u00a0m &#8211; L :\u00a01,745\u00a0m)<\/span><br \/>\n<em><br \/>\n<\/em><span style=\"font-size: 10pt;\"><em>Photo : Archives d\u00e9partementales<br \/>\ndu Val-de-Marne\u00a0&#8211; Fonds de la Rose (47J245)<\/em><\/span><\/p>\n<p>Expos\u00e9 lors du Salon de la Soci\u00e9t\u00e9 nationale des Beaux-Arts, en 1908, ce tableau fut remarqu\u00e9 des critiques :<\/p>\n<p style=\"padding-left: 30px;\">\u00ab\u00a0Paul Renouard d\u00e9ploie toutes les qualit\u00e9s de sa fra\u00eeche coloration dans <em>M.\u00a0Gravereaux dans sa roseraie<\/em>.\u00a0\u00bb<\/p>\n<p style=\"text-align: right;\"><em><span style=\"font-size: 12pt;\">L\u2019Art et les artistes, avril \u00e0 septembre 1908.<\/span><\/em><\/p>\n<p style=\"padding-left: 30px;\">\u00ab\u00a0Heureux qui peut s&rsquo;\u00e9lever au-dessus des orages ! M. Renouard nous y aide lui-m\u00eame en un autre envoi, o\u00f9 il nous montre le grand collectionneur de roses M.Gravereau, se promenant dans sa roseraie.\u00a0\u00bb<\/p>\n<p style=\"text-align: right;\"><em>Le Figaro, 14 avril 1908.<\/em><\/p>\n<p><a href=\"https:\/\/i0.wp.com\/marret.co\/wp-content\/uploads\/2016\/03\/240-10-Roseraie-de-lHay-Interieur-du-musee_wp.jpg\" rel=\"attachment wp-att-751\"><img data-recalc-dims=\"1\" loading=\"lazy\" decoding=\"async\" data-attachment-id=\"751\" data-permalink=\"https:\/\/lesgravereaux.marret.co\/index.php\/jules-gravereaux\/portraits-de-jules-gravereaux\/jules-gravereaux-dans-la-roseraie-renouard\/240-10-roseraie-de-lhay-interieur-du-musee_wp\/\" data-orig-file=\"https:\/\/i0.wp.com\/lesgravereaux.marret.co\/wp-content\/uploads\/2016\/03\/240-10-Roseraie-de-lHay-Interieur-du-musee_wp.jpg?fit=1102%2C708&amp;ssl=1\" data-orig-size=\"1102,708\" data-comments-opened=\"1\" data-image-meta=\"{&quot;aperture&quot;:&quot;0&quot;,&quot;credit&quot;:&quot;&quot;,&quot;camera&quot;:&quot;&quot;,&quot;caption&quot;:&quot;&quot;,&quot;created_timestamp&quot;:&quot;0&quot;,&quot;copyright&quot;:&quot;&quot;,&quot;focal_length&quot;:&quot;0&quot;,&quot;iso&quot;:&quot;0&quot;,&quot;shutter_speed&quot;:&quot;0&quot;,&quot;title&quot;:&quot;&quot;,&quot;orientation&quot;:&quot;1&quot;}\" data-image-title=\"240 10 Roseraie-de-l&amp;rsquo;Hay &amp;#8211; Interieur du musee_wp\" data-image-description=\"\" data-image-caption=\"\" data-medium-file=\"https:\/\/i0.wp.com\/lesgravereaux.marret.co\/wp-content\/uploads\/2016\/03\/240-10-Roseraie-de-lHay-Interieur-du-musee_wp.jpg?fit=300%2C193&amp;ssl=1\" data-large-file=\"https:\/\/i0.wp.com\/lesgravereaux.marret.co\/wp-content\/uploads\/2016\/03\/240-10-Roseraie-de-lHay-Interieur-du-musee_wp.jpg?fit=640%2C411&amp;ssl=1\" class=\"wp-image-751 alignright\" src=\"https:\/\/i0.wp.com\/marret.co\/wp-content\/uploads\/2016\/03\/240-10-Roseraie-de-lHay-Interieur-du-musee_wp-1024x658.jpg?resize=380%2C276\" alt=\"240 10 Roseraie-de-l'Hay - Interieur du musee_wp\" width=\"380\" height=\"276\" data-wp-pid=\"751\" \/><\/a><\/p>\n<p>Cette peinture prit ensuite place dans le Mus\u00e9e de la Rose que Jules Gravereaux avait cr\u00e9\u00e9 \u00e0 L&rsquo;Ha\u00ff.<\/p>\n<p>&nbsp;<\/p>\n","protected":false},"excerpt":{"rendered":"<p>&nbsp; Jules Gravereaux dans la roseraie de L\u2019Ha\u00ff par Charles-Paul RENOUARD(1841-1919) Huile (H : 1,29\u00a0m &#8211; L :\u00a01,745\u00a0m) Photo : Archives d\u00e9partementales du Val-de-Marne\u00a0&#8211; Fonds de la Rose (47J245) Expos\u00e9 lors du Salon de la Soci\u00e9t\u00e9 nationale des Beaux-Arts, en &hellip; <a href=\"https:\/\/lesgravereaux.marret.co\/index.php\/jules-gravereaux\/portraits-de-jules-gravereaux\/jules-gravereaux-dans-la-roseraie-renouard\/\">Continuer la lecture <span class=\"meta-nav\">&rarr;<\/span><\/a><\/p>\n","protected":false},"author":1,"featured_media":0,"parent":807,"menu_order":0,"comment_status":"closed","ping_status":"closed","template":"","meta":{"ngg_post_thumbnail":0,"jetpack_post_was_ever_published":false,"footnotes":""},"class_list":["post-752","page","type-page","status-publish","hentry"],"jetpack_sharing_enabled":true,"jetpack_shortlink":"https:\/\/wp.me\/P7ERyi-c8","jetpack-related-posts":[{"id":807,"url":"https:\/\/lesgravereaux.marret.co\/index.php\/jules-gravereaux\/portraits-de-jules-gravereaux\/","url_meta":{"origin":752,"position":0},"title":"Portraits de Jules Gravereaux","author":"marretgravereaux","date":"10 mars 2016","format":false,"excerpt":"Tableau Portrait de Jules Gravereaux dans la roseraie de L\u2019Ha\u00ff\u00a0\u00a0 par Charles-Paul RENOUARD (1841-1919)\u00a0 Source : Archives d\u00e9partementales du Val-de-Marne \u00a0 M\u00e9daille M\u00e9daille\u00a0(38mm, fini bronze) con\u00e7ue par Jean-Luc Marret et frapp\u00e9e par l'atelier mon\u00e9taire\u00a0Pressed Metal Products\u00a0de Vancouver (Canada). Pour plus de d\u00e9tails et commande s'adresser \u00e0\u00a0Jean-Luc Marret. \u00a0 Buste R\u00e9alis\u00e9\u2026","rel":"","context":"Article similaire","block_context":{"text":"Article similaire","link":""},"img":{"alt_text":"Renouard, Charles-Paul (47 J 245)_wp","src":"https:\/\/i0.wp.com\/marret.co\/wp-content\/uploads\/2016\/03\/Renouard-Charles-Paul-47-J-245_wp-1024x743.jpg?resize=350%2C200","width":350,"height":200},"classes":[]},{"id":1279,"url":"https:\/\/lesgravereaux.marret.co\/index.php\/la-roseraie-de-lhay\/quand-la-roseraie-se-montre\/","url_meta":{"origin":752,"position":1},"title":"Quand la roseraie s&rsquo;expose&#8230;","author":"marretgravereaux","date":"19 mars 2016","format":false,"excerpt":"La Roseraie de L'Ha\u00ff a attir\u00e9 \u2013 et attire toujours \u2013 les dessinateurs et les peintres qui tentent d\u2019en capter les couleurs, les lumi\u00e8res et l\u2019ambiance qui s\u2019en d\u00e9gage. La liste pr\u00e9sent\u00e9e \u00e0 la suite des reproductions\u00a0est \u00e9videmment incompl\u00e8te et nous esp\u00e9rons que les visiteurs de ce site pourront nous\u2026","rel":"","context":"Article similaire","block_context":{"text":"Article similaire","link":""},"img":{"alt_text":"Renouard, Charles-Paul (47 J 245)_wp","src":"https:\/\/i0.wp.com\/marret.co\/wp-content\/uploads\/2016\/03\/Renouard-Charles-Paul-47-J-245_wp-1024x743.jpg?resize=350%2C200","width":350,"height":200},"classes":[]},{"id":1270,"url":"https:\/\/lesgravereaux.marret.co\/index.php\/jules-gravereaux\/portraits-de-jules-gravereaux\/a-la-une\/","url_meta":{"origin":752,"position":2},"title":"Jules Gravereaux \u00e0 la une","author":"marretgravereaux","date":"19 mars 2016","format":false,"excerpt":"Dans son\u00a0num\u00e9ro du 1er\u00a0juin 1907, la revue La Vie \u00e0 la Campagne affiche un portrait de Jules Gravereaux, \u00e0 la une de sa section informative\u2026 Elle le pr\u00e9sente dans son bas de vignette. JULES GRAVEREAUX. Chevalier de la L\u00e9gion d'Honneur, Officier du M\u00e9rite Agricole, propri\u00e9taire de la Roseraie de l'Hay\u2026","rel":"","context":"Article similaire","block_context":{"text":"Article similaire","link":""},"img":{"alt_text":"1907-06-01 La vie a la campagne a_wp","src":"https:\/\/i0.wp.com\/marret.co\/wp-content\/uploads\/2016\/03\/1907-06-01-La-vie-a-la-campagne-a_wp-726x1024.jpg?resize=350%2C200","width":350,"height":200},"classes":[]},{"id":2036,"url":"https:\/\/lesgravereaux.marret.co\/index.php\/des-roseraies\/","url_meta":{"origin":752,"position":3},"title":"D&rsquo;autres roseraies","author":"marretgravereaux","date":"26 avril 2016","format":false,"excerpt":"Collectionneur de roses, Jules Gravereaux commence par en rassembler quelques-unes d\u00e8s 1894 dans son jardin de L\u2019Ha\u00ff; avec l\u2019aide du paysagiste \u00c9douard Andr\u00e9, il les installe une peu plus tard, dans ce qui est le 1er jardin \u00e0 leur \u00eatre exclusivement consacr\u00e9e, une roseraie \u2013 on parlait \u00e0 l\u2019\u00e9poque de\u2026","rel":"","context":"Article similaire","block_context":{"text":"Article similaire","link":""},"img":{"alt_text":"Jules Gravereaux - OG1332b","src":"https:\/\/i0.wp.com\/lesgravereaux.marret.co\/wp-content\/uploads\/2015\/10\/Jules-Gravereaux-OG1332b.jpg?resize=350%2C200","width":350,"height":200},"classes":[]},{"id":5176,"url":"https:\/\/lesgravereaux.marret.co\/index.php\/jules-gravereaux\/des-evenements-de-sa-vie\/biographie-de-jules-gravereaux-par-les-amis-des-roses\/","url_meta":{"origin":752,"position":4},"title":"Biographie de Jules Gravereaux (par Les Amis des Roses)","author":"marretgravereaux","date":"13 f\u00e9vrier 2017","format":false,"excerpt":"Au moment o\u00f9 nous le pressentions le moins, alors que nous supposions notre Pr\u00e9sident d'honneur encore dans toute la force de sa robuste vieillesse, une fatale nouvelle nous parvint : M.\u00a0Jules Gravereaux \u00e9tait d\u00e9c\u00e9d\u00e9 le 23 mars en sein H\u00f4tel de l'avenue de Villars. Ce malheur nous fut connu trop\u2026","rel":"","context":"Article similaire","block_context":{"text":"Article similaire","link":""},"img":{"alt_text":"","src":"https:\/\/i0.wp.com\/lesgravereaux.marret.co\/wp-content\/uploads\/2017\/02\/1916-03-Les-amis-des-roses-LIII-p29_wp-667x1024.jpg?resize=350%2C200","width":350,"height":200},"classes":[]},{"id":3326,"url":"https:\/\/lesgravereaux.marret.co\/index.php\/571-2\/la-journee-de-jules-gravereaux\/","url_meta":{"origin":752,"position":5},"title":"28 mai 2016 &#8211; La journ\u00e9e de Jules Gravereaux","author":"marretgravereaux","date":"10 juin 2016","format":false,"excerpt":"La ville de L'Ha\u00ff-les-Roses, les associations locales et la famille Gravereaux avaient d\u00e9cid\u00e9 de souligner le centenaire du d\u00e9c\u00e8s de Jules Gravereaux en organisant des activit\u00e9s le 18 mai 2016\u2026 Nathalie Ferrand, auteur du livre \u00ab\u00a0Cr\u00e9ateur de roses\u00a0\u00bb a prononc\u00e9 une conf\u00e9rence sur le th\u00e8me \u00ab\u00a0Rayonnement de Jules Gravereaux en\u2026","rel":"","context":"Dans &quot;Jules Gravereaux&quot;","block_context":{"text":"Jules Gravereaux","link":"https:\/\/lesgravereaux.marret.co\/index.php\/category\/jules-gravereaux\/"},"img":{"alt_text":"File0032a","src":"https:\/\/i0.wp.com\/lesgravereaux.marret.co\/wp-content\/uploads\/2015\/10\/File0032a.jpg?resize=350%2C200","width":350,"height":200},"classes":[]}],"_links":{"self":[{"href":"https:\/\/lesgravereaux.marret.co\/index.php\/wp-json\/wp\/v2\/pages\/752","targetHints":{"allow":["GET"]}}],"collection":[{"href":"https:\/\/lesgravereaux.marret.co\/index.php\/wp-json\/wp\/v2\/pages"}],"about":[{"href":"https:\/\/lesgravereaux.marret.co\/index.php\/wp-json\/wp\/v2\/types\/page"}],"author":[{"embeddable":true,"href":"https:\/\/lesgravereaux.marret.co\/index.php\/wp-json\/wp\/v2\/users\/1"}],"replies":[{"embeddable":true,"href":"https:\/\/lesgravereaux.marret.co\/index.php\/wp-json\/wp\/v2\/comments?post=752"}],"version-history":[{"count":0,"href":"https:\/\/lesgravereaux.marret.co\/index.php\/wp-json\/wp\/v2\/pages\/752\/revisions"}],"up":[{"embeddable":true,"href":"https:\/\/lesgravereaux.marret.co\/index.php\/wp-json\/wp\/v2\/pages\/807"}],"wp:attachment":[{"href":"https:\/\/lesgravereaux.marret.co\/index.php\/wp-json\/wp\/v2\/media?parent=752"}],"curies":[{"name":"wp","href":"https:\/\/api.w.org\/{rel}","templated":true}]}}