{"id":706,"date":"2016-03-08T13:15:16","date_gmt":"2016-03-08T12:15:16","guid":{"rendered":"http:\/\/marret.co\/?page_id=706"},"modified":"2024-04-24T16:28:27","modified_gmt":"2024-04-24T15:28:27","slug":"biographie-de-jules-gravereaux-par-david-bois","status":"publish","type":"page","link":"https:\/\/lesgravereaux.marret.co\/index.php\/jules-gravereaux\/des-evenements-de-sa-vie\/biographie-de-jules-gravereaux-par-david-bois\/","title":{"rendered":"Biographie de Jules Gravereaux (par D\u00e9sir\u00e9 Bois)"},"content":{"rendered":"<p style=\"text-align: center;\">Extrait du Journal de la Soci\u00e9t\u00e9 d\u2019horticulture de France (Cahier de juillet 1916)<\/p>\n<p style=\"text-align: center;\">NOTICE BIOGRAPHIQUE SUR M. JULES GRAVEREAUX<br \/>\npar M. D. Bois<\/p>\n<p style=\"text-align: left;\">M. Jules Gravereaux est d\u00e9c\u00e9d\u00e9 \u00e0 Paris le 25 mars dernier, dans sa soixante-douzi\u00e8me ann\u00e9e. Il \u00e9tait officier de la L\u00e9gion d&rsquo;honneur et commandeur du M\u00e9rite agricole.<\/p>\n<p>La Rose a perdu en lui un fervent adorateur, l\u2019Horticulture, un ami, la Soci\u00e9t\u00e9 nationale d\u2019Horticulture de France l\u2019un de ses membres les plus actifs et les plus d\u00e9vou\u00e9s.<\/p>\n<p>Il naquit \u00e0 Vitry (Seine), pays horticole par excellence, o\u00f9 il contracta, d\u00e8s sa jeunesse, le go\u00fbt qui devait en faire plus tard un enthousiaste disciple de Flore.<\/p>\n<p>Apr\u00e8s avoir \u00e9t\u00e9, comme administrateur, l&rsquo;un des principaux artisans de la prosp\u00e9rit\u00e9 des Magasins du Bon March\u00e9, il se fit admettre membre de notre Soci\u00e9t\u00e9 lorsqu&rsquo;il put jouir d&rsquo;un repos m\u00e9rit\u00e9 et se consacrer aux fleurs qu&rsquo;il aimait tant, surtout \u00e0 la Rose, objet de sa pr\u00e9dilection, dans le Ch\u00e2teau de l\u2019Hay, pr\u00e8s Bourg-la-Reine (Seine). Cette propri\u00e9t\u00e9 est voisine de celle qui appartint au c\u00e9l\u00e8bre chimiste Chevreul, ancien directeur du Mus\u00e9um national d&rsquo;histoire naturelle. M. Gravereaux s&rsquo;en \u00e9tait rendu acqu\u00e9reur en 1892.<\/p>\n<p>C&rsquo;est l\u00e0 qu&rsquo;il avait commenc\u00e9 \u00e0 r\u00e9unir une remarquable collection de ses fleurs favorites, lorsqu&rsquo;il entreprit, en 1899, avec la collaboration d\u2019\u00c9douard Andr\u00e9, l&rsquo;\u00e9minent architecte-paysagiste, la cr\u00e9ation de la Roseraie qui conservera son nom \u00e0 la post\u00e9rit\u00e9<\/p>\n<p>La Roseraie de l\u2019Ha\u00ff \u2013 de l\u2019Ha\u00ff-les-Roses puisque ce nom a \u00e9t\u00e9 officiellement donn\u00e9 \u00e0 la commune en 1910 \u2014 est, en effet, devenue c\u00e9l\u00e8bre dans le monde entier gr\u00e2ce \u00e0 la richesse sans rivale de ses collections, parfaitement ordonn\u00e9es, o\u00f9 le Rosier figure de mani\u00e8re admirable comme dans un temple \u00e9lev\u00e9 a sa gloire.<\/p>\n<p>On y voit r\u00e9unies, non seulement ses innombrables vari\u00e9t\u00e9s horticoles, les plus humbles comme les plus orgueilleuses, pr\u00e9sent\u00e9es sous les formes les plus diverses et les plus d\u00e9coratives, mais aussi les esp\u00e8ces sauvages du genre Rosa, auxquelles appartiennent leurs types ancestraux modifi\u00e9s par la culture \u00e0 travers les si\u00e8cles. Cette derni\u00e8re collection, \u00e0 la constitution de laquelle nous sommes heureux d&rsquo;avoir particip\u00e9, est compl\u00e9t\u00e9e par un herbier sp\u00e9cial.<\/p>\n<p>Une biblioth\u00e8que et un Mus\u00e9e, comprenant des publications et de nombreux objets consacr\u00e9s \u00e0 la Rose, permettent les recherches scientifiques, litt\u00e9raires et artistiques sur la reine des fleurs (Voir la brochure : La Rose dans les sciences et les arts, Paris, 1905).<\/p>\n<p>L&rsquo;importance de l\u2019\u0153uvre s&rsquo;est accrue peu \u00e0 peu. Le nombre des esp\u00e8ces et des vari\u00e9t\u00e9s cultiv\u00e9es a atteint un chiffre consid\u00e9rable. Le Catalogue des Roses cultiv\u00e9es \u00e0 L\u2019Ha\u00ff, \u00e9dition de 1902, en mentionnait d\u00e9j\u00e0 pr\u00e8s de 7.000, et ce chiffre s&rsquo;est trouv\u00e9 port\u00e9 \u00e0 8.000 en 1915.<\/p>\n<p>Des \u00e9tudes comparatives pour conna\u00eetre la valeur des vari\u00e9t\u00e9s, \u00e9tablir les synonymies, etc., ont \u00e9t\u00e9 entreprises et ont donn\u00e9 lieu \u00e0 la publication du Manuel pour la description des Rosiers, paru en 1905. L\u2019obtention de vari\u00e9t\u00e9s nouvelles par voie de croisements fut \u00e9galement poursuivie, ainsi que la recherche de celles qui sont particuli\u00e8rement propres \u00e0 la production des parfums, comme en t\u00e9moigne l\u2019opuscule : Essais de fabrication d\u2019essence de Roses \u00e0 la Roseraie de l\u2019Ha\u00ff, publi\u00e9 en 1905; M. Gravereaux avait fait dans les Balkans, en vue des travaux qu\u2019il se proposait d\u2019entreprendre sur cette question, un voyage dont la relation parut dans un rapport ayant pour titre : La culture des Roses dans les Balkans, Paris, 1901. Les modes de culture applicables au Rosier, les engrais les meilleurs pour assurer son d\u00e9veloppement, les moyens de combattre les insectes et les maladies qui l&rsquo;attaquent, ont \u00e9t\u00e9 l\u2019objet d\u2019\u00e9tudes suivies.<\/p>\n<p>D\u2019importants r\u00e9sultats ont \u00e9t\u00e9 ainsi obtenus et permettaient d\u2019en esp\u00e9rer de plus grands encore dans l\u2019avenir; aussi devons-nous souhaiter, dans l\u2019int\u00e9r\u00eat g\u00e9n\u00e9ral, la poursuite et la r\u00e9alisation d\u2019un programme d\u00e9j\u00e0 si utilement \u00e9bauch\u00e9.<\/p>\n<p>Parmi les Roses qui figurent aujourd\u2019hui dans les catalogues comme ayant \u00e9t\u00e9 obtenues par la Roseraie de l\u2019Ha\u00ff, on peut citer : Am\u00e9lie Gravereaux (1901), Daniel Lesueur (1909), Madame Ancelot (1901), Madame Ballu (1905), Madame Henri Gravereaux (1904), Madame Julien Potin (1912), Madame Laborie (1908), Madame Lucien Villeminot (1904), Madame Ren\u00e9 Gravereaux (1907), Madame Tiret (1907), Madame Fillot (1907), Rose \u00e0 parfum de l\u2019Ha\u00ff (1901), qui sont des hybrides du Rosa Rugosa. Puis : Madame Pierre Laffitte (1907), qui est un Bengale sarmenteux; Les Rosati et Madame Ruau, du groupe des X Pernetiana. Enfin Madame Poincar\u00e9, Hybride de Th\u00e9, qui a obtenu la m\u00e9daille d\u2019or de Bagatelle en 1915.<\/p>\n<p>La Ville de Paris doit \u00e0 M. Jules Gravereaux le don de la collection de Roses avec laquelle M. Forestier a constitu\u00e9 la Roseraie de Bagatelle, qui fait l\u2019admiration de ses visiteurs et o\u00f9 se tient, chaque ann\u00e9e, le concours international de roses nouvelles, institu\u00e9 sous les auspices du Conseil municipal.<\/p>\n<p>C\u2019est \u00e0 lui aussi qu\u2019est due la reconstitution presque totale, \u00e0 la Malmaison, de la collection de Roses qu\u2019y avait r\u00e9unie l\u2019imp\u00e9ratrice Jos\u00e9phine et qu\u2019illustra Redout\u00e9, le c\u00e9l\u00e8bre peintre de fleurs, Roses aujourd\u2019hui presque enti\u00e8rement disparues de nos jardins, o\u00f9 elles ont \u00e9t\u00e9 supplant\u00e9es par de nouvelles venues plus perfectionn\u00e9es, mais que, par un po\u00e9tique et d\u00e9licat sentiment, on a voulu faire revivre dans le milieu o\u00f9 elles furent entour\u00e9es de tant de gracieuse sollicitude. Cette collection comprenait 250 esp\u00e8ces dont 198 ont \u00e9t\u00e9 retrouv\u00e9es. M. Gravereaux en a donn\u00e9 la liste dans sa brochure : Les Roses de l\u2019imp\u00e9ratrice Jos\u00e9phine, publi\u00e9e en 1912 avec pr\u00e9face de M. Fr\u00e9d\u00e9ric Masson, de l\u2019Acad\u00e9mie fran\u00e7aise.<\/p>\n<p><a href=\"https:\/\/i0.wp.com\/marret.co\/wp-content\/uploads\/2016\/03\/1916-07-S.N.H.F-photo_wp.jpg\" rel=\"attachment wp-att-709\"><img data-recalc-dims=\"1\" loading=\"lazy\" decoding=\"async\" data-attachment-id=\"709\" data-permalink=\"https:\/\/lesgravereaux.marret.co\/index.php\/jules-gravereaux\/des-evenements-de-sa-vie\/biographie-de-jules-gravereaux-par-david-bois\/1916-07-s-n-h-f-photo_wp\/\" data-orig-file=\"https:\/\/i0.wp.com\/lesgravereaux.marret.co\/wp-content\/uploads\/2016\/03\/1916-07-S.N.H.F-photo_wp.jpg?fit=1313%2C1575&amp;ssl=1\" data-orig-size=\"1313,1575\" data-comments-opened=\"1\" data-image-meta=\"{&quot;aperture&quot;:&quot;0&quot;,&quot;credit&quot;:&quot;&quot;,&quot;camera&quot;:&quot;&quot;,&quot;caption&quot;:&quot;&quot;,&quot;created_timestamp&quot;:&quot;0&quot;,&quot;copyright&quot;:&quot;&quot;,&quot;focal_length&quot;:&quot;0&quot;,&quot;iso&quot;:&quot;0&quot;,&quot;shutter_speed&quot;:&quot;0&quot;,&quot;title&quot;:&quot;&quot;,&quot;orientation&quot;:&quot;1&quot;}\" data-image-title=\"1916-07 S.N.H.F &amp;#8211; photo_wp\" data-image-description=\"\" data-image-caption=\"\" data-medium-file=\"https:\/\/i0.wp.com\/lesgravereaux.marret.co\/wp-content\/uploads\/2016\/03\/1916-07-S.N.H.F-photo_wp.jpg?fit=250%2C300&amp;ssl=1\" data-large-file=\"https:\/\/i0.wp.com\/lesgravereaux.marret.co\/wp-content\/uploads\/2016\/03\/1916-07-S.N.H.F-photo_wp.jpg?fit=640%2C767&amp;ssl=1\" class=\"wp-image-709 alignright\" src=\"https:\/\/i0.wp.com\/marret.co\/wp-content\/uploads\/2016\/03\/1916-07-S.N.H.F-photo_wp-854x1024.jpg?resize=299%2C359\" alt=\"1916-07 S.N.H.F - photo_wp\" width=\"299\" height=\"359\" data-wp-pid=\"709\" srcset=\"https:\/\/i0.wp.com\/lesgravereaux.marret.co\/wp-content\/uploads\/2016\/03\/1916-07-S.N.H.F-photo_wp.jpg?resize=854%2C1024&amp;ssl=1 854w, https:\/\/i0.wp.com\/lesgravereaux.marret.co\/wp-content\/uploads\/2016\/03\/1916-07-S.N.H.F-photo_wp.jpg?resize=250%2C300&amp;ssl=1 250w, https:\/\/i0.wp.com\/lesgravereaux.marret.co\/wp-content\/uploads\/2016\/03\/1916-07-S.N.H.F-photo_wp.jpg?resize=768%2C921&amp;ssl=1 768w, https:\/\/i0.wp.com\/lesgravereaux.marret.co\/wp-content\/uploads\/2016\/03\/1916-07-S.N.H.F-photo_wp.jpg?resize=800%2C960&amp;ssl=1 800w, https:\/\/i0.wp.com\/lesgravereaux.marret.co\/wp-content\/uploads\/2016\/03\/1916-07-S.N.H.F-photo_wp.jpg?resize=500%2C600&amp;ssl=1 500w, https:\/\/i0.wp.com\/lesgravereaux.marret.co\/wp-content\/uploads\/2016\/03\/1916-07-S.N.H.F-photo_wp.jpg?w=1313&amp;ssl=1 1313w\" sizes=\"auto, (max-width: 299px) 100vw, 299px\" \/><\/a>M. Jules Gravereaux avait \u00e9t\u00e9 nomm\u00e9 membre de notre Soci\u00e9t\u00e9 en 1896. Il \u00e9tait pr\u00e9sident d\u2019honneur de la Section des Roses depuis l\u2019ann\u00e9e 1907 et prenait une part active \u00e0 ses travaux.<\/p>\n<p>En mai 1910, il fit figurer \u00e0 l\u2019Exposition internationale d\u2019Horticulture, au Cours-la-Reine, une exposition r\u00e9trospective de la Rose montrant la filiation des principales vari\u00e9t\u00e9s horticoles avec les esp\u00e8ces botaniques ancestrales, le\u00e7on de choses des plus instructives, qui eut un grand succ\u00e8s et dont le souvenir sera conserv\u00e9 par le compte rendu ins\u00e9r\u00e9 dans le Journal de notre Soci\u00e9t\u00e9, ann\u00e9e 1910, p. 468, et par la brochure : Exposition r\u00e9trospective de la Rose, publi\u00e9e \u00e0 cette occasion.<\/p>\n<p>M. Jules Gravereaux participa aussi, de mani\u00e8re importante, \u00e0 la publication de l\u2019ouvrage Les plus belles Roses au d\u00e9but du XXe si\u00e8cle que fit para\u00eetre notre Soci\u00e9t\u00e9, en 1912.<\/p>\n<p>On peut dire que la Roseraie de l\u2019Ha\u00ff a donn\u00e9 une impulsion nouvelle \u00e0 l&rsquo;utilisation de la Rose dans les jardins. Largement ouverte au public, elle a \u00e9t\u00e9 un exemple \u00e0 suivre et qui a \u00e9t\u00e9 suivi au grand profit de l\u2019Horticulture. On trouvera, dans le Journal de notre Soci\u00e9t\u00e9, ann\u00e9es 1903, pp. 654 et 656 et 1915, p. 24, des comptes rendus de visites qu&rsquo;y ont faites nos coll\u00e8gues et dans lesquels est exprim\u00e9e leur admiration pour cette \u0153uvre de beaut\u00e9.<\/p>\n<p>M. Jules Gravereaux stimula, \u00e0 diverses reprises, l&rsquo;action de notre Soci\u00e9t\u00e9. Il fonda, en 1912, le Prix de la Roseraie de l\u2019Ha\u00ff (objet d&rsquo;art) destin\u00e9 \u00e0 r\u00e9compenser l&rsquo;obtenteur de la plus belle Rose non encore en commerce; puis, en-1913, un prix sp\u00e9cial, pour l\u2019auteur de la plus belle pr\u00e9sentation de Rosiers sarmenteux cultiv\u00e9s en pots.<\/p>\n<p>Enfin, peu de temps avant sa mort, alors que notre Soci\u00e9t\u00e9 pr\u00e9parait l&rsquo;Exposition de juin 1916 au profit des \u0153uvres de guerre, il offrait \u00e0 titre gracieux, au Comit\u00e9 organisateur, de nombreux flacons d&rsquo;eau de Roses dont la vente a grossi sensiblement la somme r\u00e9alis\u00e9e en faveur de ceux qui souffrent pour le salut de la Patrie.<\/p>\n<p>Le souvenir de M. Jules Gravereaux vivra dans notre Soci\u00e9t\u00e9. Souhaitons que d\u2019autres initiatives g\u00e9n\u00e9reuses s\u2019exercent encore pour le bien et le bon renom de la France.<\/p>\n","protected":false},"excerpt":{"rendered":"<p>Extrait du Journal de la Soci\u00e9t\u00e9 d\u2019horticulture de France (Cahier de juillet 1916) NOTICE BIOGRAPHIQUE SUR M. JULES GRAVEREAUX par M. D. Bois M. Jules Gravereaux est d\u00e9c\u00e9d\u00e9 \u00e0 Paris le 25 mars dernier, dans sa soixante-douzi\u00e8me ann\u00e9e. Il \u00e9tait &hellip; <a href=\"https:\/\/lesgravereaux.marret.co\/index.php\/jules-gravereaux\/des-evenements-de-sa-vie\/biographie-de-jules-gravereaux-par-david-bois\/\">Continuer la lecture <span class=\"meta-nav\">&rarr;<\/span><\/a><\/p>\n","protected":false},"author":1,"featured_media":0,"parent":801,"menu_order":0,"comment_status":"closed","ping_status":"closed","template":"","meta":{"ngg_post_thumbnail":0,"jetpack_post_was_ever_published":false,"footnotes":""},"class_list":["post-706","page","type-page","status-publish","hentry"],"jetpack_sharing_enabled":true,"jetpack_shortlink":"https:\/\/wp.me\/P7ERyi-bo","jetpack-related-posts":[{"id":1270,"url":"https:\/\/lesgravereaux.marret.co\/index.php\/jules-gravereaux\/portraits-de-jules-gravereaux\/a-la-une\/","url_meta":{"origin":706,"position":0},"title":"Jules Gravereaux \u00e0 la une","author":"marretgravereaux","date":"19 mars 2016","format":false,"excerpt":"Dans son\u00a0num\u00e9ro du 1er\u00a0juin 1907, la revue La Vie \u00e0 la Campagne affiche un portrait de Jules Gravereaux, \u00e0 la une de sa section informative\u2026 Elle le pr\u00e9sente dans son bas de vignette. JULES GRAVEREAUX. Chevalier de la L\u00e9gion d'Honneur, Officier du M\u00e9rite Agricole, propri\u00e9taire de la Roseraie de l'Hay\u2026","rel":"","context":"Article similaire","block_context":{"text":"Article similaire","link":""},"img":{"alt_text":"1907-06-01 La vie a la campagne a_wp","src":"https:\/\/i0.wp.com\/marret.co\/wp-content\/uploads\/2016\/03\/1907-06-01-La-vie-a-la-campagne-a_wp-726x1024.jpg?resize=350%2C200","width":350,"height":200},"classes":[]},{"id":3720,"url":"https:\/\/lesgravereaux.marret.co\/index.php\/jules-gravereaux\/jules-gravereaux-honneurs-et-medailles\/","url_meta":{"origin":706,"position":1},"title":"Jules Gravereaux &#8211; Honneurs et m\u00e9dailles","author":"marretgravereaux","date":"19 juin 2016","format":false,"excerpt":"Jules Gravereaux a acquis la propri\u00e9t\u00e9 de L\u2019Ha\u00ff en 1892 et il commen\u00e7a \u00e0 y installer une collection de roses vers 1894. Mais ce n\u2019est qu\u2019en 1899 qu\u2019\u00c9douard Andr\u00e9, architecte-paysager reconnu cr\u00e9a la premi\u00e8re roseraie. Celle-ci acquit tr\u00e8s rapidement une notori\u00e9t\u00e9 internationale, la publication de l\u2019inventaire des collections et l\u2019article\u2026","rel":"","context":"Article similaire","block_context":{"text":"Article similaire","link":""},"img":{"alt_text":"Jules Gravereaux - OG053c","src":"https:\/\/i0.wp.com\/lesgravereaux.marret.co\/wp-content\/uploads\/2015\/10\/Jules-Gravereaux-OG053c-e1466353135600-649x1024.jpg?resize=350%2C200","width":350,"height":200},"classes":[]},{"id":3745,"url":"https:\/\/lesgravereaux.marret.co\/index.php\/jules-gravereaux\/jules-gravereaux-honneurs-et-medailles\/jules-gravereaux-nomme-a-lordre-de-la-legion-dhonneur\/","url_meta":{"origin":706,"position":2},"title":"Jules Gravereaux nomm\u00e9 \u00e0 l&rsquo;Ordre de la L\u00e9gion d&rsquo;honneur","author":"marretgravereaux","date":"20 juin 2016","format":false,"excerpt":"Chevalier de la L\u00e9gion d\u2019honneur Par d\u00e9crets du Pr\u00e9sident de la R\u00e9publique en date du 3 juin 1902, rendus sur la proposition du ministre de l'Agriculture, apr\u00e8s d\u00e9claration du Conseil de l'ordre national de la L\u00e9gion d'honneur, en date du 2 juin 1902, portant que les nominations qui font l'objet\u2026","rel":"","context":"Article similaire","block_context":{"text":"Article similaire","link":""},"img":{"alt_text":"L\u00e9gion d'honneur - Chevalier (m\u00e9daille)_wp","src":"https:\/\/i0.wp.com\/lesgravereaux.marret.co\/wp-content\/uploads\/2016\/06\/L%C3%A9gion-dhonneur-Chevalier-m%C3%A9daille_wp.jpg?resize=350%2C200","width":350,"height":200},"classes":[]},{"id":688,"url":"https:\/\/lesgravereaux.marret.co\/index.php\/jules-gravereaux\/des-evenements-de-sa-vie\/jules-gravereaux-son-deces\/le-deces-de-jules-gravereaux\/","url_meta":{"origin":706,"position":3},"title":"Le d\u00e9c\u00e8s de Jules Gravereaux &#8211; dans la presse fran\u00e7aise","author":"marretgravereaux","date":"8 mars 2016","format":false,"excerpt":"Jules Gravereaux est d\u00e9c\u00e9d\u00e9 le 23 mars 1916, \u00e0 son domicile du 4, avenue de Villars.\u00a0Ses obs\u00e8ques eurent lieu deux jours plus tard, en l'\u00e9glise Saint-Fran\u00e7ois-Xavier. \u00a0 \u00a0 Dans les journaux, plusieurs hommages lui furent rendus... Avant-hier ont \u00e9t\u00e9, c\u00e9l\u00e9br\u00e9es, \u00e0 midi, en l'\u00e9glise Saint-Fran\u00e7ois-Xavier, en pr\u00e9sence d'une assistance nombreuse,\u2026","rel":"","context":"Article similaire","block_context":{"text":"Article similaire","link":""},"img":{"alt_text":"1916-03-25 Gravereaux, Jules - Enterrement - JLM0348_wp","src":"https:\/\/i0.wp.com\/marret.co\/wp-content\/uploads\/2016\/03\/1916-03-25-Gravereaux-Jules-Enterrement-JLM0348_wp-1024x708.jpg?resize=350%2C200","width":350,"height":200},"classes":[]},{"id":571,"url":"https:\/\/lesgravereaux.marret.co\/index.php\/571-2\/","url_meta":{"origin":706,"position":4},"title":"Les f\u00eates \u00e0 L&rsquo;Ha\u00ff","author":"marretgravereaux","date":"7 mars 2016","format":false,"excerpt":"Jules Gravereaux aimait recevoir, non seulement sa famille, mais aussi les membres de nombreuses associations auxquelles il ouvrit la porte du domaine de L'Ha\u00ff, pour une simple visite de la roseraie ou pour un spectacle au th\u00e9\u00e2tre de\u00a0verdure. Bien qu'incomplet, le calendrier ci-apr\u00e8s donne une id\u00e9e de ces r\u00e9ceptions qui\u2026","rel":"","context":"Article similaire","block_context":{"text":"Article similaire","link":""},"img":{"alt_text":"","src":"https:\/\/i0.wp.com\/lesgravereaux.marret.co\/wp-content\/uploads\/2016\/04\/LHay-Visite-de-la-roseraie-47-J-843_wp-1024x759.jpg?resize=350%2C200","width":350,"height":200,"srcset":"https:\/\/i0.wp.com\/lesgravereaux.marret.co\/wp-content\/uploads\/2016\/04\/LHay-Visite-de-la-roseraie-47-J-843_wp-1024x759.jpg?resize=350%2C200 1x, https:\/\/i0.wp.com\/lesgravereaux.marret.co\/wp-content\/uploads\/2016\/04\/LHay-Visite-de-la-roseraie-47-J-843_wp-1024x759.jpg?resize=525%2C300 1.5x"},"classes":[]},{"id":5176,"url":"https:\/\/lesgravereaux.marret.co\/index.php\/jules-gravereaux\/des-evenements-de-sa-vie\/biographie-de-jules-gravereaux-par-les-amis-des-roses\/","url_meta":{"origin":706,"position":5},"title":"Biographie de Jules Gravereaux (par Les Amis des Roses)","author":"marretgravereaux","date":"13 f\u00e9vrier 2017","format":false,"excerpt":"Au moment o\u00f9 nous le pressentions le moins, alors que nous supposions notre Pr\u00e9sident d'honneur encore dans toute la force de sa robuste vieillesse, une fatale nouvelle nous parvint : M.\u00a0Jules Gravereaux \u00e9tait d\u00e9c\u00e9d\u00e9 le 23 mars en sein H\u00f4tel de l'avenue de Villars. Ce malheur nous fut connu trop\u2026","rel":"","context":"Article similaire","block_context":{"text":"Article similaire","link":""},"img":{"alt_text":"","src":"https:\/\/i0.wp.com\/lesgravereaux.marret.co\/wp-content\/uploads\/2017\/02\/1916-03-Les-amis-des-roses-LIII-p29_wp-667x1024.jpg?resize=350%2C200","width":350,"height":200},"classes":[]}],"_links":{"self":[{"href":"https:\/\/lesgravereaux.marret.co\/index.php\/wp-json\/wp\/v2\/pages\/706","targetHints":{"allow":["GET"]}}],"collection":[{"href":"https:\/\/lesgravereaux.marret.co\/index.php\/wp-json\/wp\/v2\/pages"}],"about":[{"href":"https:\/\/lesgravereaux.marret.co\/index.php\/wp-json\/wp\/v2\/types\/page"}],"author":[{"embeddable":true,"href":"https:\/\/lesgravereaux.marret.co\/index.php\/wp-json\/wp\/v2\/users\/1"}],"replies":[{"embeddable":true,"href":"https:\/\/lesgravereaux.marret.co\/index.php\/wp-json\/wp\/v2\/comments?post=706"}],"version-history":[{"count":1,"href":"https:\/\/lesgravereaux.marret.co\/index.php\/wp-json\/wp\/v2\/pages\/706\/revisions"}],"predecessor-version":[{"id":23123,"href":"https:\/\/lesgravereaux.marret.co\/index.php\/wp-json\/wp\/v2\/pages\/706\/revisions\/23123"}],"up":[{"embeddable":true,"href":"https:\/\/lesgravereaux.marret.co\/index.php\/wp-json\/wp\/v2\/pages\/801"}],"wp:attachment":[{"href":"https:\/\/lesgravereaux.marret.co\/index.php\/wp-json\/wp\/v2\/media?parent=706"}],"curies":[{"name":"wp","href":"https:\/\/api.w.org\/{rel}","templated":true}]}}