{"id":612,"date":"2016-03-07T13:11:18","date_gmt":"2016-03-07T12:11:18","guid":{"rendered":"http:\/\/marret.co\/?page_id=612"},"modified":"2018-01-29T19:09:26","modified_gmt":"2018-01-29T18:09:26","slug":"chronique-parisienne-les-gravereaux","status":"publish","type":"page","link":"https:\/\/lesgravereaux.marret.co\/index.php\/la-famille-gravereaux\/chronique-parisienne-les-gravereaux\/","title":{"rendered":"Chronique parisienne : Les Gravereaux"},"content":{"rendered":"<p>&nbsp;<\/p>\n<p><a href=\"https:\/\/i0.wp.com\/marret.co\/wp-content\/uploads\/2015\/10\/19xx-La-Chronique-parisienne-Gravereaux-2a.jpg\" rel=\"attachment wp-att-28\"><img data-recalc-dims=\"1\" loading=\"lazy\" decoding=\"async\" data-attachment-id=\"28\" data-permalink=\"https:\/\/lesgravereaux.marret.co\/19xx-la-chronique-parisienne-gravereaux-2a\/\" data-orig-file=\"https:\/\/i0.wp.com\/lesgravereaux.marret.co\/wp-content\/uploads\/2015\/10\/19xx-La-Chronique-parisienne-Gravereaux-2a.jpg?fit=1298%2C1654&amp;ssl=1\" data-orig-size=\"1298,1654\" data-comments-opened=\"1\" data-image-meta=\"{&quot;aperture&quot;:&quot;0&quot;,&quot;credit&quot;:&quot;&quot;,&quot;camera&quot;:&quot;&quot;,&quot;caption&quot;:&quot;&quot;,&quot;created_timestamp&quot;:&quot;0&quot;,&quot;copyright&quot;:&quot;&quot;,&quot;focal_length&quot;:&quot;0&quot;,&quot;iso&quot;:&quot;0&quot;,&quot;shutter_speed&quot;:&quot;0&quot;,&quot;title&quot;:&quot;&quot;,&quot;orientation&quot;:&quot;1&quot;}\" data-image-title=\"19xx La Chronique parisienne &amp;#8211; Gravereaux 2a\" data-image-description=\"\" data-image-caption=\"\" data-medium-file=\"https:\/\/i0.wp.com\/lesgravereaux.marret.co\/wp-content\/uploads\/2015\/10\/19xx-La-Chronique-parisienne-Gravereaux-2a.jpg?fit=235%2C300&amp;ssl=1\" data-large-file=\"https:\/\/i0.wp.com\/lesgravereaux.marret.co\/wp-content\/uploads\/2015\/10\/19xx-La-Chronique-parisienne-Gravereaux-2a.jpg?fit=640%2C815&amp;ssl=1\" width=\"299\" height=\"381\" class=\"wp-image-28 alignleft\" alt=\"19xx La Chronique parisienne - Gravereaux 2a\" src=\"https:\/\/i0.wp.com\/marret.co\/wp-content\/uploads\/2015\/10\/19xx-La-Chronique-parisienne-Gravereaux-2a-804x1024.jpg?resize=299%2C381\" data-wp-pid=\"28\" srcset=\"https:\/\/i0.wp.com\/lesgravereaux.marret.co\/wp-content\/uploads\/2015\/10\/19xx-La-Chronique-parisienne-Gravereaux-2a.jpg?resize=804%2C1024&amp;ssl=1 804w, https:\/\/i0.wp.com\/lesgravereaux.marret.co\/wp-content\/uploads\/2015\/10\/19xx-La-Chronique-parisienne-Gravereaux-2a.jpg?resize=235%2C300&amp;ssl=1 235w, https:\/\/i0.wp.com\/lesgravereaux.marret.co\/wp-content\/uploads\/2015\/10\/19xx-La-Chronique-parisienne-Gravereaux-2a.jpg?resize=471%2C600&amp;ssl=1 471w, https:\/\/i0.wp.com\/lesgravereaux.marret.co\/wp-content\/uploads\/2015\/10\/19xx-La-Chronique-parisienne-Gravereaux-2a.jpg?resize=800%2C1019&amp;ssl=1 800w, https:\/\/i0.wp.com\/lesgravereaux.marret.co\/wp-content\/uploads\/2015\/10\/19xx-La-Chronique-parisienne-Gravereaux-2a.jpg?w=1298&amp;ssl=1 1298w\" sizes=\"auto, (max-width: 299px) 100vw, 299px\" \/><\/a><\/p>\n<p>&nbsp;<\/p>\n<p>Un suppl\u00e9ment artistique de <em>La Chronique parisienne<\/em> pr\u00e9sente une photo de plusieurs enfants Gravereaux alors qu&rsquo;ils jouent \u00e0 Colin-Maillard, devant la <em>Maison normande<\/em>, dans la propri\u00e9t\u00e9 de L&rsquo;Ha\u00ff. Saurez-vous les identifier? Si tel est le cas, <a href=\"https:\/\/lesgravereaux.marret.co\/index.php\/contact-edimestre\/\" target=\"_blank\" rel=\"noopener\">communiquez avec le responsable du site<\/a>.<\/p>\n","protected":false},"excerpt":{"rendered":"<p>&nbsp; &nbsp; Un suppl\u00e9ment artistique de La Chronique parisienne pr\u00e9sente une photo de plusieurs enfants Gravereaux alors qu&rsquo;ils jouent \u00e0 Colin-Maillard, devant la Maison normande, dans la propri\u00e9t\u00e9 de L&rsquo;Ha\u00ff. Saurez-vous les identifier? Si tel est le cas, communiquez avec &hellip; <a href=\"https:\/\/lesgravereaux.marret.co\/index.php\/la-famille-gravereaux\/chronique-parisienne-les-gravereaux\/\">Continuer la lecture <span class=\"meta-nav\">&rarr;<\/span><\/a><\/p>\n","protected":false},"author":1,"featured_media":0,"parent":645,"menu_order":0,"comment_status":"closed","ping_status":"closed","template":"","meta":{"ngg_post_thumbnail":0,"jetpack_post_was_ever_published":false,"footnotes":""},"class_list":["post-612","page","type-page","status-publish","hentry"],"jetpack_sharing_enabled":true,"jetpack_shortlink":"https:\/\/wp.me\/P7ERyi-9S","jetpack-related-posts":[{"id":5938,"url":"https:\/\/lesgravereaux.marret.co\/index.php\/la-famille-gravereaux\/gerard-gravereaux\/henry-gerard-gravereaux-sexpose\/1951-henry-gerard-a-cannes\/","url_meta":{"origin":612,"position":0},"title":"1951 &#8211; Henry-G\u00e9rard expose \u00e0 Cannes","author":"marretgravereaux","date":"24 d\u00e9cembre 2018","format":false,"excerpt":"Galerie Martin-Gruson, Cannes. 28\u00a0mars \u2013 11\u00a0avril 1951. Un extrait de la Critique parisienne\u00a0: L'un des m\u00e9rites d'Henry-G\u00e9rard est d'avoir voulu travailler en solitaire, loin de Paris, sans montrer \u00e0 personne le r\u00e9sultat de ses recherches. Aussi l'\u0153uvre qu'il expose est-elle proprement surprenante... Elle accuse encore et surtout un style, celui\u2026","rel":"","context":"Article similaire","block_context":{"text":"Article similaire","link":""},"img":{"alt_text":"","src":"https:\/\/i0.wp.com\/lesgravereaux.marret.co\/wp-content\/uploads\/2018\/12\/1951-03-28-Exposition-Henry-G%C3%A9rard-Vernissage-1_wp.jpg?resize=350%2C200&ssl=1","width":350,"height":200,"srcset":"https:\/\/i0.wp.com\/lesgravereaux.marret.co\/wp-content\/uploads\/2018\/12\/1951-03-28-Exposition-Henry-G%C3%A9rard-Vernissage-1_wp.jpg?resize=350%2C200&ssl=1 1x, https:\/\/i0.wp.com\/lesgravereaux.marret.co\/wp-content\/uploads\/2018\/12\/1951-03-28-Exposition-Henry-G%C3%A9rard-Vernissage-1_wp.jpg?resize=525%2C300&ssl=1 1.5x, https:\/\/i0.wp.com\/lesgravereaux.marret.co\/wp-content\/uploads\/2018\/12\/1951-03-28-Exposition-Henry-G%C3%A9rard-Vernissage-1_wp.jpg?resize=700%2C400&ssl=1 2x"},"classes":[]},{"id":5981,"url":"https:\/\/lesgravereaux.marret.co\/index.php\/la-famille-gravereaux\/hubert-gravereaux\/","url_meta":{"origin":612,"position":1},"title":"Hubert Gravereaux, homme de lettres","author":"marretgravereaux","date":"9 janvier 2019","format":false,"excerpt":"Jean-Ren\u00e9 Victor Joseph \"Hubert\" Gravereaux na\u00eet le 4 f\u00e9vrier 1920 \u00e0 Paris. Sans pr\u00e9occupation financi\u00e8re, il consacre sa vie \u00e0 la po\u00e9sie, et, tout particuli\u00e8rement, aux roses, comme l\u2019indique la pr\u00e9sentation qui en est faite dans sa publication, \u00c0 l'heure de l'amour et des roses. Source du dessin : La\u2026","rel":"","context":"Article similaire","block_context":{"text":"Article similaire","link":""},"img":{"alt_text":"","src":"https:\/\/i0.wp.com\/lesgravereaux.marret.co\/wp-content\/uploads\/2019\/01\/1954-Gravereaux-Hubert-La-f%C3%AAte-chez-les-roses-p06a_wp.jpg?resize=350%2C200&ssl=1","width":350,"height":200,"srcset":"https:\/\/i0.wp.com\/lesgravereaux.marret.co\/wp-content\/uploads\/2019\/01\/1954-Gravereaux-Hubert-La-f%C3%AAte-chez-les-roses-p06a_wp.jpg?resize=350%2C200&ssl=1 1x, https:\/\/i0.wp.com\/lesgravereaux.marret.co\/wp-content\/uploads\/2019\/01\/1954-Gravereaux-Hubert-La-f%C3%AAte-chez-les-roses-p06a_wp.jpg?resize=525%2C300&ssl=1 1.5x"},"classes":[]},{"id":2832,"url":"https:\/\/lesgravereaux.marret.co\/index.php\/les-etablissements-gravereaux\/argenton-la-sogec\/","url_meta":{"origin":612,"position":2},"title":"Argenton &#8211; La SOGEC","author":"marretgravereaux","date":"20 mai 2016","format":false,"excerpt":"ou les \u00c9tablissements Gravereaux dans la Creuse Les \u00c9tablissements Gravereaux faisaient affaire, d\u00e8s 1930, avec un fa\u00e7onnier, propri\u00e9taire de deux ateliers, \u00e0 Argenton et \u00e0 Levroux. En 1940, pr\u00e9voyant l\u2019arriv\u00e9e des Allemands en r\u00e9gion parisienne, Ren\u00e9 Gravereaux d\u00e9cide de transf\u00e9rer les produits finis et les tissus de l\u2019usine de Boulogne-sur-Seine\u2026","rel":"","context":"Article similaire","block_context":{"text":"Article similaire","link":""},"img":{"alt_text":"","src":"https:\/\/i0.wp.com\/lesgravereaux.marret.co\/wp-content\/uploads\/2017\/06\/Argenton-et-la-Creuse-01.jpg?resize=350%2C200","width":350,"height":200},"classes":[]},{"id":3745,"url":"https:\/\/lesgravereaux.marret.co\/index.php\/jules-gravereaux\/jules-gravereaux-honneurs-et-medailles\/jules-gravereaux-nomme-a-lordre-de-la-legion-dhonneur\/","url_meta":{"origin":612,"position":3},"title":"Jules Gravereaux nomm\u00e9 \u00e0 l&rsquo;Ordre de la L\u00e9gion d&rsquo;honneur","author":"marretgravereaux","date":"20 juin 2016","format":false,"excerpt":"Chevalier de la L\u00e9gion d\u2019honneur Par d\u00e9crets du Pr\u00e9sident de la R\u00e9publique en date du 3 juin 1902, rendus sur la proposition du ministre de l'Agriculture, apr\u00e8s d\u00e9claration du Conseil de l'ordre national de la L\u00e9gion d'honneur, en date du 2 juin 1902, portant que les nominations qui font l'objet\u2026","rel":"","context":"Article similaire","block_context":{"text":"Article similaire","link":""},"img":{"alt_text":"L\u00e9gion d'honneur - Chevalier (m\u00e9daille)_wp","src":"https:\/\/i0.wp.com\/lesgravereaux.marret.co\/wp-content\/uploads\/2016\/06\/L%C3%A9gion-dhonneur-Chevalier-m%C3%A9daille_wp.jpg?resize=350%2C200","width":350,"height":200},"classes":[]},{"id":2957,"url":"https:\/\/lesgravereaux.marret.co\/index.php\/571-2\/3-juin-1994-cousinade-gravereaux\/","url_meta":{"origin":612,"position":4},"title":"3 juin 1994 &#8211; Cousinade Gravereaux","author":"marretgravereaux","date":"22 mai 2016","format":false,"excerpt":"Ils \u00e9taient presque tous l\u00e0, les descendants du cr\u00e9ateur de la roseraie de L\u2019Ha\u00ff, des\u00a0arri\u00e8res petits-enfants avec leurs conjoints et leurs propres enfants\u2026 et ils entouraient les petits-enfants de Jules Gravereaux encore vivants\u00a0: H\u00e9l\u00e8ne Ballu, Marie-Th\u00e9r\u00e8se Ballu, Bernard Gravereaux, Jacqueline Gravereaux (Fanet), Jean-Ren\u00e9 Gravereaux, Nicole Gravereaux (Drouet) et Suzanne Gravereaux\u2026","rel":"","context":"Article similaire","block_context":{"text":"Article similaire","link":""},"img":{"alt_text":"1994-06-03 Cousinade Gravereaux (JLM0525v2)","src":"https:\/\/i0.wp.com\/lesgravereaux.marret.co\/wp-content\/uploads\/2016\/05\/1994-06-03-Cousinade-Gravereaux-JLM0525v2-1024x766.jpg?resize=350%2C200","width":350,"height":200,"srcset":"https:\/\/i0.wp.com\/lesgravereaux.marret.co\/wp-content\/uploads\/2016\/05\/1994-06-03-Cousinade-Gravereaux-JLM0525v2-1024x766.jpg?resize=350%2C200 1x, https:\/\/i0.wp.com\/lesgravereaux.marret.co\/wp-content\/uploads\/2016\/05\/1994-06-03-Cousinade-Gravereaux-JLM0525v2-1024x766.jpg?resize=525%2C300 1.5x"},"classes":[]},{"id":5067,"url":"https:\/\/lesgravereaux.marret.co\/index.php\/jules-gravereaux\/des-evenements-de-sa-vie\/jules-gravereaux-son-mariage\/louise-thuillier\/","url_meta":{"origin":612,"position":5},"title":"Louise Thuillier","author":"marretgravereaux","date":"20 avril 2017","format":false,"excerpt":"Fille d\u2019Alexis Eug\u00e8ne Thuillier (1816-1893) et de H\u00e9lo\u00efse Philiberte Gautier (1825-1893), Louise Victoire Thuillier na\u00eet \u00e0 Paris (5e arrondissement) le 8 mars 1859. Elle d\u00e9veloppe tr\u00e8s jeune ses talents artistiques et se fait remarquer alors qu\u2019elle n\u2019a pas 18\u00a0ans. Dans sa petite chronique du 28\u00a0juillet\u00a01877, Le Monde artiste \u00e9crit\u00a0: \u00ab\u00a0Le\u2026","rel":"","context":"Article similaire","block_context":{"text":"Article similaire","link":""},"img":{"alt_text":"","src":"https:\/\/i0.wp.com\/lesgravereaux.marret.co\/wp-content\/uploads\/2016\/10\/Thuillier-Louise-2a_wp-769x1024.jpg?resize=350%2C200","width":350,"height":200},"classes":[]}],"_links":{"self":[{"href":"https:\/\/lesgravereaux.marret.co\/index.php\/wp-json\/wp\/v2\/pages\/612","targetHints":{"allow":["GET"]}}],"collection":[{"href":"https:\/\/lesgravereaux.marret.co\/index.php\/wp-json\/wp\/v2\/pages"}],"about":[{"href":"https:\/\/lesgravereaux.marret.co\/index.php\/wp-json\/wp\/v2\/types\/page"}],"author":[{"embeddable":true,"href":"https:\/\/lesgravereaux.marret.co\/index.php\/wp-json\/wp\/v2\/users\/1"}],"replies":[{"embeddable":true,"href":"https:\/\/lesgravereaux.marret.co\/index.php\/wp-json\/wp\/v2\/comments?post=612"}],"version-history":[{"count":0,"href":"https:\/\/lesgravereaux.marret.co\/index.php\/wp-json\/wp\/v2\/pages\/612\/revisions"}],"up":[{"embeddable":true,"href":"https:\/\/lesgravereaux.marret.co\/index.php\/wp-json\/wp\/v2\/pages\/645"}],"wp:attachment":[{"href":"https:\/\/lesgravereaux.marret.co\/index.php\/wp-json\/wp\/v2\/media?parent=612"}],"curies":[{"name":"wp","href":"https:\/\/api.w.org\/{rel}","templated":true}]}}

<p>&nbsp;</p>
<p><a href="https://i0.wp.com/marret.co/wp-content/uploads/2015/10/19xx-La-Chronique-parisienne-Gravereaux-2a.jpg" rel="attachment wp-att-28"><img data-recalc-dims="1" loading="lazy" decoding="async" data-attachment-id="28" data-permalink="https://lesgravereaux.marret.co/19xx-la-chronique-parisienne-gravereaux-2a/" data-orig-file="https://i0.wp.com/lesgravereaux.marret.co/wp-content/uploads/2015/10/19xx-La-Chronique-parisienne-Gravereaux-2a.jpg?fit=1298%2C1654&amp;ssl=1" data-orig-size="1298,1654" data-comments-opened="1" data-image-meta="{&quot;aperture&quot;:&quot;0&quot;,&quot;credit&quot;:&quot;&quot;,&quot;camera&quot;:&quot;&quot;,&quot;caption&quot;:&quot;&quot;,&quot;created_timestamp&quot;:&quot;0&quot;,&quot;copyright&quot;:&quot;&quot;,&quot;focal_length&quot;:&quot;0&quot;,&quot;iso&quot;:&quot;0&quot;,&quot;shutter_speed&quot;:&quot;0&quot;,&quot;title&quot;:&quot;&quot;,&quot;orientation&quot;:&quot;1&quot;}" data-image-title="19xx La Chronique parisienne &amp;#8211; Gravereaux 2a" data-image-description="" data-image-caption="" data-medium-file="https://i0.wp.com/lesgravereaux.marret.co/wp-content/uploads/2015/10/19xx-La-Chronique-parisienne-Gravereaux-2a.jpg?fit=235%2C300&amp;ssl=1" data-large-file="https://i0.wp.com/lesgravereaux.marret.co/wp-content/uploads/2015/10/19xx-La-Chronique-parisienne-Gravereaux-2a.jpg?fit=640%2C815&amp;ssl=1" width="299" height="381" class="wp-image-28 alignleft" alt="19xx La Chronique parisienne - Gravereaux 2a" src="https://i0.wp.com/marret.co/wp-content/uploads/2015/10/19xx-La-Chronique-parisienne-Gravereaux-2a-804x1024.jpg?resize=299%2C381" data-wp-pid="28" srcset="https://i0.wp.com/lesgravereaux.marret.co/wp-content/uploads/2015/10/19xx-La-Chronique-parisienne-Gravereaux-2a.jpg?resize=804%2C1024&amp;ssl=1 804w, https://i0.wp.com/lesgravereaux.marret.co/wp-content/uploads/2015/10/19xx-La-Chronique-parisienne-Gravereaux-2a.jpg?resize=235%2C300&amp;ssl=1 235w, https://i0.wp.com/lesgravereaux.marret.co/wp-content/uploads/2015/10/19xx-La-Chronique-parisienne-Gravereaux-2a.jpg?resize=471%2C600&amp;ssl=1 471w, https://i0.wp.com/lesgravereaux.marret.co/wp-content/uploads/2015/10/19xx-La-Chronique-parisienne-Gravereaux-2a.jpg?resize=800%2C1019&amp;ssl=1 800w, https://i0.wp.com/lesgravereaux.marret.co/wp-content/uploads/2015/10/19xx-La-Chronique-parisienne-Gravereaux-2a.jpg?w=1298&amp;ssl=1 1298w" sizes="auto, (max-width: 299px) 100vw, 299px" /></a></p>
<p>&nbsp;</p>
<p>Un supplément artistique de <em>La Chronique parisienne</em> présente une photo de plusieurs enfants Gravereaux alors qu&rsquo;ils jouent à Colin-Maillard, devant la <em>Maison normande</em>, dans la propriété de L&rsquo;Haÿ. Saurez-vous les identifier? Si tel est le cas, <a href="https://lesgravereaux.marret.co/index.php/contact-edimestre/" target="_blank" rel="noopener">communiquez avec le responsable du site</a>.</p>

<p>&nbsp; &nbsp; Un supplément artistique de La Chronique parisienne présente une photo de plusieurs enfants Gravereaux alors qu&rsquo;ils jouent à Colin-Maillard, devant la Maison normande, dans la propriété de L&rsquo;Haÿ. Saurez-vous les identifier? Si tel est le cas, communiquez avec &hellip; <a href="https://lesgravereaux.marret.co/index.php/la-famille-gravereaux/chronique-parisienne-les-gravereaux/">Continuer la lecture <span class="meta-nav">&rarr;</span></a></p>

1951 &#8211; Henry-Gérard expose à Cannes

24 décembre 2018

Galerie Martin-Gruson, Cannes. 28 mars – 11 avril 1951. Un extrait de la Critique parisienne : L'un des mérites d'Henry-Gérard est d'avoir voulu travailler en solitaire, loin de Paris, sans montrer à personne le résultat de ses recherches. Aussi l'œuvre qu'il expose est-elle proprement surprenante... Elle accuse encore et surtout un style, celui…

Jean-René Victor Joseph "Hubert" Gravereaux naît le 4 février 1920 à Paris. Sans préoccupation financière, il consacre sa vie à la poésie, et, tout particulièrement, aux roses, comme l’indique la présentation qui en est faite dans sa publication, À l'heure de l'amour et des roses. Source du dessin : La…

ou les Établissements Gravereaux dans la Creuse Les Établissements Gravereaux faisaient affaire, dès 1930, avec un façonnier, propriétaire de deux ateliers, à Argenton et à Levroux. En 1940, prévoyant l’arrivée des Allemands en région parisienne, René Gravereaux décide de transférer les produits finis et les tissus de l’usine de Boulogne-sur-Seine…

Jules Gravereaux nommé à l&rsquo;Ordre de la Légion d&rsquo;honneur

Chevalier de la Légion d’honneur Par décrets du Président de la République en date du 3 juin 1902, rendus sur la proposition du ministre de l'Agriculture, après déclaration du Conseil de l'ordre national de la Légion d'honneur, en date du 2 juin 1902, portant que les nominations qui font l'objet…

Légion d'honneur - Chevalier (médaille)_wp

Ils étaient presque tous là, les descendants du créateur de la roseraie de L’Haÿ, des arrières petits-enfants avec leurs conjoints et leurs propres enfants… et ils entouraient les petits-enfants de Jules Gravereaux encore vivants : Hélène Ballu, Marie-Thérèse Ballu, Bernard Gravereaux, Jacqueline Gravereaux (Fanet), Jean-René Gravereaux, Nicole Gravereaux (Drouet) et Suzanne Gravereaux…

Fille d’Alexis Eugène Thuillier (1816-1893) et de Héloïse Philiberte Gautier (1825-1893), Louise Victoire Thuillier naît à Paris (5e arrondissement) le 8 mars 1859. Elle développe très jeune ses talents artistiques et se fait remarquer alors qu’elle n’a pas 18 ans. Dans sa petite chronique du 28 juillet 1877, Le Monde artiste écrit : « Le…
