{"id":596,"date":"2016-03-07T12:40:34","date_gmt":"2016-03-07T11:40:34","guid":{"rendered":"http:\/\/marret.co\/?page_id=596"},"modified":"2016-03-07T12:54:18","modified_gmt":"2016-03-07T11:54:18","slug":"la-roseraie-de-lhay","status":"publish","type":"page","link":"https:\/\/lesgravereaux.marret.co\/index.php\/la-roseraie-de-lhay\/","title":{"rendered":"La roseraie de L&rsquo;Ha\u00ff"},"content":{"rendered":"<p><a href=\"https:\/\/i0.wp.com\/marret.co\/wp-content\/uploads\/2016\/03\/File3745-OG053_wp.jpg\" rel=\"attachment wp-att-599\"><img data-recalc-dims=\"1\" loading=\"lazy\" decoding=\"async\" data-attachment-id=\"599\" data-permalink=\"https:\/\/lesgravereaux.marret.co\/index.php\/la-roseraie-de-lhay\/file3745-og053_wp\/\" data-orig-file=\"https:\/\/i0.wp.com\/lesgravereaux.marret.co\/wp-content\/uploads\/2016\/03\/File3745-OG053_wp.jpg?fit=1538%2C2362&amp;ssl=1\" data-orig-size=\"1538,2362\" data-comments-opened=\"1\" data-image-meta=\"{&quot;aperture&quot;:&quot;0&quot;,&quot;credit&quot;:&quot;&quot;,&quot;camera&quot;:&quot;&quot;,&quot;caption&quot;:&quot;&quot;,&quot;created_timestamp&quot;:&quot;1155162242&quot;,&quot;copyright&quot;:&quot;&quot;,&quot;focal_length&quot;:&quot;0&quot;,&quot;iso&quot;:&quot;0&quot;,&quot;shutter_speed&quot;:&quot;0&quot;,&quot;title&quot;:&quot;&quot;,&quot;orientation&quot;:&quot;1&quot;}\" data-image-title=\"Jules Gravereaux &amp;#8211; OG053_wp\" data-image-description=\"\" data-image-caption=\"\" data-medium-file=\"https:\/\/i0.wp.com\/lesgravereaux.marret.co\/wp-content\/uploads\/2016\/03\/File3745-OG053_wp.jpg?fit=195%2C300&amp;ssl=1\" data-large-file=\"https:\/\/i0.wp.com\/lesgravereaux.marret.co\/wp-content\/uploads\/2016\/03\/File3745-OG053_wp.jpg?fit=640%2C983&amp;ssl=1\" class=\"wp-image-599 alignleft\" src=\"https:\/\/i0.wp.com\/marret.co\/wp-content\/uploads\/2016\/03\/File3745-OG053_wp-667x1024.jpg?resize=200%2C307\" alt=\"Jules Gravereaux - OG053_wp\" width=\"200\" height=\"307\" data-wp-pid=\"599\" srcset=\"https:\/\/i0.wp.com\/lesgravereaux.marret.co\/wp-content\/uploads\/2016\/03\/File3745-OG053_wp.jpg?resize=667%2C1024&amp;ssl=1 667w, https:\/\/i0.wp.com\/lesgravereaux.marret.co\/wp-content\/uploads\/2016\/03\/File3745-OG053_wp.jpg?resize=195%2C300&amp;ssl=1 195w, https:\/\/i0.wp.com\/lesgravereaux.marret.co\/wp-content\/uploads\/2016\/03\/File3745-OG053_wp.jpg?resize=768%2C1179&amp;ssl=1 768w, https:\/\/i0.wp.com\/lesgravereaux.marret.co\/wp-content\/uploads\/2016\/03\/File3745-OG053_wp.jpg?resize=781%2C1200&amp;ssl=1 781w, https:\/\/i0.wp.com\/lesgravereaux.marret.co\/wp-content\/uploads\/2016\/03\/File3745-OG053_wp.jpg?resize=391%2C600&amp;ssl=1 391w, https:\/\/i0.wp.com\/lesgravereaux.marret.co\/wp-content\/uploads\/2016\/03\/File3745-OG053_wp.jpg?w=1538&amp;ssl=1 1538w, https:\/\/i0.wp.com\/lesgravereaux.marret.co\/wp-content\/uploads\/2016\/03\/File3745-OG053_wp.jpg?w=1280&amp;ssl=1 1280w\" sizes=\"auto, (max-width: 200px) 100vw, 200px\" \/><\/a>\u00c2g\u00e9 de quarante-huit ans et jeune retrait\u00e9, Jules Gravereaux fait l&rsquo;acquisition, en 1892, d&rsquo;un domaine situ\u00e9 dans la commune de L&rsquo;Ha\u00ff. Cette propri\u00e9t\u00e9 de onze hectares domine le vallon de la Bi\u00e8vre et la ville de Bourg-la-Reine; elle n\u2019est en outre qu\u2019\u00e0 quelques kilom\u00e8tres de Vitry-sur-Seine, l\u00e0 o\u00f9 Jules Gravereaux est n\u00e9 et a pass\u00e9 son enfance.<\/p>\n<p>Il consacre alors une partie de son temps \u00e0 l\u2019horticulture et d\u00e9couvre les roses qu\u2019il commence \u00e0 collectionner dans le jardin du domaine. Celle-ci prenant de l\u2019ampleur \u2013 en 1899, elle comprend plus de 1 600 esp\u00e8ces \u2014 il d\u00e9cide de l\u2019installer dans un jardin qui lui serait totalement consacr\u00e9. Il demande donc \u00e0 \u00c9douard Andr\u00e9, l\u2019\u00e9minent jardinier-paysagiste, d\u2019am\u00e9nager ce qui sera la premi\u00e8re roseraie du monde.<\/p>\n<p>Jules Gravereaux poursuit sa collection et cherche \u00e0 r\u00e9unir TOUTES les formes du genre Rosa, mais, en m\u00eame temps, \u00e0 en faire le classement, \u00e0 \u00e9tablir leur histoire et \u00e0 augmenter leur nombre par hybridation. L\u2019esprit scientifique pr\u00e9vaudra d\u2019ailleurs dans l\u2019ordonnancement de la roseraie, celle-ci se d\u00e9veloppant progressivement autour de sections th\u00e9matiques : Histoire r\u00e9trospective de la Rose, Collection botanique, Roses cr\u00e9\u00e9es \u00e0 L\u2019Ha\u00ff, etc. En 1915, la roseraie contient approximativement 7 500 vari\u00e9t\u00e9s de roses.<\/p>\n<p><a href=\"https:\/\/i0.wp.com\/marret.co\/wp-content\/uploads\/2016\/02\/1907-12-07-Noel-Lillustration-p4-1.jpg\" rel=\"attachment wp-att-173\"><img data-recalc-dims=\"1\" loading=\"lazy\" decoding=\"async\" data-attachment-id=\"173\" data-permalink=\"https:\/\/lesgravereaux.marret.co\/index.php\/la-roseraie-de-lhay\/1907-12-07-noel-lillustration-p4-1\/\" data-orig-file=\"https:\/\/i0.wp.com\/lesgravereaux.marret.co\/wp-content\/uploads\/2016\/02\/1907-12-07-Noel-Lillustration-p4-1.jpg?fit=1575%2C1228&amp;ssl=1\" data-orig-size=\"1575,1228\" data-comments-opened=\"1\" data-image-meta=\"{&quot;aperture&quot;:&quot;0&quot;,&quot;credit&quot;:&quot;&quot;,&quot;camera&quot;:&quot;&quot;,&quot;caption&quot;:&quot;&quot;,&quot;created_timestamp&quot;:&quot;0&quot;,&quot;copyright&quot;:&quot;&quot;,&quot;focal_length&quot;:&quot;0&quot;,&quot;iso&quot;:&quot;0&quot;,&quot;shutter_speed&quot;:&quot;0&quot;,&quot;title&quot;:&quot;&quot;,&quot;orientation&quot;:&quot;1&quot;}\" data-image-title=\"1907-12-07 (Noel) &amp;#8211; L&amp;rsquo;illustration  p4-1\" data-image-description=\"\" data-image-caption=\"\" data-medium-file=\"https:\/\/i0.wp.com\/lesgravereaux.marret.co\/wp-content\/uploads\/2016\/02\/1907-12-07-Noel-Lillustration-p4-1.jpg?fit=300%2C234&amp;ssl=1\" data-large-file=\"https:\/\/i0.wp.com\/lesgravereaux.marret.co\/wp-content\/uploads\/2016\/02\/1907-12-07-Noel-Lillustration-p4-1.jpg?fit=640%2C499&amp;ssl=1\" class=\"wp-image-173 alignright\" src=\"https:\/\/i0.wp.com\/marret.co\/wp-content\/uploads\/2016\/02\/1907-12-07-Noel-Lillustration-p4-1-1024x798.jpg?resize=200%2C156\" alt=\"1907-12-07 (Noel) - L'illustration  p4-1\" width=\"200\" height=\"156\" data-wp-pid=\"173\" srcset=\"https:\/\/i0.wp.com\/lesgravereaux.marret.co\/wp-content\/uploads\/2016\/02\/1907-12-07-Noel-Lillustration-p4-1.jpg?resize=1024%2C798&amp;ssl=1 1024w, https:\/\/i0.wp.com\/lesgravereaux.marret.co\/wp-content\/uploads\/2016\/02\/1907-12-07-Noel-Lillustration-p4-1.jpg?resize=300%2C234&amp;ssl=1 300w, https:\/\/i0.wp.com\/lesgravereaux.marret.co\/wp-content\/uploads\/2016\/02\/1907-12-07-Noel-Lillustration-p4-1.jpg?resize=768%2C599&amp;ssl=1 768w, https:\/\/i0.wp.com\/lesgravereaux.marret.co\/wp-content\/uploads\/2016\/02\/1907-12-07-Noel-Lillustration-p4-1.jpg?resize=600%2C468&amp;ssl=1 600w, https:\/\/i0.wp.com\/lesgravereaux.marret.co\/wp-content\/uploads\/2016\/02\/1907-12-07-Noel-Lillustration-p4-1.jpg?resize=800%2C624&amp;ssl=1 800w, https:\/\/i0.wp.com\/lesgravereaux.marret.co\/wp-content\/uploads\/2016\/02\/1907-12-07-Noel-Lillustration-p4-1.jpg?w=1575&amp;ssl=1 1575w, https:\/\/i0.wp.com\/lesgravereaux.marret.co\/wp-content\/uploads\/2016\/02\/1907-12-07-Noel-Lillustration-p4-1.jpg?w=1280&amp;ssl=1 1280w\" sizes=\"auto, (max-width: 200px) 100vw, 200px\" \/><\/a>En 1906, il avait fait am\u00e9nager un th\u00e9\u00e2tre de verdure sur lequel se sont produits de grands artistes de l\u2019\u00e9poque, parmi lesquels des com\u00e9diens, des chanteurs, des po\u00e8tes, des musiciens ou des danseurs. R\u00e9unions familiales et f\u00eates publiques se d\u00e9rouleront d\u00e9sormais au domaine.<\/p>\n<p>Apr\u00e8s sa mort, en mars 1916, son fils Henri tentera de continuer son \u0153uvre; mais l\u2019entretien de la roseraie est fort co\u00fbteux et la famille Gravereaux a de plus en plus de difficult\u00e9s \u00e0 en assumer les d\u00e9penses. Elle la c\u00e8de, en 1937 au d\u00e9partement de la Seine\u2026<\/p>\n<p><a href=\"https:\/\/i0.wp.com\/marret.co\/wp-content\/uploads\/2015\/10\/File0032a.jpg\" rel=\"attachment wp-att-122\"><img data-recalc-dims=\"1\" loading=\"lazy\" decoding=\"async\" data-attachment-id=\"122\" data-permalink=\"https:\/\/lesgravereaux.marret.co\/index.php\/etablissement-gravereaux\/file0032a\/\" data-orig-file=\"https:\/\/i0.wp.com\/lesgravereaux.marret.co\/wp-content\/uploads\/2015\/10\/File0032a.jpg?fit=352%2C314&amp;ssl=1\" data-orig-size=\"352,314\" data-comments-opened=\"1\" data-image-meta=\"{&quot;aperture&quot;:&quot;0&quot;,&quot;credit&quot;:&quot;&quot;,&quot;camera&quot;:&quot;&quot;,&quot;caption&quot;:&quot;&quot;,&quot;created_timestamp&quot;:&quot;0&quot;,&quot;copyright&quot;:&quot;&quot;,&quot;focal_length&quot;:&quot;0&quot;,&quot;iso&quot;:&quot;0&quot;,&quot;shutter_speed&quot;:&quot;0&quot;,&quot;title&quot;:&quot;&quot;,&quot;orientation&quot;:&quot;1&quot;}\" data-image-title=\"File0032a\" data-image-description=\"\" data-image-caption=\"\" data-medium-file=\"https:\/\/i0.wp.com\/lesgravereaux.marret.co\/wp-content\/uploads\/2015\/10\/File0032a.jpg?fit=300%2C268&amp;ssl=1\" data-large-file=\"https:\/\/i0.wp.com\/lesgravereaux.marret.co\/wp-content\/uploads\/2015\/10\/File0032a.jpg?fit=352%2C314&amp;ssl=1\" class=\"wp-image-122 aligncenter\" src=\"https:\/\/i0.wp.com\/marret.co\/wp-content\/uploads\/2015\/10\/File0032a.jpg?resize=149%2C133\" alt=\"File0032a\" width=\"149\" height=\"133\" data-wp-pid=\"122\" srcset=\"https:\/\/i0.wp.com\/lesgravereaux.marret.co\/wp-content\/uploads\/2015\/10\/File0032a.jpg?w=352&amp;ssl=1 352w, https:\/\/i0.wp.com\/lesgravereaux.marret.co\/wp-content\/uploads\/2015\/10\/File0032a.jpg?resize=300%2C268&amp;ssl=1 300w\" sizes=\"auto, (max-width: 149px) 100vw, 149px\" \/><\/a><\/p>\n","protected":false},"excerpt":{"rendered":"<p>\u00c2g\u00e9 de quarante-huit ans et jeune retrait\u00e9, Jules Gravereaux fait l&rsquo;acquisition, en 1892, d&rsquo;un domaine situ\u00e9 dans la commune de L&rsquo;Ha\u00ff. Cette propri\u00e9t\u00e9 de onze hectares domine le vallon de la Bi\u00e8vre et la ville de Bourg-la-Reine; elle n\u2019est en &hellip; <a href=\"https:\/\/lesgravereaux.marret.co\/index.php\/la-roseraie-de-lhay\/\">Continuer la lecture <span class=\"meta-nav\">&rarr;<\/span><\/a><\/p>\n","protected":false},"author":1,"featured_media":0,"parent":0,"menu_order":0,"comment_status":"closed","ping_status":"closed","template":"","meta":{"ngg_post_thumbnail":0,"jetpack_post_was_ever_published":false,"footnotes":""},"class_list":["post-596","page","type-page","status-publish","hentry"],"jetpack_sharing_enabled":true,"jetpack_shortlink":"https:\/\/wp.me\/P7ERyi-9C","jetpack-related-posts":[{"id":2036,"url":"https:\/\/lesgravereaux.marret.co\/index.php\/des-roseraies\/","url_meta":{"origin":596,"position":0},"title":"D&rsquo;autres roseraies","author":"marretgravereaux","date":"26 avril 2016","format":false,"excerpt":"Collectionneur de roses, Jules Gravereaux commence par en rassembler quelques-unes d\u00e8s 1894 dans son jardin de L\u2019Ha\u00ff; avec l\u2019aide du paysagiste \u00c9douard Andr\u00e9, il les installe une peu plus tard, dans ce qui est le 1er jardin \u00e0 leur \u00eatre exclusivement consacr\u00e9e, une roseraie \u2013 on parlait \u00e0 l\u2019\u00e9poque de\u2026","rel":"","context":"Article similaire","block_context":{"text":"Article similaire","link":""},"img":{"alt_text":"Jules Gravereaux - OG1332b","src":"https:\/\/i0.wp.com\/lesgravereaux.marret.co\/wp-content\/uploads\/2015\/10\/Jules-Gravereaux-OG1332b.jpg?resize=350%2C200","width":350,"height":200},"classes":[]},{"id":3684,"url":"https:\/\/lesgravereaux.marret.co\/index.php\/jules-gravereaux\/des-evenements-de-sa-vie\/biographie-de-jules-gravereaux-par-jean-luc-marret\/","url_meta":{"origin":596,"position":1},"title":"Biographie de Jules Gravereaux (par Jean-Luc Marret)","author":"marretgravereaux","date":"17 juin 2016","format":false,"excerpt":"Discours d'hommage prononc\u00e9 par Jean-Luc Marret, son arri\u00e8re-petit-fils, le 23 mars 2016, au cimeti\u00e8re du Montparnasse, \u00e0 l'occasion d'une c\u00e9r\u00e9monie comm\u00e9morant le centi\u00e8me anniversaire de son d\u00e9c\u00e8s. Cadet de la famille, Jules Gravereaux na\u00eet le 1er mai 1844 \u00e0 Vitry-sur-Seine. Originaire du Bordelais, son arri\u00e8re-grand-p\u00e8re \u00e9tait venu s\u2019installer l\u00e0 un\u2026","rel":"","context":"Article similaire","block_context":{"text":"Article similaire","link":""},"img":{"alt_text":"2016-03-23 Cimeti\u00e8re Montparnasse RLM_1754a_wp","src":"https:\/\/i0.wp.com\/lesgravereaux.marret.co\/wp-content\/uploads\/2016\/06\/2016-03-23-Cimeti%C3%A8re-Montparnasse-RLM_1754a_wp.jpg?resize=350%2C200","width":350,"height":200},"classes":[]},{"id":1435,"url":"https:\/\/lesgravereaux.marret.co\/index.php\/jules-gravereaux\/portraits-de-jules-gravereaux\/le-buste-de-jules-gravereaux\/1435-2\/","url_meta":{"origin":596,"position":2},"title":"L&rsquo;inauguration du buste de Jules Gravereaux","author":"marretgravereaux","date":"9 avril 2016","format":false,"excerpt":"Discours de Sophie Hasquenoph, Maire adjointe de L'Ha\u00ff, charg\u00e9e de la Culture,\u00a0 du devoir de m\u00e9moire et des Anciens Combattants Monsieur le sous-pr\u00e9fet, Mesdames, messieurs les membres de la famille Gravereaux, Mesdames, messieurs les \u00e9lus, Chers amis, C\u2019est vraiment avec un tr\u00e8s grand plaisir que je vous accueille ce matin,\u2026","rel":"","context":"Article similaire","block_context":{"text":"Article similaire","link":""},"img":{"alt_text":"2010-05 L'Ha\u00ff_287 - RLM1129_wp","src":"https:\/\/i0.wp.com\/lesgravereaux.marret.co\/wp-content\/uploads\/2016\/04\/2010-05-LHa%C3%BF_287-RLM1129_wp-768x1024.jpg?resize=350%2C200","width":350,"height":200},"classes":[]},{"id":688,"url":"https:\/\/lesgravereaux.marret.co\/index.php\/jules-gravereaux\/des-evenements-de-sa-vie\/jules-gravereaux-son-deces\/le-deces-de-jules-gravereaux\/","url_meta":{"origin":596,"position":3},"title":"Le d\u00e9c\u00e8s de Jules Gravereaux &#8211; dans la presse fran\u00e7aise","author":"marretgravereaux","date":"8 mars 2016","format":false,"excerpt":"Jules Gravereaux est d\u00e9c\u00e9d\u00e9 le 23 mars 1916, \u00e0 son domicile du 4, avenue de Villars.\u00a0Ses obs\u00e8ques eurent lieu deux jours plus tard, en l'\u00e9glise Saint-Fran\u00e7ois-Xavier. \u00a0 \u00a0 Dans les journaux, plusieurs hommages lui furent rendus... Avant-hier ont \u00e9t\u00e9, c\u00e9l\u00e9br\u00e9es, \u00e0 midi, en l'\u00e9glise Saint-Fran\u00e7ois-Xavier, en pr\u00e9sence d'une assistance nombreuse,\u2026","rel":"","context":"Article similaire","block_context":{"text":"Article similaire","link":""},"img":{"alt_text":"1916-03-25 Gravereaux, Jules - Enterrement - JLM0348_wp","src":"https:\/\/i0.wp.com\/marret.co\/wp-content\/uploads\/2016\/03\/1916-03-25-Gravereaux-Jules-Enterrement-JLM0348_wp-1024x708.jpg?resize=350%2C200","width":350,"height":200},"classes":[]},{"id":577,"url":"https:\/\/lesgravereaux.marret.co\/index.php\/jules-gravereaux\/portraits-de-jules-gravereaux\/le-buste-de-jules-gravereaux\/","url_meta":{"origin":596,"position":4},"title":"Le buste de Jules Gravereaux","author":"marretgravereaux","date":"7 mars 2016","format":false,"excerpt":"En 1914, le sculpteur Carillon ex\u00e9cutait un buste de Jules Gravereaux... Pr\u00e9sent\u00e9 au Salon des artistes fran\u00e7ais de cette ann\u00e9e-l\u00e0, il y fut remarqu\u00e9, comme le souligne Lucien Klotz, critique \u00e0 La Presse\u00a0: \u00ab\u00a0M. Carion a expos\u00e9 le buste de M. Gravereaux, propri\u00e9taire de la roseraie L'Hay, le plus beau\u2026","rel":"","context":"Article similaire","block_context":{"text":"Article similaire","link":""},"img":{"alt_text":"1914 Carillon, Rene - Buste de Jules Gravereaux 2_wp","src":"https:\/\/i0.wp.com\/marret.co\/wp-content\/uploads\/2016\/03\/1914-Carillon-Rene-Buste-de-Jules-Gravereaux-2_wp-846x1024.jpg?resize=350%2C200","width":350,"height":200},"classes":[]},{"id":66,"url":"https:\/\/lesgravereaux.marret.co\/","url_meta":{"origin":596,"position":5},"title":"Les Gravereaux","author":"marretgravereaux","date":"24 octobre 2015","format":false,"excerpt":"Ce site est d\u00e9di\u00e9 aux descendants de Jean Baptiste GRAVEREAU (GRAVEREAU, GRAVEROT ou GRAVEREAUX ) dont certains, tels Jules Gravereaux ou Jean-Claude Pascal, connurent la c\u00e9l\u00e9brit\u00e9\u2026 Exposition sur le Mus\u00e9e de la Rose En 2024, les Archives d\u00e9partementales du Val-de-Marne ont tenu une exposition \u00e0 la Roseraie du Val-de-Marne sous\u2026","rel":"","context":"Article similaire","block_context":{"text":"Article similaire","link":""},"img":{"alt_text":"Roses de Malmaison - p01b_wp","src":"https:\/\/i0.wp.com\/lesgravereaux.marret.co\/wp-content\/uploads\/2016\/03\/Roses-de-Malmaison-p01b_wp.jpg?resize=350%2C200","width":350,"height":200},"classes":[]}],"_links":{"self":[{"href":"https:\/\/lesgravereaux.marret.co\/index.php\/wp-json\/wp\/v2\/pages\/596","targetHints":{"allow":["GET"]}}],"collection":[{"href":"https:\/\/lesgravereaux.marret.co\/index.php\/wp-json\/wp\/v2\/pages"}],"about":[{"href":"https:\/\/lesgravereaux.marret.co\/index.php\/wp-json\/wp\/v2\/types\/page"}],"author":[{"embeddable":true,"href":"https:\/\/lesgravereaux.marret.co\/index.php\/wp-json\/wp\/v2\/users\/1"}],"replies":[{"embeddable":true,"href":"https:\/\/lesgravereaux.marret.co\/index.php\/wp-json\/wp\/v2\/comments?post=596"}],"version-history":[{"count":0,"href":"https:\/\/lesgravereaux.marret.co\/index.php\/wp-json\/wp\/v2\/pages\/596\/revisions"}],"wp:attachment":[{"href":"https:\/\/lesgravereaux.marret.co\/index.php\/wp-json\/wp\/v2\/media?parent=596"}],"curies":[{"name":"wp","href":"https:\/\/api.w.org\/{rel}","templated":true}]}}