{"id":5938,"date":"2018-12-24T19:48:37","date_gmt":"2018-12-24T18:48:37","guid":{"rendered":"http:\/\/lesgravereaux.marret.co\/?page_id=5938"},"modified":"2018-12-26T19:22:01","modified_gmt":"2018-12-26T18:22:01","slug":"1951-henry-gerard-a-cannes","status":"publish","type":"page","link":"https:\/\/lesgravereaux.marret.co\/index.php\/la-famille-gravereaux\/gerard-gravereaux\/henry-gerard-gravereaux-sexpose\/1951-henry-gerard-a-cannes\/","title":{"rendered":"1951 &#8211; Henry-G\u00e9rard expose \u00e0 Cannes"},"content":{"rendered":"\n<h4 class=\"wp-block-heading\" style=\"text-align:center\"> <strong>Galerie Martin-Gruson, Cannes. 28\u00a0mars \u2013 11\u00a0avril 1951.<\/strong><\/h4>\n\n\n\n<blockquote class=\"wp-block-quote is-layout-flow wp-block-quote-is-layout-flow\"><p>Un extrait de la Critique parisienne&nbsp;:<\/p><\/blockquote>\n\n\n\n<div class=\"wp-block-image\"><figure class=\"alignright is-resized\"><img data-recalc-dims=\"1\" loading=\"lazy\" decoding=\"async\" data-attachment-id=\"5865\" data-permalink=\"https:\/\/lesgravereaux.marret.co\/1951-03-28-exposition-henry-gerard-vernissage-1_wp\/\" data-orig-file=\"https:\/\/i0.wp.com\/lesgravereaux.marret.co\/wp-content\/uploads\/2018\/12\/1951-03-28-Exposition-Henry-G%C3%A9rard-Vernissage-1_wp.jpg?fit=787%2C593&amp;ssl=1\" data-orig-size=\"787,593\" data-comments-opened=\"1\" data-image-meta=\"{&quot;aperture&quot;:&quot;0&quot;,&quot;credit&quot;:&quot;&quot;,&quot;camera&quot;:&quot;&quot;,&quot;caption&quot;:&quot;&quot;,&quot;created_timestamp&quot;:&quot;0&quot;,&quot;copyright&quot;:&quot;&quot;,&quot;focal_length&quot;:&quot;0&quot;,&quot;iso&quot;:&quot;0&quot;,&quot;shutter_speed&quot;:&quot;0&quot;,&quot;title&quot;:&quot;&quot;,&quot;orientation&quot;:&quot;1&quot;}\" data-image-title=\"1951-03-28 Exposition Henry-G\u00e9rard &amp;#8211; Vernissage 1_wp\" data-image-description=\"\" data-image-caption=\"\" data-medium-file=\"https:\/\/i0.wp.com\/lesgravereaux.marret.co\/wp-content\/uploads\/2018\/12\/1951-03-28-Exposition-Henry-G%C3%A9rard-Vernissage-1_wp.jpg?fit=300%2C226&amp;ssl=1\" data-large-file=\"https:\/\/i0.wp.com\/lesgravereaux.marret.co\/wp-content\/uploads\/2018\/12\/1951-03-28-Exposition-Henry-G%C3%A9rard-Vernissage-1_wp.jpg?fit=640%2C482&amp;ssl=1\" src=\"https:\/\/i0.wp.com\/lesgravereaux.marret.co\/wp-content\/uploads\/2018\/12\/1951-03-28-Exposition-Henry-G%C3%A9rard-Vernissage-1_wp.jpg?resize=366%2C275&#038;ssl=1\" alt=\"\" class=\"wp-image-5865\" width=\"366\" height=\"275\" srcset=\"https:\/\/i0.wp.com\/lesgravereaux.marret.co\/wp-content\/uploads\/2018\/12\/1951-03-28-Exposition-Henry-G%C3%A9rard-Vernissage-1_wp.jpg?w=787&amp;ssl=1 787w, https:\/\/i0.wp.com\/lesgravereaux.marret.co\/wp-content\/uploads\/2018\/12\/1951-03-28-Exposition-Henry-G%C3%A9rard-Vernissage-1_wp.jpg?resize=300%2C226&amp;ssl=1 300w, https:\/\/i0.wp.com\/lesgravereaux.marret.co\/wp-content\/uploads\/2018\/12\/1951-03-28-Exposition-Henry-G%C3%A9rard-Vernissage-1_wp.jpg?resize=768%2C579&amp;ssl=1 768w, https:\/\/i0.wp.com\/lesgravereaux.marret.co\/wp-content\/uploads\/2018\/12\/1951-03-28-Exposition-Henry-G%C3%A9rard-Vernissage-1_wp.jpg?resize=600%2C452&amp;ssl=1 600w\" sizes=\"auto, (max-width: 366px) 100vw, 366px\" \/><\/figure><\/div>\n\n\n\n<blockquote class=\"wp-block-quote is-layout-flow wp-block-quote-is-layout-flow\"><p>L&rsquo;un des m\u00e9rites d&rsquo;Henry-G\u00e9rard est d&rsquo;avoir voulu travailler en solitaire, loin de Paris, sans montrer \u00e0 personne le r\u00e9sultat de ses recherches. Aussi l&rsquo;\u0153uvre qu&rsquo;il expose est-elle proprement surprenante&#8230; Elle accuse encore et surtout un style, celui d&rsquo;un artiste qui, hant\u00e9 par tous les probl\u00e8mes&rsquo; plastiques plus ou moins abstraits de son \u00e9poque a su,en d\u00e9pit de ceux-ci, rester tr\u00e8s personnellement dans la vie.<\/p><\/blockquote>\n\n\n\n<blockquote class=\"wp-block-quote is-layout-flow wp-block-quote-is-layout-flow\"><p>J.-G. GROS. (Carrefour)<\/p><\/blockquote>\n\n\n\n<p><strong>\u0152uvres expos\u00e9es<\/strong><\/p>\n\n\n\n<ul class=\"wp-block-list\"><li>Mise\nau tombeau<\/li><li>Vue\nsur la ville<\/li><li>Les\nSaisons<\/li><li>Petite\nodalisque<\/li><li>Petite\nodalisque<\/li><li>Le\nCirque<\/li><li>Nu\ndebout<\/li><li>P\u00e2ris<\/li><li>Danseurs<\/li><li>Fuite\nen \u00c9gypte<\/li><li>La\nFen\u00eatre<\/li><li>Le\nMarocain<\/li><li>Bocal\n\u00e0 poissons<\/li><li>Jardin\nBotanique<\/li><li>Le\npianiste<\/li><li>Le\nMiroir<\/li><li>La\nMoissonneuse<\/li><li>Paysage\n(Doubs)<\/li><\/ul>\n","protected":false},"excerpt":{"rendered":"<p>Galerie Martin-Gruson, Cannes. 28\u00a0mars \u2013 11\u00a0avril 1951. Un extrait de la Critique parisienne&nbsp;: L&rsquo;un des m\u00e9rites d&rsquo;Henry-G\u00e9rard est d&rsquo;avoir voulu travailler en solitaire, loin de Paris, sans montrer \u00e0 personne le r\u00e9sultat de ses recherches. Aussi l&rsquo;\u0153uvre qu&rsquo;il expose est-elle &hellip; <a href=\"https:\/\/lesgravereaux.marret.co\/index.php\/la-famille-gravereaux\/gerard-gravereaux\/henry-gerard-gravereaux-sexpose\/1951-henry-gerard-a-cannes\/\">Continuer la lecture <span class=\"meta-nav\">&rarr;<\/span><\/a><\/p>\n","protected":false},"author":1,"featured_media":0,"parent":1172,"menu_order":0,"comment_status":"closed","ping_status":"closed","template":"","meta":{"ngg_post_thumbnail":0,"jetpack_post_was_ever_published":false,"footnotes":""},"class_list":["post-5938","page","type-page","status-publish","hentry"],"jetpack_sharing_enabled":true,"jetpack_shortlink":"https:\/\/wp.me\/P7ERyi-1xM","jetpack-related-posts":[{"id":1172,"url":"https:\/\/lesgravereaux.marret.co\/index.php\/la-famille-gravereaux\/gerard-gravereaux\/henry-gerard-gravereaux-sexpose\/","url_meta":{"origin":5938,"position":0},"title":"Henry-G\u00e9rard Gravereaux s&rsquo;expose&#8230;","author":"marretgravereaux","date":"17 mars 2016","format":false,"excerpt":"Henry-G\u00e9rard Gravereaux est passionn\u00e9 par la peinture d\u00e8s sa jeunesse et il effectue plusieurs ann\u00e9es d\u2019\u00e9tude \u00e0 l\u2019Acad\u00e9mie Julian. Tout en \u0153uvrant professionnellement au sein de l\u2019entreprise familiale, il continue \u00e0 peindre - ce qu\u2019il fera toute sa vie \u2013et participe \u00e0 plusieurs expositions. La liste - non exhaustive \u2013\u2026","rel":"","context":"Article similaire","block_context":{"text":"Article similaire","link":""},"img":{"alt_text":"","src":"https:\/\/i0.wp.com\/lesgravereaux.marret.co\/wp-content\/uploads\/2018\/12\/Henry-G%C3%A9rard-Gravereaux-Dessin-177x244_wp.jpg?resize=350%2C200&ssl=1","width":350,"height":200,"srcset":"https:\/\/i0.wp.com\/lesgravereaux.marret.co\/wp-content\/uploads\/2018\/12\/Henry-G%C3%A9rard-Gravereaux-Dessin-177x244_wp.jpg?resize=350%2C200&ssl=1 1x, https:\/\/i0.wp.com\/lesgravereaux.marret.co\/wp-content\/uploads\/2018\/12\/Henry-G%C3%A9rard-Gravereaux-Dessin-177x244_wp.jpg?resize=525%2C300&ssl=1 1.5x, https:\/\/i0.wp.com\/lesgravereaux.marret.co\/wp-content\/uploads\/2018\/12\/Henry-G%C3%A9rard-Gravereaux-Dessin-177x244_wp.jpg?resize=700%2C400&ssl=1 2x"},"classes":[]},{"id":2309,"url":"https:\/\/lesgravereaux.marret.co\/index.php\/la-famille-gravereaux\/gerard-gravereaux\/henry-gerard-gravereaux-sexpose\/femmes-portraits-et-nus-cannes-1985-1986\/","url_meta":{"origin":5938,"position":1},"title":"Femmes, portraits et nus (Cannes, 1985-1986)","author":"marretgravereaux","date":"7 mai 2016","format":false,"excerpt":"La Malmaison, Cannes. 14\u00a0d\u00e9cembre 1985 \u00a0\u2013 9\u00a0f\u00e9vrier 1986. \u00ab\u00a0Femmes\u2026, portraits et nus\u00a0\u00bb. [Exposition de groupe] Henry-G\u00e9rard GRAVEREAUX . Paris 1906N\u00e9 \u00e0 Paris dans une famille d'industriels. Etudes secondaires, baccalaur\u00e9at \u00e8s lettres et Ecole des Sciences Politiques.Premi\u00e8res \u00e9tudes de dessin \u00e0 l'Acad\u00e9mie Julian de 1924 \u00e0 1925. En 1937, se consacre\u2026","rel":"","context":"Article similaire","block_context":{"text":"Article similaire","link":""},"img":{"alt_text":"","src":"https:\/\/i0.wp.com\/lesgravereaux.marret.co\/wp-content\/uploads\/2018\/12\/1985-1986-Femmes-Portraits-et-Nus-%C3%89tude_wp.jpg?resize=350%2C200&ssl=1","width":350,"height":200,"srcset":"https:\/\/i0.wp.com\/lesgravereaux.marret.co\/wp-content\/uploads\/2018\/12\/1985-1986-Femmes-Portraits-et-Nus-%C3%89tude_wp.jpg?resize=350%2C200&ssl=1 1x, https:\/\/i0.wp.com\/lesgravereaux.marret.co\/wp-content\/uploads\/2018\/12\/1985-1986-Femmes-Portraits-et-Nus-%C3%89tude_wp.jpg?resize=525%2C300&ssl=1 1.5x"},"classes":[]},{"id":2288,"url":"https:\/\/lesgravereaux.marret.co\/index.php\/la-famille-gravereaux\/gerard-gravereaux\/henry-gerard-gravereaux-sexpose\/vous-avez-dit-cubistes-cannes-1985\/","url_meta":{"origin":5938,"position":2},"title":"Vous avez dit cubistes ? (Cannes, 1985)","author":"marretgravereaux","date":"7 mai 2016","format":false,"excerpt":"La Malmaison, Cannes. \u00a013\u00a0juillet \u2013 22\u00a0septembre 1985. \u00ab\u00a0Vous avez dit cubistes\u00a0?\u00a0\u00bb. [Exposition de groupe] \u00a0 m m \u00abPeu de temps avant les ann\u00e9es 50, dans les \u0153uvres de Henry-G\u00e9rard GRAVEREAUX, mythologue et prolongateur des th\u00e8mes tournant autour de la repr\u00e9sentation de la femme mythique d'Eros, le peintre faisait rena\u00eetre par\u2026","rel":"","context":"Article similaire","block_context":{"text":"Article similaire","link":""},"img":{"alt_text":"1985 - Vous avez dit cubistes c0-2_wp","src":"https:\/\/i0.wp.com\/lesgravereaux.marret.co\/wp-content\/uploads\/2016\/03\/1985-Vous-avez-dit-cubistes-c0-2_wp-1024x986.jpg?resize=350%2C200","width":350,"height":200},"classes":[]},{"id":5902,"url":"https:\/\/lesgravereaux.marret.co\/index.php\/la-famille-gravereaux\/gerard-gravereaux\/henry-gerard-gravereaux-sexpose\/1950-henry-gerard-expose-a-paris\/","url_meta":{"origin":5938,"position":3},"title":"1950 &#8211; Henry-G\u00e9rard expose \u00e0 Paris","author":"marretgravereaux","date":"24 d\u00e9cembre 2018","format":false,"excerpt":"Galerie Drouant-David, Paris. 18\u00a0avril \u2013 2\u00a0mai 1950 Apr\u00e8s avoir travaill\u00e9 seul, pendant des ann\u00e9es, dans ce midi qu'il affectionne particuli\u00e8rement Henry-G\u00e9rard vient chercher \u00e0 Paris une cons\u00e9cration m\u00e9rit\u00e9e. On souhaiterait qu'en une \u00e9poque o\u00f9 il est de bon ton d'arriver vite, souvent m\u00eame avant que d'\u00eatre parti, l'exemple d'Henry-G\u00e9rard, qui\u2026","rel":"","context":"Article similaire","block_context":{"text":"Article similaire","link":""},"img":{"alt_text":"","src":"https:\/\/i0.wp.com\/lesgravereaux.marret.co\/wp-content\/uploads\/2018\/12\/1950-04-18-Exposition-Henry-G%C3%A9rard-Vernissage-1_wp.jpg?resize=350%2C200&ssl=1","width":350,"height":200,"srcset":"https:\/\/i0.wp.com\/lesgravereaux.marret.co\/wp-content\/uploads\/2018\/12\/1950-04-18-Exposition-Henry-G%C3%A9rard-Vernissage-1_wp.jpg?resize=350%2C200&ssl=1 1x, https:\/\/i0.wp.com\/lesgravereaux.marret.co\/wp-content\/uploads\/2018\/12\/1950-04-18-Exposition-Henry-G%C3%A9rard-Vernissage-1_wp.jpg?resize=525%2C300&ssl=1 1.5x, https:\/\/i0.wp.com\/lesgravereaux.marret.co\/wp-content\/uploads\/2018\/12\/1950-04-18-Exposition-Henry-G%C3%A9rard-Vernissage-1_wp.jpg?resize=700%2C400&ssl=1 2x, https:\/\/i0.wp.com\/lesgravereaux.marret.co\/wp-content\/uploads\/2018\/12\/1950-04-18-Exposition-Henry-G%C3%A9rard-Vernissage-1_wp.jpg?resize=1050%2C600&ssl=1 3x, https:\/\/i0.wp.com\/lesgravereaux.marret.co\/wp-content\/uploads\/2018\/12\/1950-04-18-Exposition-Henry-G%C3%A9rard-Vernissage-1_wp.jpg?resize=1400%2C800&ssl=1 4x"},"classes":[]},{"id":5960,"url":"https:\/\/lesgravereaux.marret.co\/index.php\/la-famille-gravereaux\/gerard-gravereaux\/henry-gerard-gravereaux-sexpose\/1959-henry-gerard-gravereaux-expose-a-paris\/","url_meta":{"origin":5938,"position":4},"title":"1959 &#8211; Henry-G\u00e9rard Gravereaux expose \u00e0 Paris","author":"marretgravereaux","date":"26 d\u00e9cembre 2018","format":false,"excerpt":"Galerie Paul C\u00e9zanne, Paris. 12\u00a0mars \u2013 28\u00a0mars 1959.","rel":"","context":"Article similaire","block_context":{"text":"Article similaire","link":""},"img":{"alt_text":"","src":"https:\/\/i0.wp.com\/lesgravereaux.marret.co\/wp-content\/uploads\/2018\/12\/1959-03-12-Exposition-Henry-G%C3%A9rard-Gravereaux-Vernissage-2a_wp.jpg?resize=350%2C200&ssl=1","width":350,"height":200,"srcset":"https:\/\/i0.wp.com\/lesgravereaux.marret.co\/wp-content\/uploads\/2018\/12\/1959-03-12-Exposition-Henry-G%C3%A9rard-Gravereaux-Vernissage-2a_wp.jpg?resize=350%2C200&ssl=1 1x, https:\/\/i0.wp.com\/lesgravereaux.marret.co\/wp-content\/uploads\/2018\/12\/1959-03-12-Exposition-Henry-G%C3%A9rard-Gravereaux-Vernissage-2a_wp.jpg?resize=525%2C300&ssl=1 1.5x, https:\/\/i0.wp.com\/lesgravereaux.marret.co\/wp-content\/uploads\/2018\/12\/1959-03-12-Exposition-Henry-G%C3%A9rard-Gravereaux-Vernissage-2a_wp.jpg?resize=700%2C400&ssl=1 2x, https:\/\/i0.wp.com\/lesgravereaux.marret.co\/wp-content\/uploads\/2018\/12\/1959-03-12-Exposition-Henry-G%C3%A9rard-Gravereaux-Vernissage-2a_wp.jpg?resize=1050%2C600&ssl=1 3x, https:\/\/i0.wp.com\/lesgravereaux.marret.co\/wp-content\/uploads\/2018\/12\/1959-03-12-Exposition-Henry-G%C3%A9rard-Gravereaux-Vernissage-2a_wp.jpg?resize=1400%2C800&ssl=1 4x"},"classes":[]},{"id":1159,"url":"https:\/\/lesgravereaux.marret.co\/index.php\/la-famille-gravereaux\/gerard-gravereaux\/","url_meta":{"origin":5938,"position":5},"title":"G\u00e9rard Gravereaux","author":"marretgravereaux","date":"17 mars 2016","format":false,"excerpt":"Henry-G\u00e9rard Gravereaux na\u00eet le 31\u00a0octobre 1906. Apr\u00e8s un baccalaur\u00e9at \u00e8s lettres, il \u00e9tudie \u00e0 l\u2019\u00c9cole des Sciences politiques avant de rentrer aux \u00c9tablissements Gravereaux, l\u2019entreprise cr\u00e9\u00e9e par son p\u00e8re. \u00ab\u00a0G\u00e9rard, apr\u00e8s un court passage \u00e0 Sciences-Po, entrait comme apprenti patronnier chez Depond, achet\u00e9 en 1925, dans la petite usine de\u2026","rel":"","context":"Article similaire","block_context":{"text":"Article similaire","link":""},"img":{"alt_text":"Gerard gravereaux - OG1601_wp","src":"https:\/\/i0.wp.com\/marret.co\/wp-content\/uploads\/2016\/03\/Gerard-gravereaux-OG1601_wp-787x1024.jpg?resize=350%2C200","width":350,"height":200},"classes":[]}],"_links":{"self":[{"href":"https:\/\/lesgravereaux.marret.co\/index.php\/wp-json\/wp\/v2\/pages\/5938","targetHints":{"allow":["GET"]}}],"collection":[{"href":"https:\/\/lesgravereaux.marret.co\/index.php\/wp-json\/wp\/v2\/pages"}],"about":[{"href":"https:\/\/lesgravereaux.marret.co\/index.php\/wp-json\/wp\/v2\/types\/page"}],"author":[{"embeddable":true,"href":"https:\/\/lesgravereaux.marret.co\/index.php\/wp-json\/wp\/v2\/users\/1"}],"replies":[{"embeddable":true,"href":"https:\/\/lesgravereaux.marret.co\/index.php\/wp-json\/wp\/v2\/comments?post=5938"}],"version-history":[{"count":0,"href":"https:\/\/lesgravereaux.marret.co\/index.php\/wp-json\/wp\/v2\/pages\/5938\/revisions"}],"up":[{"embeddable":true,"href":"https:\/\/lesgravereaux.marret.co\/index.php\/wp-json\/wp\/v2\/pages\/1172"}],"wp:attachment":[{"href":"https:\/\/lesgravereaux.marret.co\/index.php\/wp-json\/wp\/v2\/media?parent=5938"}],"curies":[{"name":"wp","href":"https:\/\/api.w.org\/{rel}","templated":true}]}}