{"id":589,"date":"2016-03-07T12:30:53","date_gmt":"2016-03-07T11:30:53","guid":{"rendered":"http:\/\/marret.co\/?page_id=589"},"modified":"2016-03-07T12:33:29","modified_gmt":"2016-03-07T11:33:29","slug":"jules-gravereaux-journaliste","status":"publish","type":"page","link":"https:\/\/lesgravereaux.marret.co\/index.php\/jules-gravereaux\/jules-gravereaux-journaliste\/","title":{"rendered":"Jules Gravereaux, journaliste?"},"content":{"rendered":"<p>Peut-on dire de Jules Gravereaux qu&rsquo;il \u00e9tait journaliste? Oui, si l\u2019on se fie \u00e0 l\u2019<em>Annuaire de la Presse fran\u00e7aise et \u00e9trang\u00e8re et du monde politique<\/em>, \u00e9dition de 1909.<\/p>\n<p>Il fait en effet partie de ceux qui y sont mentionn\u00e9s et r\u00e9pertori\u00e9s&#8230; comme ayant \u00e9t\u00e9 d\u00e9cor\u00e9s en 1908 et nomm\u00e9s <strong>Commandeurs au M\u00e9rite agricole<\/strong>. Encore plus surprenant (peut-\u00eatre&#8230;), il est qualifi\u00e9 de <strong>publiciste rosi\u00e9riste<\/strong> \u00e0 L\u2019Ha\u00ff!<\/p>\n<p><a href=\"https:\/\/i0.wp.com\/marret.co\/wp-content\/uploads\/2016\/03\/1909-Annuaire-de-la-presse-francaise-p283_wp.jpg\" rel=\"attachment wp-att-391\"><img data-recalc-dims=\"1\" loading=\"lazy\" decoding=\"async\" data-attachment-id=\"391\" data-permalink=\"https:\/\/lesgravereaux.marret.co\/1909-annuaire-de-la-presse-francaise-p283_wp-2\/\" data-orig-file=\"https:\/\/i0.wp.com\/lesgravereaux.marret.co\/wp-content\/uploads\/2016\/03\/1909-Annuaire-de-la-presse-francaise-p283_wp.jpg?fit=827%2C405&amp;ssl=1\" data-orig-size=\"827,405\" data-comments-opened=\"1\" data-image-meta=\"{&quot;aperture&quot;:&quot;0&quot;,&quot;credit&quot;:&quot;&quot;,&quot;camera&quot;:&quot;&quot;,&quot;caption&quot;:&quot;&quot;,&quot;created_timestamp&quot;:&quot;0&quot;,&quot;copyright&quot;:&quot;&quot;,&quot;focal_length&quot;:&quot;0&quot;,&quot;iso&quot;:&quot;0&quot;,&quot;shutter_speed&quot;:&quot;0&quot;,&quot;title&quot;:&quot;&quot;,&quot;orientation&quot;:&quot;1&quot;}\" data-image-title=\"1909 Annuaire de la presse francaise p283_wp\" data-image-description=\"\" data-image-caption=\"\" data-large-file=\"https:\/\/i0.wp.com\/lesgravereaux.marret.co\/wp-content\/uploads\/2016\/03\/1909-Annuaire-de-la-presse-francaise-p283_wp.jpg?fit=640%2C313&amp;ssl=1\" class=\"alignnone wp-image-391\" src=\"https:\/\/i0.wp.com\/marret.co\/wp-content\/uploads\/2016\/03\/1909-Annuaire-de-la-presse-francaise-p283_wp.jpg?resize=593%2C290\" alt=\"1909 Annuaire de la presse francaise p283_wp\" width=\"593\" height=\"290\" data-wp-pid=\"391\" srcset=\"https:\/\/i0.wp.com\/lesgravereaux.marret.co\/wp-content\/uploads\/2016\/03\/1909-Annuaire-de-la-presse-francaise-p283_wp.jpg?w=827&amp;ssl=1 827w, https:\/\/i0.wp.com\/lesgravereaux.marret.co\/wp-content\/uploads\/2016\/03\/1909-Annuaire-de-la-presse-francaise-p283_wp.jpg?resize=300%2C147&amp;ssl=1 300w, https:\/\/i0.wp.com\/lesgravereaux.marret.co\/wp-content\/uploads\/2016\/03\/1909-Annuaire-de-la-presse-francaise-p283_wp.jpg?resize=768%2C376&amp;ssl=1 768w, https:\/\/i0.wp.com\/lesgravereaux.marret.co\/wp-content\/uploads\/2016\/03\/1909-Annuaire-de-la-presse-francaise-p283_wp.jpg?resize=800%2C392&amp;ssl=1 800w, https:\/\/i0.wp.com\/lesgravereaux.marret.co\/wp-content\/uploads\/2016\/03\/1909-Annuaire-de-la-presse-francaise-p283_wp.jpg?resize=600%2C294&amp;ssl=1 600w\" sizes=\"auto, (max-width: 593px) 100vw, 593px\" \/><\/a><\/p>\n","protected":false},"excerpt":{"rendered":"<p>Peut-on dire de Jules Gravereaux qu&rsquo;il \u00e9tait journaliste? Oui, si l\u2019on se fie \u00e0 l\u2019Annuaire de la Presse fran\u00e7aise et \u00e9trang\u00e8re et du monde politique, \u00e9dition de 1909. Il fait en effet partie de ceux qui y sont mentionn\u00e9s et &hellip; <a href=\"https:\/\/lesgravereaux.marret.co\/index.php\/jules-gravereaux\/jules-gravereaux-journaliste\/\">Continuer la lecture <span class=\"meta-nav\">&rarr;<\/span><\/a><\/p>\n","protected":false},"author":1,"featured_media":0,"parent":566,"menu_order":0,"comment_status":"closed","ping_status":"closed","template":"","meta":{"ngg_post_thumbnail":0,"footnotes":""},"class_list":["post-589","page","type-page","status-publish","hentry"],"jetpack_sharing_enabled":true,"jetpack_shortlink":"https:\/\/wp.me\/P7ERyi-9v","jetpack-related-posts":[{"id":752,"url":"https:\/\/lesgravereaux.marret.co\/index.php\/jules-gravereaux\/portraits-de-jules-gravereaux\/jules-gravereaux-dans-la-roseraie-renouard\/","url_meta":{"origin":589,"position":0},"title":"Portrait de Jules Gravereaux dans sa roseraie","author":"marretgravereaux","date":"8 mars 2016","format":false,"excerpt":"\u00a0 Jules Gravereaux dans la roseraie de L\u2019Ha\u00ff par Charles-Paul RENOUARD(1841-1919) Huile (H : 1,29\u00a0m - L :\u00a01,745\u00a0m) Photo : Archives d\u00e9partementales du Val-de-Marne\u00a0- Fonds de la Rose (47J245) Expos\u00e9 lors du Salon de la Soci\u00e9t\u00e9 nationale des Beaux-Arts, en 1908, ce tableau fut remarqu\u00e9 des critiques : \u00ab\u00a0Paul Renouard\u2026","rel":"","context":"Article similaire","block_context":{"text":"Article similaire","link":""},"img":{"alt_text":"Renouard, Charles-Paul (47 J 245)_wp","src":"https:\/\/i0.wp.com\/marret.co\/wp-content\/uploads\/2016\/03\/Renouard-Charles-Paul-47-J-245_wp-1024x743.jpg?resize=350%2C200","width":350,"height":200},"classes":[]},{"id":5400,"url":"https:\/\/lesgravereaux.marret.co\/index.php\/jules-gravereaux\/jules-gravereaux-honneurs-et-medailles\/jules-gravereaux-a-lexposition-universelle-de-1900\/","url_meta":{"origin":589,"position":1},"title":"Jules Gravereaux, \u00e0 l&rsquo;Exposition universelle de 1900","author":"marretgravereaux","date":"14 ao\u00fbt 2017","format":false,"excerpt":"En 1900, Jules Gravereaux a cr\u00e9\u00e9 la roseraie de L\u2019Ha\u00ff, r\u00e9uni dans celle-ci une imposante collection de roses et r\u00e9dig\u00e9 ses premi\u00e8res publications. Il d\u00e9cide de participer \u00e0 l\u2019Exposition Universelle Internationale et il s\u2019inscrit dans le groupe VIII destin\u00e9 \u00e0 l\u2019horticulture; plus pr\u00e9cis\u00e9ment, dans la classe 43 r\u00e9serv\u00e9e au Mat\u00e9riel\u2026","rel":"","context":"Article similaire","block_context":{"text":"Article similaire","link":""},"img":{"alt_text":"","src":"https:\/\/i0.wp.com\/lesgravereaux.marret.co\/wp-content\/uploads\/2017\/08\/Chaplain-Exposition-universelle-1900-63mm-24-2a_wp.jpg?resize=350%2C200","width":350,"height":200},"classes":[]},{"id":2377,"url":"https:\/\/lesgravereaux.marret.co\/index.php\/la-famille-gravereaux\/la-famille-gravereaux-au-theatre\/","url_meta":{"origin":589,"position":2},"title":"La famille Gravereaux au th\u00e9\u00e2tre","author":"marretgravereaux","date":"9 mai 2016","format":false,"excerpt":"En se mariant avec Laure Thuillier, Jules Gravereaux entrait dans une famille au talent artistique ind\u00e9niable. Sa belle-s\u0153ur, Louise Victoire Thuillier avait remport\u00e9 un premier prix de piano et un 1er prix de solf\u00e8ge au Conservatoire; elle fit d\u2019ailleurs carri\u00e8re \u00e0 l\u2019Op\u00e9ra-Comique et \u00e0 la Gait\u00e9 Lyrique, o\u00f9 elle cr\u00e9a\u2026","rel":"","context":"Article similaire","block_context":{"text":"Article similaire","link":""},"img":{"alt_text":"1903-03-30 Gravereaux, Jules - Spectacle (Journal des debats) 2_wp","src":"https:\/\/i0.wp.com\/lesgravereaux.marret.co\/wp-content\/uploads\/2016\/05\/1903-03-30-Gravereaux-Jules-Spectacle-Journal-des-debats-2_wp-1024x683.jpg?resize=350%2C200","width":350,"height":200},"classes":[]},{"id":815,"url":"https:\/\/lesgravereaux.marret.co\/index.php\/jules-gravereaux\/jules-gravereaux-ses-ancetres\/","url_meta":{"origin":589,"position":3},"title":"Jules Gravereaux &#8211; Ses anc\u00eatres","author":"marretgravereaux","date":"11 mars 2016","format":false,"excerpt":"","rel":"","context":"Article similaire","block_context":{"text":"Article similaire","link":""},"img":{"alt_text":"GRAVEREAUX, Jules - Ascendance patronymique","src":"https:\/\/i0.wp.com\/marret.co\/wp-content\/uploads\/2016\/03\/Gravereaux-Jules-Ascendance-patronymique-529x1024.jpg?resize=350%2C200","width":350,"height":200,"srcset":"https:\/\/i0.wp.com\/marret.co\/wp-content\/uploads\/2016\/03\/Gravereaux-Jules-Ascendance-patronymique-529x1024.jpg?resize=350%2C200 1x, https:\/\/i0.wp.com\/marret.co\/wp-content\/uploads\/2016\/03\/Gravereaux-Jules-Ascendance-patronymique-529x1024.jpg?resize=525%2C300 1.5x"},"classes":[]},{"id":1042,"url":"https:\/\/lesgravereaux.marret.co\/index.php\/la-roseraie-de-lhay\/la-chapelle\/","url_meta":{"origin":589,"position":4},"title":"La chapelle","author":"marretgravereaux","date":"13 mars 2016","format":false,"excerpt":"\u00c0 l\u2019origine, ce b\u00e2timent servait de grange, voire d\u2019appentis pour entreposer les outils de jardinage servant \u00e0 entretenir le jardin et le potager de la propri\u00e9t\u00e9. Jules Gravereaux a d\u00e9cid\u00e9 de le transformer et d\u2019en faire une chapelle, obtenant de l\u2019Archev\u00each\u00e9, en 1905, que des messes y soient dites\u2026 Apr\u00e8s\u2026","rel":"","context":"Article similaire","block_context":{"text":"Article similaire","link":""},"img":{"alt_text":"1905-01-16 Archeveche de Paris - Autorisation de celebration_wp","src":"https:\/\/i0.wp.com\/marret.co\/wp-content\/uploads\/2016\/03\/1905-01-16-Archeveche-de-Paris-Autorisation-de-celebration_wp-609x1024.jpg?resize=350%2C200","width":350,"height":200},"classes":[]},{"id":2409,"url":"https:\/\/lesgravereaux.marret.co\/index.php\/jules-gravereaux\/1294-2\/des-roses\/des-roses-honorifiques-au-nom-de-gravereaux\/","url_meta":{"origin":589,"position":5},"title":"Des roses honorifiques au nom de Gravereaux","author":"marretgravereaux","date":"10 mai 2016","format":false,"excerpt":"Cr\u00e9ateur et collectionneur de roses, Jules Gravereaux s'est fait rapidement une grande r\u00e9putation parmi les horticulteurs amateurs de roses. Plusieurs rosi\u00e9ristes ont donc d\u00e9cid\u00e9 de donner son nom \u00e0 l'un des cultivars qu'ils avaient obtenus... Henri Gravereaux ayant poursuivi l\u2019\u0153uvre de son p\u00e8re, son nom (ou celui de sa fille)\u2026","rel":"","context":"Article similaire","block_context":{"text":"Article similaire","link":""},"img":{"alt_text":"Colonel Gravereaux (AmiRoses)_wp","src":"https:\/\/i0.wp.com\/lesgravereaux.marret.co\/wp-content\/uploads\/2016\/05\/Colonel-Gravereaux-AmiRoses_wp.jpg?resize=350%2C200","width":350,"height":200},"classes":[]}],"_links":{"self":[{"href":"https:\/\/lesgravereaux.marret.co\/index.php\/wp-json\/wp\/v2\/pages\/589","targetHints":{"allow":["GET"]}}],"collection":[{"href":"https:\/\/lesgravereaux.marret.co\/index.php\/wp-json\/wp\/v2\/pages"}],"about":[{"href":"https:\/\/lesgravereaux.marret.co\/index.php\/wp-json\/wp\/v2\/types\/page"}],"author":[{"embeddable":true,"href":"https:\/\/lesgravereaux.marret.co\/index.php\/wp-json\/wp\/v2\/users\/1"}],"replies":[{"embeddable":true,"href":"https:\/\/lesgravereaux.marret.co\/index.php\/wp-json\/wp\/v2\/comments?post=589"}],"version-history":[{"count":0,"href":"https:\/\/lesgravereaux.marret.co\/index.php\/wp-json\/wp\/v2\/pages\/589\/revisions"}],"up":[{"embeddable":true,"href":"https:\/\/lesgravereaux.marret.co\/index.php\/wp-json\/wp\/v2\/pages\/566"}],"wp:attachment":[{"href":"https:\/\/lesgravereaux.marret.co\/index.php\/wp-json\/wp\/v2\/media?parent=589"}],"curies":[{"name":"wp","href":"https:\/\/api.w.org\/{rel}","templated":true}]}}

<p>Peut-on dire de Jules Gravereaux qu&rsquo;il était journaliste? Oui, si l’on se fie à l’<em>Annuaire de la Presse française et étrangère et du monde politique</em>, édition de 1909.</p>
<p>Il fait en effet partie de ceux qui y sont mentionnés et répertoriés&#8230; comme ayant été décorés en 1908 et nommés <strong>Commandeurs au Mérite agricole</strong>. Encore plus surprenant (peut-être&#8230;), il est qualifié de <strong>publiciste rosiériste</strong> à L’Haÿ!</p>
<p><a href="https://i0.wp.com/marret.co/wp-content/uploads/2016/03/1909-Annuaire-de-la-presse-francaise-p283_wp.jpg" rel="attachment wp-att-391"><img data-recalc-dims="1" loading="lazy" decoding="async" data-attachment-id="391" data-permalink="https://lesgravereaux.marret.co/1909-annuaire-de-la-presse-francaise-p283_wp-2/" data-orig-file="https://i0.wp.com/lesgravereaux.marret.co/wp-content/uploads/2016/03/1909-Annuaire-de-la-presse-francaise-p283_wp.jpg?fit=827%2C405&amp;ssl=1" data-orig-size="827,405" data-comments-opened="1" data-image-meta="{&quot;aperture&quot;:&quot;0&quot;,&quot;credit&quot;:&quot;&quot;,&quot;camera&quot;:&quot;&quot;,&quot;caption&quot;:&quot;&quot;,&quot;created_timestamp&quot;:&quot;0&quot;,&quot;copyright&quot;:&quot;&quot;,&quot;focal_length&quot;:&quot;0&quot;,&quot;iso&quot;:&quot;0&quot;,&quot;shutter_speed&quot;:&quot;0&quot;,&quot;title&quot;:&quot;&quot;,&quot;orientation&quot;:&quot;1&quot;}" data-image-title="1909 Annuaire de la presse francaise p283_wp" data-image-description="" data-image-caption="" data-large-file="https://i0.wp.com/lesgravereaux.marret.co/wp-content/uploads/2016/03/1909-Annuaire-de-la-presse-francaise-p283_wp.jpg?fit=640%2C313&amp;ssl=1" class="alignnone wp-image-391" src="https://i0.wp.com/marret.co/wp-content/uploads/2016/03/1909-Annuaire-de-la-presse-francaise-p283_wp.jpg?resize=593%2C290" alt="1909 Annuaire de la presse francaise p283_wp" width="593" height="290" data-wp-pid="391" srcset="https://i0.wp.com/lesgravereaux.marret.co/wp-content/uploads/2016/03/1909-Annuaire-de-la-presse-francaise-p283_wp.jpg?w=827&amp;ssl=1 827w, https://i0.wp.com/lesgravereaux.marret.co/wp-content/uploads/2016/03/1909-Annuaire-de-la-presse-francaise-p283_wp.jpg?resize=300%2C147&amp;ssl=1 300w, https://i0.wp.com/lesgravereaux.marret.co/wp-content/uploads/2016/03/1909-Annuaire-de-la-presse-francaise-p283_wp.jpg?resize=768%2C376&amp;ssl=1 768w, https://i0.wp.com/lesgravereaux.marret.co/wp-content/uploads/2016/03/1909-Annuaire-de-la-presse-francaise-p283_wp.jpg?resize=800%2C392&amp;ssl=1 800w, https://i0.wp.com/lesgravereaux.marret.co/wp-content/uploads/2016/03/1909-Annuaire-de-la-presse-francaise-p283_wp.jpg?resize=600%2C294&amp;ssl=1 600w" sizes="auto, (max-width: 593px) 100vw, 593px" /></a></p>

<p>Peut-on dire de Jules Gravereaux qu&rsquo;il était journaliste? Oui, si l’on se fie à l’Annuaire de la Presse française et étrangère et du monde politique, édition de 1909. Il fait en effet partie de ceux qui y sont mentionnés et &hellip; <a href="https://lesgravereaux.marret.co/index.php/jules-gravereaux/jules-gravereaux-journaliste/">Continuer la lecture <span class="meta-nav">&rarr;</span></a></p>

Jules Gravereaux dans la roseraie de L’Haÿ par Charles-Paul RENOUARD(1841-1919) Huile (H : 1,29 m - L : 1,745 m) Photo : Archives départementales du Val-de-Marne - Fonds de la Rose (47J245) Exposé lors du Salon de la Société nationale des Beaux-Arts, en 1908, ce tableau fut remarqué des critiques : « Paul Renouard…

Jules Gravereaux, à l&rsquo;Exposition universelle de 1900

14 août 2017

En 1900, Jules Gravereaux a créé la roseraie de L’Haÿ, réuni dans celle-ci une imposante collection de roses et rédigé ses premières publications. Il décide de participer à l’Exposition Universelle Internationale et il s’inscrit dans le groupe VIII destiné à l’horticulture; plus précisément, dans la classe 43 réservée au Matériel…

La famille Gravereaux au théâtre

En se mariant avec Laure Thuillier, Jules Gravereaux entrait dans une famille au talent artistique indéniable. Sa belle-sœur, Louise Victoire Thuillier avait remporté un premier prix de piano et un 1er prix de solfège au Conservatoire; elle fit d’ailleurs carrière à l’Opéra-Comique et à la Gaité Lyrique, où elle créa…

Jules Gravereaux &#8211; Ses ancêtres

À l’origine, ce bâtiment servait de grange, voire d’appentis pour entreposer les outils de jardinage servant à entretenir le jardin et le potager de la propriété. Jules Gravereaux a décidé de le transformer et d’en faire une chapelle, obtenant de l’Archevêché, en 1905, que des messes y soient dites… Après…

Créateur et collectionneur de roses, Jules Gravereaux s'est fait rapidement une grande réputation parmi les horticulteurs amateurs de roses. Plusieurs rosiéristes ont donc décidé de donner son nom à l'un des cultivars qu'ils avaient obtenus... Henri Gravereaux ayant poursuivi l’œuvre de son père, son nom (ou celui de sa fille)…
