{"id":566,"date":"2016-03-07T11:57:29","date_gmt":"2016-03-07T10:57:29","guid":{"rendered":"http:\/\/marret.co\/?page_id=566"},"modified":"2018-01-30T23:11:16","modified_gmt":"2018-01-30T22:11:16","slug":"jules-gravereaux","status":"publish","type":"page","link":"https:\/\/lesgravereaux.marret.co\/index.php\/jules-gravereaux\/","title":{"rendered":"Jules Gravereaux"},"content":{"rendered":"<p><a href=\"https:\/\/i0.wp.com\/marret.co\/wp-content\/uploads\/2015\/10\/Jules-Gravereaux-JLM0071a.jpg\" rel=\"attachment wp-att-42\"><img data-recalc-dims=\"1\" loading=\"lazy\" decoding=\"async\" data-attachment-id=\"42\" data-permalink=\"https:\/\/lesgravereaux.marret.co\/index.php\/jules-gravereaux\/jules-gravereaux-jlm0071a\/\" data-orig-file=\"https:\/\/i0.wp.com\/lesgravereaux.marret.co\/wp-content\/uploads\/2015\/10\/Jules-Gravereaux-JLM0071a.jpg?fit=2452%2C3395&amp;ssl=1\" data-orig-size=\"2452,3395\" data-comments-opened=\"1\" data-image-meta=\"{&quot;aperture&quot;:&quot;0&quot;,&quot;credit&quot;:&quot;&quot;,&quot;camera&quot;:&quot;&quot;,&quot;caption&quot;:&quot;&quot;,&quot;created_timestamp&quot;:&quot;0&quot;,&quot;copyright&quot;:&quot;&quot;,&quot;focal_length&quot;:&quot;0&quot;,&quot;iso&quot;:&quot;0&quot;,&quot;shutter_speed&quot;:&quot;0&quot;,&quot;title&quot;:&quot;&quot;,&quot;orientation&quot;:&quot;1&quot;}\" data-image-title=\"Jules Gravereaux &amp;#8211; JLM0071a\" data-image-description=\"\" data-image-caption=\"\" data-medium-file=\"https:\/\/i0.wp.com\/lesgravereaux.marret.co\/wp-content\/uploads\/2015\/10\/Jules-Gravereaux-JLM0071a.jpg?fit=217%2C300&amp;ssl=1\" data-large-file=\"https:\/\/i0.wp.com\/lesgravereaux.marret.co\/wp-content\/uploads\/2015\/10\/Jules-Gravereaux-JLM0071a.jpg?fit=640%2C886&amp;ssl=1\" width=\"200\" height=\"277\" class=\"wp-image-42 alignleft\" alt=\"Jules Gravereaux - JLM0071a\" src=\"https:\/\/i0.wp.com\/marret.co\/wp-content\/uploads\/2015\/10\/Jules-Gravereaux-JLM0071a-740x1024.jpg?resize=200%2C277\" data-wp-pid=\"42\" srcset=\"https:\/\/i0.wp.com\/lesgravereaux.marret.co\/wp-content\/uploads\/2015\/10\/Jules-Gravereaux-JLM0071a.jpg?resize=740%2C1024&amp;ssl=1 740w, https:\/\/i0.wp.com\/lesgravereaux.marret.co\/wp-content\/uploads\/2015\/10\/Jules-Gravereaux-JLM0071a.jpg?resize=217%2C300&amp;ssl=1 217w, https:\/\/i0.wp.com\/lesgravereaux.marret.co\/wp-content\/uploads\/2015\/10\/Jules-Gravereaux-JLM0071a.jpg?resize=433%2C600&amp;ssl=1 433w, https:\/\/i0.wp.com\/lesgravereaux.marret.co\/wp-content\/uploads\/2015\/10\/Jules-Gravereaux-JLM0071a.jpg?resize=800%2C1108&amp;ssl=1 800w, https:\/\/i0.wp.com\/lesgravereaux.marret.co\/wp-content\/uploads\/2015\/10\/Jules-Gravereaux-JLM0071a.jpg?w=1280&amp;ssl=1 1280w, https:\/\/i0.wp.com\/lesgravereaux.marret.co\/wp-content\/uploads\/2015\/10\/Jules-Gravereaux-JLM0071a.jpg?w=1920&amp;ssl=1 1920w\" sizes=\"auto, (max-width: 200px) 100vw, 200px\" \/><\/a>Jules GRAVEREAUX <a href=\"https:\/\/lesgravereaux.marret.co\/index.php\/jules-gravereaux\/des-evenements-de-sa-vie\/jules-gravereaux-sa-naissance\/\">voit le jour<\/a> le mercredi 1er mai 1844 \u00e0 Vitry-sur-Seine; il est le troisi\u00e8me enfant de <a href=\"https:\/\/lesgravereaux.marret.co\/index.php\/etablissement-gravereaux\/jean-narcisse-mathurin-gravereaux\/\">Jean Narcisse Mathurin Gravereaux<\/a> et Marie Henriette Gervais.<\/p>\n<p>Il commence \u00e0 travailler \u00e0 l\u2019\u00e2ge de 12 ans, d\u00e9butant chez une merci\u00e8re de la rue du Bac, madame Caillaut. En 1864, Jules Gravereaux entre au Bon March\u00e9 qu\u2019il quittera deux ans plus tard pour le Magasin du Louvre.<\/p>\n<p>Pendant la guerre de 1870-1871, il fait son service militaire dans la Garde nationale de la Seine (18e bataillon, 2e compagnie).<\/p>\n<p>En 1870, et apr\u00e8s avoir \u00e9t\u00e9 bri\u00e8vement au Magasin de la Paix, Jules Gravereaux retourne au <a href=\"https:\/\/lesgravereaux.marret.co\/index.php\/jules-gravereaux\/jules-gravereaux-au-bon-marche\/\">Bon March\u00e9<\/a> o\u00f9 il occupe le poste de \u00ab <em>Premier au comptoir d&rsquo;ombrelles<\/em> \u00bb.<\/p>\n<p>En 1871, son fr\u00e8re <a href=\"https:\/\/lesgravereaux.marret.co\/index.php\/etablissement-gravereaux\/jean-narcisse-mathurin-gravereaux\/narcisse-gravereaux\/\">Narcisse<\/a>&nbsp;\u00e9pouse Mathilde Thuillier; deux ans apr\u00e8s, le 9 ao\u00fbt 1873, Jules Gravereaux <a href=\"https:\/\/lesgravereaux.marret.co\/index.php\/jules-gravereaux\/des-evenements-de-sa-vie\/jules-gravereaux-son-mariage\/\">\u00e9pouse<\/a> la s\u0153ur de celle-ci,&nbsp;<a href=\"https:\/\/lesgravereaux.marret.co\/index.php\/laure-thuillier\/\">Laure THUILLIER<\/a>.&nbsp;Ils auront ensemble sept enfants : Henri, Ren\u00e9, Rose, Blanche, Pierre, Madeleine et Am\u00e9lie.<\/p>\n<p><a href=\"https:\/\/i0.wp.com\/marret.co\/wp-content\/uploads\/2016\/03\/Au-Bon-Marche01a_wp.jpg\" rel=\"attachment wp-att-623\"><img data-recalc-dims=\"1\" loading=\"lazy\" decoding=\"async\" data-attachment-id=\"623\" data-permalink=\"https:\/\/lesgravereaux.marret.co\/index.php\/jules-gravereaux\/au-bon-marche01a_wp-2\/\" data-orig-file=\"https:\/\/i0.wp.com\/lesgravereaux.marret.co\/wp-content\/uploads\/2016\/03\/Au-Bon-Marche01a_wp.jpg?fit=1080%2C521&amp;ssl=1\" data-orig-size=\"1080,521\" data-comments-opened=\"1\" data-image-meta=\"{&quot;aperture&quot;:&quot;0&quot;,&quot;credit&quot;:&quot;&quot;,&quot;camera&quot;:&quot;&quot;,&quot;caption&quot;:&quot;&quot;,&quot;created_timestamp&quot;:&quot;0&quot;,&quot;copyright&quot;:&quot;&quot;,&quot;focal_length&quot;:&quot;0&quot;,&quot;iso&quot;:&quot;0&quot;,&quot;shutter_speed&quot;:&quot;0&quot;,&quot;title&quot;:&quot;&quot;,&quot;orientation&quot;:&quot;1&quot;}\" data-image-title=\"Au Bon Marche01a_wp\" data-image-description=\"\" data-image-caption=\"\" data-medium-file=\"https:\/\/i0.wp.com\/lesgravereaux.marret.co\/wp-content\/uploads\/2016\/03\/Au-Bon-Marche01a_wp.jpg?fit=300%2C145&amp;ssl=1\" data-large-file=\"https:\/\/i0.wp.com\/lesgravereaux.marret.co\/wp-content\/uploads\/2016\/03\/Au-Bon-Marche01a_wp.jpg?fit=640%2C309&amp;ssl=1\" width=\"350\" height=\"169\" class=\"wp-image-623 alignright\" alt=\"Au Bon Marche01a_wp\" src=\"https:\/\/i0.wp.com\/marret.co\/wp-content\/uploads\/2016\/03\/Au-Bon-Marche01a_wp-1024x494.jpg?resize=350%2C169\" data-wp-pid=\"623\" srcset=\"https:\/\/i0.wp.com\/lesgravereaux.marret.co\/wp-content\/uploads\/2016\/03\/Au-Bon-Marche01a_wp.jpg?resize=1024%2C494&amp;ssl=1 1024w, https:\/\/i0.wp.com\/lesgravereaux.marret.co\/wp-content\/uploads\/2016\/03\/Au-Bon-Marche01a_wp.jpg?resize=300%2C145&amp;ssl=1 300w, https:\/\/i0.wp.com\/lesgravereaux.marret.co\/wp-content\/uploads\/2016\/03\/Au-Bon-Marche01a_wp.jpg?resize=768%2C370&amp;ssl=1 768w, https:\/\/i0.wp.com\/lesgravereaux.marret.co\/wp-content\/uploads\/2016\/03\/Au-Bon-Marche01a_wp.jpg?resize=800%2C386&amp;ssl=1 800w, https:\/\/i0.wp.com\/lesgravereaux.marret.co\/wp-content\/uploads\/2016\/03\/Au-Bon-Marche01a_wp.jpg?resize=600%2C289&amp;ssl=1 600w, https:\/\/i0.wp.com\/lesgravereaux.marret.co\/wp-content\/uploads\/2016\/03\/Au-Bon-Marche01a_wp.jpg?w=1080&amp;ssl=1 1080w\" sizes=\"auto, (max-width: 350px) 100vw, 350px\" \/><\/a>\u00c0 partir de 1874, il est \u00ab int\u00e9ress\u00e9 \u00bb au Bon March\u00e9, touchant un pourcentage sur les ventes; ses revenus cro\u00eessent rapidement\u2026 Et en 1878, il acc\u00e8de au Conseil d\u2019administration.<\/p>\n<p>\u00c0 la suite du d\u00e9c\u00e8s de monsieur Boucicaut (le propri\u00e9taire des magasins du Bon March\u00e9) et selon la volont\u00e9 de celui-ci, sa veuve transforme la Soci\u00e9t\u00e9 en association coop\u00e9rative form\u00e9e entre elle-m\u00eame et 96 chefs de service et employ\u00e9s. Jules Gravereaux en est l\u2019un des principaux \u00ab associ\u00e9s commanditaires \u00bb.<\/p>\n<p><a href=\"https:\/\/lesgravereaux.marret.co\/index.php\/etablissement-gravereaux\/jules-gravereaux\/jules-gravereaux-au-bon-marche\/jules-gravereaux-heritier-boucicaut\/\">Fort de ses revenus et de ses placements<\/a>, Jules Gravereaux quitte le Bon March\u00e9 en 1888 et prend sa retraite.<\/p>\n<p>En 1892, il ach\u00e8te \u00e0 L\u2019Ha\u00ff un domaine de onze hectares et y d\u00e9veloppe une importante collection de roses. Il fait appel en 1899 \u00e0 un paysagiste renomm\u00e9, \u00c9douard Andr\u00e9, pour cr\u00e9er ensemble le premier jardin d\u00e9di\u00e9 uniquement aux roses.<\/p>\n<p>Au fil des ans, il l\u2019agrandit pour en faire <a href=\"https:\/\/lesgravereaux.marret.co\/index.php\/la-roseraie-de-lhay\/\">la plus importante roseraie du monde<\/a>. Parall\u00e8lement, il effectue de nombreuses recherches sur les roses et leur histoire, et en obtient, par hybridation, plusieurs dizaines de vari\u00e9t\u00e9s. Il travaille \u00e9galement pour obtenir des vari\u00e9t\u00e9s propices \u00e0 la production en quantit\u00e9 d\u2019essence de rose.<\/p>\n<p><span lang=\"FR\" style=\"margin: 0px; color: #333333; font-family: 'Georgia','serif';\">Reconnu pour ses connaissances et l&rsquo;importance de ses collections, Jules Gravereaux contribue \u00e0 la cr\u00e9ation de la <a href=\"https:\/\/lesgravereaux.marret.co\/index.php\/des-roseraies\/la-roseraie-de-bagatelle\/\">roseraie de Bagatelle <\/a>(1905), participe \u00e0 la reconstitution de la collection de roses de Jos\u00e9phine de Beauharnais, au <a href=\"https:\/\/lesgravereaux.marret.co\/index.php\/des-roseraies\/la-roseraie-de-la-malmaison\/\">ch\u00e2teau de La&nbsp;Malmaison <\/a>(1909) et il est \u00e0 l\u2019origine de celle du <a href=\"https:\/\/lesgravereaux.marret.co\/index.php\/des-roseraies\/la-roseraie-de-lelysee\/\">Palais de l\u2019\u00c9lys\u00e9e <\/a>(1914).<\/span><\/p>\n<p><a href=\"https:\/\/i0.wp.com\/marret.co\/wp-content\/uploads\/2016\/03\/Montparnasse-Tombe-Gravereaux-2009-06_010c_wp.jpg\" rel=\"attachment wp-att-1023\"><img data-recalc-dims=\"1\" loading=\"lazy\" decoding=\"async\" data-attachment-id=\"1023\" data-permalink=\"https:\/\/lesgravereaux.marret.co\/index.php\/jules-gravereaux\/sony-dsc-4\/\" data-orig-file=\"https:\/\/i0.wp.com\/lesgravereaux.marret.co\/wp-content\/uploads\/2016\/03\/Montparnasse-Tombe-Gravereaux-2009-06_010c_wp.jpg?fit=1030%2C1575&amp;ssl=1\" data-orig-size=\"1030,1575\" data-comments-opened=\"1\" data-image-meta=\"{&quot;aperture&quot;:&quot;7.1&quot;,&quot;credit&quot;:&quot;&quot;,&quot;camera&quot;:&quot;DSLR-A100&quot;,&quot;caption&quot;:&quot;SONY DSC&quot;,&quot;created_timestamp&quot;:&quot;1238414514&quot;,&quot;copyright&quot;:&quot;&quot;,&quot;focal_length&quot;:&quot;30&quot;,&quot;iso&quot;:&quot;100&quot;,&quot;shutter_speed&quot;:&quot;0.01&quot;,&quot;title&quot;:&quot;SONY DSC&quot;,&quot;orientation&quot;:&quot;1&quot;}\" data-image-title=\"Montparnasse &amp;#8211; Tombe Gravereaux (2009- 06_010c)_wp\" data-image-description=\"\" data-image-caption=\"\" data-medium-file=\"https:\/\/i0.wp.com\/lesgravereaux.marret.co\/wp-content\/uploads\/2016\/03\/Montparnasse-Tombe-Gravereaux-2009-06_010c_wp.jpg?fit=196%2C300&amp;ssl=1\" data-large-file=\"https:\/\/i0.wp.com\/lesgravereaux.marret.co\/wp-content\/uploads\/2016\/03\/Montparnasse-Tombe-Gravereaux-2009-06_010c_wp.jpg?fit=640%2C978&amp;ssl=1\" width=\"201\" height=\"307\" class=\"wp-image-1023 alignleft\" alt=\"Montparnasse - Tombe Gravereaux (2009- 06_010c)_wp\" src=\"https:\/\/i0.wp.com\/marret.co\/wp-content\/uploads\/2016\/03\/Montparnasse-Tombe-Gravereaux-2009-06_010c_wp-670x1024.jpg?resize=201%2C307\" data-wp-pid=\"1023\" srcset=\"https:\/\/i0.wp.com\/lesgravereaux.marret.co\/wp-content\/uploads\/2016\/03\/Montparnasse-Tombe-Gravereaux-2009-06_010c_wp.jpg?resize=670%2C1024&amp;ssl=1 670w, https:\/\/i0.wp.com\/lesgravereaux.marret.co\/wp-content\/uploads\/2016\/03\/Montparnasse-Tombe-Gravereaux-2009-06_010c_wp.jpg?resize=196%2C300&amp;ssl=1 196w, https:\/\/i0.wp.com\/lesgravereaux.marret.co\/wp-content\/uploads\/2016\/03\/Montparnasse-Tombe-Gravereaux-2009-06_010c_wp.jpg?resize=768%2C1174&amp;ssl=1 768w, https:\/\/i0.wp.com\/lesgravereaux.marret.co\/wp-content\/uploads\/2016\/03\/Montparnasse-Tombe-Gravereaux-2009-06_010c_wp.jpg?resize=785%2C1200&amp;ssl=1 785w, https:\/\/i0.wp.com\/lesgravereaux.marret.co\/wp-content\/uploads\/2016\/03\/Montparnasse-Tombe-Gravereaux-2009-06_010c_wp.jpg?resize=392%2C600&amp;ssl=1 392w, https:\/\/i0.wp.com\/lesgravereaux.marret.co\/wp-content\/uploads\/2016\/03\/Montparnasse-Tombe-Gravereaux-2009-06_010c_wp.jpg?w=1030&amp;ssl=1 1030w\" sizes=\"auto, (max-width: 201px) 100vw, 201px\" \/><\/a><\/p>\n<p>&nbsp;<\/p>\n<p><a href=\"https:\/\/i0.wp.com\/marret.co\/wp-content\/uploads\/2016\/03\/Roses-de-Malmaison-c01_wp.jpg\" rel=\"attachment wp-att-627\"><img data-recalc-dims=\"1\" loading=\"lazy\" decoding=\"async\" data-attachment-id=\"627\" data-permalink=\"https:\/\/lesgravereaux.marret.co\/index.php\/jules-gravereaux\/roses-de-malmaison-c01_wp\/\" data-orig-file=\"https:\/\/i0.wp.com\/lesgravereaux.marret.co\/wp-content\/uploads\/2016\/03\/Roses-de-Malmaison-c01_wp.jpg?fit=393%2C394&amp;ssl=1\" data-orig-size=\"393,394\" data-comments-opened=\"1\" data-image-meta=\"{&quot;aperture&quot;:&quot;0&quot;,&quot;credit&quot;:&quot;&quot;,&quot;camera&quot;:&quot;HP Scanjet 4800&quot;,&quot;caption&quot;:&quot;&quot;,&quot;created_timestamp&quot;:&quot;1173794878&quot;,&quot;copyright&quot;:&quot;&quot;,&quot;focal_length&quot;:&quot;0&quot;,&quot;iso&quot;:&quot;0&quot;,&quot;shutter_speed&quot;:&quot;0&quot;,&quot;title&quot;:&quot;&quot;,&quot;orientation&quot;:&quot;1&quot;}\" data-image-title=\"Roses de Malmaison &amp;#8211; c01_wp\" data-image-description=\"\" data-image-caption=\"\" data-medium-file=\"https:\/\/i0.wp.com\/lesgravereaux.marret.co\/wp-content\/uploads\/2016\/03\/Roses-de-Malmaison-c01_wp.jpg?fit=300%2C300&amp;ssl=1\" data-large-file=\"https:\/\/i0.wp.com\/lesgravereaux.marret.co\/wp-content\/uploads\/2016\/03\/Roses-de-Malmaison-c01_wp.jpg?fit=393%2C394&amp;ssl=1\" width=\"188\" height=\"189\" class=\"wp-image-627 alignright\" alt=\"Roses de Malmaison - c01_wp\" src=\"https:\/\/i0.wp.com\/marret.co\/wp-content\/uploads\/2016\/03\/Roses-de-Malmaison-c01_wp.jpg?resize=188%2C189\" data-wp-pid=\"627\" srcset=\"https:\/\/i0.wp.com\/lesgravereaux.marret.co\/wp-content\/uploads\/2016\/03\/Roses-de-Malmaison-c01_wp.jpg?w=393&amp;ssl=1 393w, https:\/\/i0.wp.com\/lesgravereaux.marret.co\/wp-content\/uploads\/2016\/03\/Roses-de-Malmaison-c01_wp.jpg?resize=150%2C150&amp;ssl=1 150w, https:\/\/i0.wp.com\/lesgravereaux.marret.co\/wp-content\/uploads\/2016\/03\/Roses-de-Malmaison-c01_wp.jpg?resize=300%2C300&amp;ssl=1 300w\" sizes=\"auto, (max-width: 188px) 100vw, 188px\" \/><\/a>Jules Gravereaux <a href=\"https:\/\/lesgravereaux.marret.co\/index.php\/etablissement-gravereaux\/jules-gravereaux\/jules-gravereaux-son-deces\/\">d\u00e9c\u00e9de<\/a> le jeudi 23 mars 1916, \u00e0 l&rsquo;\u00e2ge de 71 ans, \u00e0 Paris (4&nbsp; avenue de Villars) et est inhum\u00e9 au cimeti\u00e8re Montparnasse.<\/p>\n<p>&nbsp;<\/p>\n<p>&nbsp;<\/p>\n<p>&nbsp;<\/p>\n","protected":false},"excerpt":{"rendered":"<p>Jules GRAVEREAUX voit le jour le mercredi 1er mai 1844 \u00e0 Vitry-sur-Seine; il est le troisi\u00e8me enfant de Jean Narcisse Mathurin Gravereaux et Marie Henriette Gervais. Il commence \u00e0 travailler \u00e0 l\u2019\u00e2ge de 12 ans, d\u00e9butant chez une merci\u00e8re de &hellip; <a href=\"https:\/\/lesgravereaux.marret.co\/index.php\/jules-gravereaux\/\">Continuer la lecture <span class=\"meta-nav\">&rarr;<\/span><\/a><\/p>\n","protected":false},"author":1,"featured_media":0,"parent":0,"menu_order":0,"comment_status":"closed","ping_status":"closed","template":"","meta":{"ngg_post_thumbnail":0,"jetpack_post_was_ever_published":false,"footnotes":""},"class_list":["post-566","page","type-page","status-publish","hentry"],"jetpack_sharing_enabled":true,"jetpack_shortlink":"https:\/\/wp.me\/P7ERyi-98","jetpack-related-posts":[{"id":863,"url":"https:\/\/lesgravereaux.marret.co\/index.php\/jules-gravereaux\/jules-gravereaux-ses-ancetres\/jean-narcisse-mathurin-gravereaux\/narcisse-gravereaux\/","url_meta":{"origin":566,"position":0},"title":"Narcisse Gravereaux","author":"marretgravereaux","date":"11 mars 2016","format":false,"excerpt":"Louis Narcisse Gravereaux \u00e9tait le deuxi\u00e8me enfant (hormis les mort-n\u00e9s) de Jean-Narcisse Mathurin Gravereaux et Marie Henriette Gervais. Il est n\u00e9 le 4 d\u00e9cembre 1837 \u00e0 Vitry-sur-Seine. Le 7 d\u00e9cembre 1871, il \u00e9pousait Mathilde Thuillier; deux ans apr\u00e8s son fr\u00e8re, Jules \u00e9pousait sa belle-s\u0153ur Laure\u2026 Dipl\u00f4m\u00e9 des Beaux-Arts, il est\u2026","rel":"","context":"Article similaire","block_context":{"text":"Article similaire","link":""},"img":{"alt_text":"","src":"https:\/\/i0.wp.com\/lesgravereaux.marret.co\/wp-content\/uploads\/2019\/02\/Gravereaux-Narcisse-01a_wp.jpg?resize=350%2C200","width":350,"height":200},"classes":[]},{"id":853,"url":"https:\/\/lesgravereaux.marret.co\/index.php\/jules-gravereaux\/jules-gravereaux-ses-ancetres\/jean-narcisse-mathurin-gravereaux\/le-deces-de-jean-narcisse-mathurin-gravereaux\/","url_meta":{"origin":566,"position":1},"title":"Le d\u00e9c\u00e8s de Jean Narcisse Mathurin Gravereaux","author":"marretgravereaux","date":"11 mars 2016","format":false,"excerpt":"\u00ab\u00a0Du dix neuf D\u00e9cembre mil huit cent soixante dix neuf \u00e0 deux heures et demie du matin, acte de d\u00e9c\u00e8s de\u00a0Jean, Narcisse, Mathurin, Gravereaux\u00a0\u00e2g\u00e9 de soixante treize ans, Propri\u00e9taire, n\u00e9 \u00e0 Vitry y d\u00e9c\u00e9d\u00e9 aujourd'hui \u00e0 onze heures du matin, rue Saint Aubin n\u00b09, son domicile, \u00c9poux de Marie, Henriette,\u2026","rel":"","context":"Article similaire","block_context":{"text":"Article similaire","link":""},"img":{"alt_text":"1879-12-19 GRAVEREAUX, Jean Narcisse Mathurin - Deces_wp","src":"https:\/\/i0.wp.com\/marret.co\/wp-content\/uploads\/2016\/03\/1879-12-19-GRAVEREAUX-Jean-Narcisse-Mathurin-Deces_wp-1024x858.jpg?resize=350%2C200","width":350,"height":200},"classes":[]},{"id":724,"url":"https:\/\/lesgravereaux.marret.co\/index.php\/jules-gravereaux\/des-evenements-de-sa-vie\/jules-gravereaux-son-deces\/","url_meta":{"origin":566,"position":2},"title":"Jules Gravereaux &#8211; son d\u00e9c\u00e8s","author":"marretgravereaux","date":"8 mars 2016","format":false,"excerpt":"\u00a0 \u00ab\u00a0Le vingt-trois Mars mil neuf cent seize, dix heures et demie du matin est d\u00e9c\u00e9d\u00e9 en son domicile 4\u00a0Avenue de Villars\u00a0: Jules, Gravereaux, propri\u00e9taire, officier de la L\u00e9gion d'honneur, n\u00e9 \u00e0 Vitry-sur-Seine (Seine) le premier mai mil huit cent quarante quatre; fils de Jean-Narcisse, Gravereaux et de Marie, Henriette,\u2026","rel":"","context":"Article similaire","block_context":{"text":"Article similaire","link":""},"img":{"alt_text":"1916-03-24 Gravereaux, Jules - Deces (AMP)_wp","src":"https:\/\/i0.wp.com\/marret.co\/wp-content\/uploads\/2016\/03\/1916-03-24-Gravereaux-Jules-Deces-AMP_wp-1024x425.jpg?resize=350%2C200","width":350,"height":200},"classes":[]},{"id":845,"url":"https:\/\/lesgravereaux.marret.co\/index.php\/jules-gravereaux\/jules-gravereaux-ses-ancetres\/germain-sebastien-graverot\/le-deces-de-germain-sebastien-graverot\/","url_meta":{"origin":566,"position":3},"title":"Le d\u00e9c\u00e8s de Germain S\u00e9bastien Gravereaux","author":"marretgravereaux","date":"11 mars 2016","format":false,"excerpt":"\u00ab\u00a0L'An mil huit cent cinquante six, le onze f\u00e9vrier onze heures du matin, acte de d\u00e9c\u00e8s de Germain, S\u00e9bastien, Gravereaux,\u00a0sans profession, ag\u00e9 de quatre vingt six ans, n\u00e9 \u00e0 Vitry-sur-Seine le sept f\u00e9vrier mil sept cent soixante dix, y d\u00e9c\u00e9d\u00e9, le onze \u00e0 dix heures du soir, en son domicile\u2026","rel":"","context":"Article similaire","block_context":{"text":"Article similaire","link":""},"img":{"alt_text":"1856-02-11 GRAVEREAUX, Germain Sebastien - Deces_wp","src":"https:\/\/i0.wp.com\/marret.co\/wp-content\/uploads\/2016\/03\/1856-02-11-GRAVEREAUX-Germain-Sebastien-Deces_wp-1024x912.jpg?resize=350%2C200","width":350,"height":200},"classes":[]},{"id":829,"url":"https:\/\/lesgravereaux.marret.co\/index.php\/jules-gravereaux\/jules-gravereaux-ses-ancetres\/jean-narcisse-mathurin-gravereaux\/","url_meta":{"origin":566,"position":4},"title":"Jean Narcisse Mathurin Gravereaux","author":"marretgravereaux","date":"11 mars 2016","format":false,"excerpt":"Jean-Narcisse Mathurin Gravereaux est n\u00e9 \u00e0 Vitry-sur-Seine, le 14 f\u00e9vrier 1806. Tout comme son p\u00e8re, Germain S\u00e9bastien Graverot, \u00a0il travaille comme menuisier. Le 17 f\u00e9vrier 1829, il \u00e9pouse, \u00e0 Vitry-sur-Seine, Marie Henriette Gervais. Ils eurent sept enfants. Malheureusement, les trois premiers moururent \u00e0 l\u2019accouchement. Puis vinrent\u00a0: D\u00e9sir\u00e9e Henriette Marie, n\u00e9e\u2026","rel":"","context":"Article similaire","block_context":{"text":"Article similaire","link":""},"img":{"alt_text":"","src":"","width":0,"height":0},"classes":[]},{"id":763,"url":"https:\/\/lesgravereaux.marret.co\/index.php\/jules-gravereaux\/jules-gravereaux-ses-ancetres\/jean-baptiste-gravereau\/","url_meta":{"origin":566,"position":5},"title":"Jean-Baptiste Gravereau","author":"marretgravereaux","date":"9 mars 2016","format":false,"excerpt":"Fils de Jean Gravereau, Jean Baptiste Gravereau est probablement n\u00e9 dans le Libournais (peut-\u00eatre \u00e0 Prignac-et-Marcamps) en 1733. Il se serait install\u00e9 vers 1750 \u00e0 Vitry-sur-Seine, y travaillant comme menuisier. Le 7 juillet 1766, il \u00e9pouse Marie Collinet \u00e0 l'\u00e9glise Saint-Germain de Vitry-sur-Seine Ils eurent trois enfants\u00a0: Charles Jean Baptiste,\u2026","rel":"","context":"Article similaire","block_context":{"text":"Article similaire","link":""},"img":{"alt_text":"","src":"","width":0,"height":0},"classes":[]}],"_links":{"self":[{"href":"https:\/\/lesgravereaux.marret.co\/index.php\/wp-json\/wp\/v2\/pages\/566","targetHints":{"allow":["GET"]}}],"collection":[{"href":"https:\/\/lesgravereaux.marret.co\/index.php\/wp-json\/wp\/v2\/pages"}],"about":[{"href":"https:\/\/lesgravereaux.marret.co\/index.php\/wp-json\/wp\/v2\/types\/page"}],"author":[{"embeddable":true,"href":"https:\/\/lesgravereaux.marret.co\/index.php\/wp-json\/wp\/v2\/users\/1"}],"replies":[{"embeddable":true,"href":"https:\/\/lesgravereaux.marret.co\/index.php\/wp-json\/wp\/v2\/comments?post=566"}],"version-history":[{"count":0,"href":"https:\/\/lesgravereaux.marret.co\/index.php\/wp-json\/wp\/v2\/pages\/566\/revisions"}],"wp:attachment":[{"href":"https:\/\/lesgravereaux.marret.co\/index.php\/wp-json\/wp\/v2\/media?parent=566"}],"curies":[{"name":"wp","href":"https:\/\/api.w.org\/{rel}","templated":true}]}}