{"id":4932,"date":"2016-09-18T23:01:26","date_gmt":"2016-09-18T22:01:26","guid":{"rendered":"http:\/\/lesgravereaux.marret.co\/?page_id=4932"},"modified":"2016-09-19T16:15:35","modified_gmt":"2016-09-19T15:15:35","slug":"nous-les-amoureux","status":"publish","type":"page","link":"https:\/\/lesgravereaux.marret.co\/index.php\/jean-claude-pascal\/jean-claude-pascal-le-chanteur\/nous-les-amoureux\/","title":{"rendered":"Nous les amoureux"},"content":{"rendered":"<p>Le premier disque de Jean-Claude Pascal <strong>D\u00e9j\u00e0<\/strong> (<em>La Voix de son Ma\u00eetre\u00a0 \/ Path\u00e9-Marconi<\/em>), daterait de 1955; mais c\u2019est six ans plus tard que sa carri\u00e8re s\u2019envole\u2026<\/p>\n<p>Le Concours Eurovision de la chanson 1961 a lieu \u00e0 Cannes, dans le Palais des Festivals, le samedi 18 mars et seize pays participent \u00e0 cette sixi\u00e8me \u00e9dition du concours. Sur la sc\u00e8ne, d\u00e9cor\u00e9e de milliers de fleurs, Jacqueline Joubert, pr\u00e9sentatrice de la soir\u00e9e, annonce les pays participants et pr\u00e9sente chacun des interpr\u00e8tes.<\/p>\n<p>L\u2019ordre de passage ayant \u00e9t\u00e9 tir\u00e9 au sort, le repr\u00e9sentant du Luxembourg se pr\u00e9sente en quatorzi\u00e8me position; Jean-Claude Pascal interpr\u00e8te <strong><em>Nous les amoureux<\/em><\/strong>, une chanson en fran\u00e7ais dont les paroles ont \u00e9t\u00e9 \u00e9crites par Maurice Vidalin et la musique compos\u00e9e par Jacques Datin (\u00a9 Editions Sidonie); l\u2019orchestre qui l\u2019accompagne est dirig\u00e9 par L\u00e9o Chauliac.<\/p>\n<p><span class=\"embed-youtube\" style=\"text-align:center; display: block;\"><iframe loading=\"lazy\" class=\"youtube-player\" width=\"640\" height=\"360\" src=\"https:\/\/www.youtube.com\/embed\/g5ZDbEBt3iY?version=3&#038;rel=1&#038;showsearch=0&#038;showinfo=1&#038;iv_load_policy=1&#038;fs=1&#038;hl=fr-FR&#038;autohide=2&#038;wmode=transparent\" allowfullscreen=\"true\" style=\"border:0;\" sandbox=\"allow-scripts allow-same-origin allow-popups allow-presentation allow-popups-to-escape-sandbox\"><\/iframe><\/span><\/p>\n<p><span style=\"color: #000000; font-family: georgia,palatino,serif;\">Comme le veut le r\u00e8glement du concours, un jury de dix personnes, dans chaque pays, attribue ses votes \u00e0 n\u2019importe quelles chansons (sauf celle de son propre pays). Les r\u00e9sultats sont annonc\u00e9s oralement, pays par pays et selon l&rsquo;ordre de passage des candidats. \u00c0 la fin de la compilation, Le Luxembourg remporte le concours \u2013 pour la premi\u00e8re fois \u2013 avec 31\u00a0voix, le Royaume-Uni (The Allisons \u2013 <em>Are you sure<\/em>\u00a0?) suit, avec 24\u00a0votes, et la Suisse (Franca di Rienzo \u2013 <em>Nous aurons demain<\/em>) termine troisi\u00e8me, ayant obtenu 16\u00a0voix\u2026 Tessa Beaumont remet une m\u00e9daille \u00e0 Jean-Claude Pascal.<\/span><\/p>\n<p><iframe loading=\"lazy\" src=\"https:\/\/player.ina.fr\/player\/embed\/I00005165\/1\/1b0bd203fbcd702f9bc9b10ac3d0fc21\/620\/349\/0\" width=\"620\" height=\"349\" frameborder=\"0\" marginwidth=\"0\" marginheight=\"0\" scrolling=\"no\"><\/iframe><\/p>\n<h3><span style=\"text-decoration: underline;\"><strong>Les paroles de la chanson<\/strong><\/span><\/h3>\n<blockquote>\n<p style=\"text-align: center;\"><strong>Nous, les amoureux<\/strong><\/p>\n<p style=\"text-align: center;\">Nous, les amoureux \u2013 on voudrait nous s\u00e9parer<br \/>\nOn voudrait nous emp\u00eacher d&rsquo;\u00eatre heureux.<br \/>\nNous, les amoureux \u2013 il para\u00eet que c&rsquo;est l&rsquo;enfer<br \/>\nQui nous guette ou bien le fer et le feu.<\/p>\n<p style=\"text-align: center;\">C&rsquo;est vrai, les imb\u00e9ciles et les m\u00e9chants<br \/>\nNous font du mal, nous jouent des tours<br \/>\nPourtant rien n&rsquo;est plus \u00e9vident que l&rsquo;amour<br \/>\nNous, les amoureux, nous ne pouvons rien contre eux<br \/>\nIls sont mille et l&rsquo;on est deux, les amoureux.<\/p>\n<p style=\"text-align: center;\">Mais l&rsquo;heure va sonner les nuits moins difficiles<br \/>\nEt je pourrai t&rsquo;aimer sans qu&rsquo;on en parle en ville<br \/>\nC&rsquo;est promis, c&rsquo;est \u00e9crit.<\/p>\n<p style=\"text-align: center;\">Nous les amoureux \u2013 le soleil brille pour nous<br \/>\nEt l&rsquo;on dort sur les genoux du Bon Dieu.<br \/>\nNous, les amoureux \u2013 Il nous a donn\u00e9 le droit<br \/>\nAu bonheur et \u00e0 la joie d&rsquo;\u00eatre deux<\/p>\n<p style=\"text-align: center;\">Alors, les sans-amour, les mal-aim\u00e9s<br \/>\nIl faudra bien nous acquitter<br \/>\nVous qui n&rsquo;avez jamais \u00e9t\u00e9 condamn\u00e9s.<br \/>\nNous, les amoureux, nous allons vivre sans vous<br \/>\nCar le ciel est avec nous, les amoureux.<br \/>\n~~~~~~~<\/p>\n<\/blockquote>\n<p><strong><em><a href=\"https:\/\/i0.wp.com\/lesgravereaux.marret.co\/wp-content\/uploads\/2016\/05\/Partition-Nous-les-amoureux-wp.jpg?ssl=1\"><img data-recalc-dims=\"1\" loading=\"lazy\" decoding=\"async\" data-attachment-id=\"2226\" data-permalink=\"https:\/\/lesgravereaux.marret.co\/index.php\/jean-claude-pascal\/jean-claude-pascal-le-chanteur\/nous-les-amoureux\/partition-nous-les-amoureux-wp\/\" data-orig-file=\"https:\/\/i0.wp.com\/lesgravereaux.marret.co\/wp-content\/uploads\/2016\/05\/Partition-Nous-les-amoureux-wp.jpg?fit=918%2C1181&amp;ssl=1\" data-orig-size=\"918,1181\" data-comments-opened=\"1\" data-image-meta=\"{&quot;aperture&quot;:&quot;0&quot;,&quot;credit&quot;:&quot;&quot;,&quot;camera&quot;:&quot;&quot;,&quot;caption&quot;:&quot;&quot;,&quot;created_timestamp&quot;:&quot;0&quot;,&quot;copyright&quot;:&quot;&quot;,&quot;focal_length&quot;:&quot;0&quot;,&quot;iso&quot;:&quot;0&quot;,&quot;shutter_speed&quot;:&quot;0&quot;,&quot;title&quot;:&quot;&quot;,&quot;orientation&quot;:&quot;1&quot;}\" data-image-title=\"Partition &amp;#8211; Nous les amoureux wp\" data-image-description=\"\" data-image-caption=\"\" data-medium-file=\"https:\/\/i0.wp.com\/lesgravereaux.marret.co\/wp-content\/uploads\/2016\/05\/Partition-Nous-les-amoureux-wp.jpg?fit=233%2C300&amp;ssl=1\" data-large-file=\"https:\/\/i0.wp.com\/lesgravereaux.marret.co\/wp-content\/uploads\/2016\/05\/Partition-Nous-les-amoureux-wp.jpg?fit=640%2C823&amp;ssl=1\" class=\"wp-image-2226 alignright\" src=\"https:\/\/i0.wp.com\/lesgravereaux.marret.co\/wp-content\/uploads\/2016\/05\/Partition-Nous-les-amoureux-wp.jpg?resize=250%2C322&#038;ssl=1\" alt=\"Partition - Nous les amoureux wp\" width=\"250\" height=\"322\" data-wp-pid=\"2226\" srcset=\"https:\/\/i0.wp.com\/lesgravereaux.marret.co\/wp-content\/uploads\/2016\/05\/Partition-Nous-les-amoureux-wp.jpg?resize=796%2C1024&amp;ssl=1 796w, https:\/\/i0.wp.com\/lesgravereaux.marret.co\/wp-content\/uploads\/2016\/05\/Partition-Nous-les-amoureux-wp.jpg?resize=233%2C300&amp;ssl=1 233w, https:\/\/i0.wp.com\/lesgravereaux.marret.co\/wp-content\/uploads\/2016\/05\/Partition-Nous-les-amoureux-wp.jpg?resize=768%2C988&amp;ssl=1 768w, https:\/\/i0.wp.com\/lesgravereaux.marret.co\/wp-content\/uploads\/2016\/05\/Partition-Nous-les-amoureux-wp.jpg?resize=800%2C1029&amp;ssl=1 800w, https:\/\/i0.wp.com\/lesgravereaux.marret.co\/wp-content\/uploads\/2016\/05\/Partition-Nous-les-amoureux-wp.jpg?resize=466%2C600&amp;ssl=1 466w, https:\/\/i0.wp.com\/lesgravereaux.marret.co\/wp-content\/uploads\/2016\/05\/Partition-Nous-les-amoureux-wp.jpg?w=918&amp;ssl=1 918w\" sizes=\"auto, (max-width: 250px) 100vw, 250px\" \/><\/a>Nous les amoureux<\/em><\/strong> est une ballade dans laquelle deux amants racontent leur difficult\u00e9 de vivre un amour que la soci\u00e9t\u00e9 leur refuse. Une situation moins classique qu\u2019il ne para\u00eet quand l\u2019on apprend que les paroles ont \u00e9t\u00e9 \u00e9crites pour d\u00e9noncer la r\u00e9pression des amours homosexuels, \u00e0 cette \u00e9poque o\u00f9 la justice et la religion condamnent l\u2019homosexualit\u00e9 dans de nombreux pays occidentaux.\u2026 Le sens cach\u00e9 de cette chanson aurait d\u2019ailleurs \u00e9t\u00e9 confirm\u00e9 ult\u00e9rieurement par Jean-Claude Pascal lui-m\u00eame!<\/p>\n<p><span style=\"color: #000000; font-family: georgia,palatino,serif;\">Le succ\u00e8s de cette chanson est imm\u00e9diat et celle-ci se retrouve num\u00e9ro un des ventes en France, en juillet 1961.<\/span><\/p>\n<p style=\"text-align: center;\"><span style=\"color: #000000; font-family: georgia,palatino,serif;\"><div id=\"metaslider-id-4953\" style=\"max-width: 350px; margin: 0 auto;\" class=\"ml-slider-3-105-0 metaslider metaslider-nivo metaslider-4953 ml-slider ms-theme-default\" role=\"region\" aria-label=\"Nous les amoureux\" data-height=\"350\" data-width=\"350\">\n    <div id=\"metaslider_container_4953\">\n        <div class='slider-wrapper theme-default'><div class='ribbon'><\/div><div id='metaslider_4953' class='nivoSlider'><img data-recalc-dims=\"1\" loading=\"lazy\" decoding=\"async\" src=\"https:\/\/i0.wp.com\/lesgravereaux.marret.co\/wp-content\/uploads\/2016\/06\/Nous-les-amoureux_wp.jpg?resize=350%2C350&#038;ssl=1\" height=\"350\" width=\"350\" data-caption=\"Nous, les amoureux.\r\n1961; La Voix de son Ma&icirc;tre  (EGF 529)\" alt=\"\" class=\"slider-4953 slide-3968 msDefaultImage\" \/><img data-recalc-dims=\"1\" loading=\"lazy\" decoding=\"async\" src=\"https:\/\/i0.wp.com\/lesgravereaux.marret.co\/wp-content\/uploads\/2016\/02\/Nous-les-amoureux-1wp.jpg?resize=350%2C350&#038;ssl=1\" height=\"350\" width=\"350\" alt=\"\" class=\"slider-4953 slide-286 msDefaultImage\" \/><img data-recalc-dims=\"1\" loading=\"lazy\" decoding=\"async\" src=\"https:\/\/i0.wp.com\/lesgravereaux.marret.co\/wp-content\/uploads\/2016\/07\/Nous-les-amoureux-ESP_wp.jpg?resize=350%2C350&#038;ssl=1\" height=\"350\" width=\"350\" data-caption=\"Nous les amoureux (Espagne).\r\nLa Voz de su Amo (7EPL13604)\" alt=\"\" class=\"slider-4953 slide-4815 msDefaultImage\" \/><img data-recalc-dims=\"1\" loading=\"lazy\" decoding=\"async\" src=\"https:\/\/i0.wp.com\/lesgravereaux.marret.co\/wp-content\/uploads\/2016\/09\/Nous-les-amoureux-Isabelle-Aubret-4a_wp.jpg?resize=350%2C350&#038;ssl=1\" height=\"350\" width=\"350\" data-caption=\"Isabelle AUBRET\" alt=\"\" class=\"slider-4953 slide-4946 msDefaultImage\" \/><img data-recalc-dims=\"1\" loading=\"lazy\" decoding=\"async\" src=\"https:\/\/i0.wp.com\/lesgravereaux.marret.co\/wp-content\/uploads\/2016\/07\/Nous-les-amoureux_wp.jpg?resize=350%2C350&#038;ssl=1\" height=\"350\" width=\"350\" data-caption=\"Nous les amoureux.\r\nD&eacute;cembre 1979; Path&eacute; \/ EMI (2C008-14852)\" alt=\"\" class=\"slider-4953 slide-4855 msDefaultImage\" \/><img data-recalc-dims=\"1\" loading=\"lazy\" decoding=\"async\" src=\"https:\/\/i0.wp.com\/lesgravereaux.marret.co\/wp-content\/uploads\/2016\/09\/Nous-les-amoureux-Isabelle-Aubret-a_wp.jpg?resize=350%2C350&#038;ssl=1\" height=\"350\" width=\"350\" data-caption=\"Isabelle AUBRET\" alt=\"\" class=\"slider-4953 slide-4947 msDefaultImage\" \/><img data-recalc-dims=\"1\" loading=\"lazy\" decoding=\"async\" src=\"https:\/\/i0.wp.com\/lesgravereaux.marret.co\/wp-content\/uploads\/2016\/09\/Nous-les-amoureux-Didier-Borand-a_wp.jpg?resize=350%2C350&#038;ssl=1\" height=\"350\" width=\"350\" data-caption=\"Didier BORAND et Florence PASSY\" alt=\"\" class=\"slider-4953 slide-4944 msDefaultImage\" \/><img data-recalc-dims=\"1\" loading=\"lazy\" decoding=\"async\" src=\"https:\/\/i0.wp.com\/lesgravereaux.marret.co\/wp-content\/uploads\/2016\/09\/Nous-les-amoureux-Nicole-Croisille-a_wp.jpg?resize=350%2C350&#038;ssl=1\" height=\"350\" width=\"350\" data-caption=\"Nicole CROISILLE\" alt=\"\" class=\"slider-4953 slide-4950 msDefaultImage\" \/><img data-recalc-dims=\"1\" loading=\"lazy\" decoding=\"async\" src=\"https:\/\/i0.wp.com\/lesgravereaux.marret.co\/wp-content\/uploads\/2016\/09\/Nous-les-amoureux-Jean-Paul-Mauric-a_wp.jpg?resize=350%2C350&#038;ssl=1\" height=\"350\" width=\"350\" data-caption=\"Jean-Paul MAURIC\" alt=\"\" class=\"slider-4953 slide-4948 msDefaultImage\" \/><img data-recalc-dims=\"1\" loading=\"lazy\" decoding=\"async\" src=\"https:\/\/i0.wp.com\/lesgravereaux.marret.co\/wp-content\/uploads\/2016\/09\/Nous-les-amoureux-Les-Riff-a_wp.jpg?resize=350%2C350&#038;ssl=1\" height=\"350\" width=\"350\" data-caption=\"Les RIFF\" alt=\"\" class=\"slider-4953 slide-4949 msDefaultImage\" \/><img data-recalc-dims=\"1\" loading=\"lazy\" decoding=\"async\" src=\"https:\/\/i0.wp.com\/lesgravereaux.marret.co\/wp-content\/uploads\/2016\/09\/Nous-les-amoureux-Hubert-Rostaing-a_wp.jpg?resize=350%2C350&#038;ssl=1\" height=\"350\" width=\"350\" data-caption=\"Hubert ROSTAING et l&#039;orchestre des Champs-&Eacute;lys&eacute;es\" alt=\"\" class=\"slider-4953 slide-4945 msDefaultImage\" \/><img data-recalc-dims=\"1\" loading=\"lazy\" decoding=\"async\" src=\"https:\/\/i0.wp.com\/lesgravereaux.marret.co\/wp-content\/uploads\/2016\/09\/Nous-les-amoureux-Andr%C3%A9-Verchuren-2a_wp.jpg?resize=350%2C350&#038;ssl=1\" height=\"350\" width=\"350\" data-caption=\"Andr&eacute; VERCHUREN\" alt=\"\" class=\"slider-4953 slide-4942 msDefaultImage\" \/><img data-recalc-dims=\"1\" loading=\"lazy\" decoding=\"async\" src=\"https:\/\/i0.wp.com\/lesgravereaux.marret.co\/wp-content\/uploads\/2016\/09\/Nous-les-amoureux-Andr%C3%A9-Verchuren-a_wp.jpg?resize=350%2C350&#038;ssl=1\" height=\"350\" width=\"350\" data-caption=\"Andr&eacute; VERCHUREN\" alt=\"\" class=\"slider-4953 slide-4943 msDefaultImage\" \/><img data-recalc-dims=\"1\" loading=\"lazy\" decoding=\"async\" src=\"https:\/\/i0.wp.com\/lesgravereaux.marret.co\/wp-content\/uploads\/2016\/09\/Nous-les-amoureux-4-Sax-a_wp.jpg?resize=350%2C350&#038;ssl=1\" height=\"350\" width=\"350\" alt=\"\" class=\"slider-4953 slide-4941 msDefaultImage\" \/><\/div><\/div>\n        \n    <\/div>\n<\/div><\/span><\/p>\n<p><span style=\"color: #000000; font-family: georgia,palatino,serif;\">De nombreux interpr\u00e8tes l\u2019enregistrent ensuite parmi lesquels Pat Andrew, Isabelle Aubret (1961), Nicole Croisille (1961), Sophie Dare, Dave, Jean-Jacques Debout, Charles Dumont (2010), Anne Lacroix et Charlie Level, Jean-Paul Mauric (1961), Franca di Rienzo \u2013 elle qui repr\u00e9sentait la Suisse au Concours Eurovision et avait fini troisi\u00e8me -, Les Riff, Claude Robin&#8230; Des orchestres la mettent aussi \u00e0 leur r\u00e9pertoire\u00a0: Eddy Barclay (1964), Caravelli, Andr\u00e9 Dauchy, \u00c9douard Duleu, Jacky Noguez, G\u00e9rard Poncet, Franck Pourcel, Hubert Rostaing (1961), Emil Stern, Maurice Vander, Andr\u00e9 Verchuren, Hans Werner\u2026<\/span><\/p>\n","protected":false},"excerpt":{"rendered":"<p>Le premier disque de Jean-Claude Pascal D\u00e9j\u00e0 (La Voix de son Ma\u00eetre\u00a0 \/ Path\u00e9-Marconi), daterait de 1955; mais c\u2019est six ans plus tard que sa carri\u00e8re s\u2019envole\u2026 Le Concours Eurovision de la chanson 1961 a lieu \u00e0 Cannes, dans le &hellip; <a href=\"https:\/\/lesgravereaux.marret.co\/index.php\/jean-claude-pascal\/jean-claude-pascal-le-chanteur\/nous-les-amoureux\/\">Continuer la lecture <span class=\"meta-nav\">&rarr;<\/span><\/a><\/p>\n","protected":false},"author":1,"featured_media":0,"parent":2227,"menu_order":0,"comment_status":"closed","ping_status":"closed","template":"","meta":{"ngg_post_thumbnail":0,"jetpack_post_was_ever_published":false,"footnotes":""},"class_list":["post-4932","page","type-page","status-publish","hentry"],"jetpack_sharing_enabled":true,"jetpack_shortlink":"https:\/\/wp.me\/P7ERyi-1hy","jetpack-related-posts":[{"id":4858,"url":"https:\/\/lesgravereaux.marret.co\/index.php\/jean-claude-pascal\/jean-claude-pascal-le-chanteur\/jean-claude-pascal-sur-disque\/","url_meta":{"origin":4932,"position":0},"title":"Jean-Claude Pascal&#8230; sur disques","author":"marretgravereaux","date":"30 juillet 2016","format":false,"excerpt":"Pendant plus de vingt-cinq ans, Jean-Claude Pascal interpr\u00e8te de nombreuses chansons, dont une tr\u00e8s grande partie l'a d\u00e9j\u00e0 \u00e9t\u00e9\u00a0par de tr\u00e8s grands artistes, mais il y ajoute son style, sa couleur et son charme naturel. Sa carri\u00e8re conna\u00eet un \u00e9lan consid\u00e9rable lorsqu\u2019en 1961, il remporte le Grand prix Eurovision de\u2026","rel":"","context":"Article similaire","block_context":{"text":"Article similaire","link":""},"img":{"alt_text":"Partition - L'Amour c'est comme un jour 2 wp","src":"https:\/\/i0.wp.com\/lesgravereaux.marret.co\/wp-content\/uploads\/2016\/05\/Partition-LAmour-cest-comme-un-jour-2-wp-805x1024.jpg?resize=350%2C200","width":350,"height":200},"classes":[]},{"id":2227,"url":"https:\/\/lesgravereaux.marret.co\/index.php\/jean-claude-pascal\/jean-claude-pascal-le-chanteur\/","url_meta":{"origin":4932,"position":1},"title":"Jean-Claude Pascal, le chanteur","author":"marretgravereaux","date":"5 mai 2016","format":false,"excerpt":"Jean-Claude Pascal a fait ses d\u00e9buts musicaux vers 1955. Mais c\u2019est en 1961 que le grand public le d\u00e9couvre lorsqu\u2019il participe au sixi\u00e8me\u00a0\u00a0Grand prix de l\u2019Eurovision qui a lieu \u00e0 Cannes devant les cam\u00e9ras europ\u00e9ennes; repr\u00e9sentant le Luxembourg, il interpr\u00e8te la chanson\u00a0Nous les amoureux\u00a0(de Maurice Vidalin et Jacques Datin) \u2026\u2026","rel":"","context":"Article similaire","block_context":{"text":"Article similaire","link":""},"img":{"alt_text":"1961-12 JCP \u00e0 Bobino c wp","src":"https:\/\/i0.wp.com\/lesgravereaux.marret.co\/wp-content\/uploads\/2016\/05\/1961-12-JCP-%C3%A0-Bobino-c-wp-1014x1024.jpg?resize=350%2C200","width":350,"height":200},"classes":[]},{"id":654,"url":"https:\/\/lesgravereaux.marret.co\/index.php\/jean-claude-pascal\/","url_meta":{"origin":4932,"position":2},"title":"Jean-Claude Pascal","author":"marretgravereaux","date":"7 mars 2016","format":false,"excerpt":"Jean-Claude VILLEMINOT est n\u00e9 \u00e0 Paris le 24 octobre 1927.Il est le fils de Roger Maurice No\u00ebl VILLEMINOT (23 d\u00e9cembre 1903 \u2013 28 mars 1928) et de Arlette Jeanne Marie Madeleine LEMOINE (18 ao\u00fbt 1908 \u2014 29 janvier 2009). Son p\u00e8re \u00e9tant d\u00e9c\u00e9d\u00e9 alors qu\u2019il n\u2019a que quelques mois, il\u2026","rel":"","context":"Article similaire","block_context":{"text":"Article similaire","link":""},"img":{"alt_text":"2004 Jean-Claude Pascal - Sa garde-robe, de l'etre au paraitre c4a","src":"https:\/\/i0.wp.com\/marret.co\/wp-content\/uploads\/2016\/03\/2004-Jean-Claude-Pascal-Sa-garde-robe-de-letre-au-paraitre-c4a-713x1024.jpg?resize=350%2C200","width":350,"height":200},"classes":[]},{"id":2238,"url":"https:\/\/lesgravereaux.marret.co\/index.php\/jean-claude-pascal\/jean-claude-pascal-en-videos\/","url_meta":{"origin":4932,"position":3},"title":"Jean-Claude Pascal sur les vid\u00e9os de l&rsquo;INA","author":"marretgravereaux","date":"12 juin 2016","format":false,"excerpt":"L'Institut National de l'Audiovisuel - L'Ina - est une entreprise publique culturelle de l'audiovisuel charg\u00e9e de la sauvegarde, de la valorisation et de la transmission du patrimoine audiovisuel fran\u00e7ais. Sur son site, on trouve divers enregistrements d'anciennes \u00e9missions de t\u00e9l\u00e9vision, dont plusieurs montrent\u00a0Jean-Claude Pascal; certaines de celles-ci apparaissent ci-apr\u00e8s. Jean\u2026","rel":"","context":"Article similaire","block_context":{"text":"Article similaire","link":""},"img":{"alt_text":"ina-1","src":"https:\/\/i0.wp.com\/lesgravereaux.marret.co\/wp-content\/uploads\/2016\/09\/INA-1.png?resize=350%2C200","width":350,"height":200},"classes":[]},{"id":2208,"url":"https:\/\/lesgravereaux.marret.co\/index.php\/jean-claude-pascal\/jean-claude-pascal-lecrivain\/","url_meta":{"origin":4932,"position":4},"title":"Jean-Claude Pascal, l&rsquo;\u00e9crivain","author":"marretgravereaux","date":"5 mai 2016","format":false,"excerpt":"Une autobiographie\u2026 Le beau masque T\u00e9moignage autobiographique d\u2019un fils de la grande bourgeoisie fran\u00e7aise qui fut successivement dessinateur-mod\u00e9liste, acteur au th\u00e9\u00e2tre, star de cin\u00e9ma, vedette de la chanson et \u00e9crivain\u2026 \u00c9ditions Robert Laffont. Mars 1986. Trois romans policiers\u2026 Le panier de crabes (L'\u00e9trange aventure de la Baronne von T.) R\u00e9cit\u2026","rel":"","context":"Article similaire","block_context":{"text":"Article similaire","link":""},"img":{"alt_text":"Le beau masque c1 wp","src":"https:\/\/i0.wp.com\/lesgravereaux.marret.co\/wp-content\/uploads\/2016\/02\/Le-beau-masque-c1-wp-649x1024.jpg?resize=350%2C200","width":350,"height":200},"classes":[]},{"id":4963,"url":"https:\/\/lesgravereaux.marret.co\/index.php\/jean-claude-pascal\/a-propos-de-jean-claude-pascal\/","url_meta":{"origin":4932,"position":5},"title":"\u00c0 propos de Jean-Claude Pascal","author":"marretgravereaux","date":"19 septembre 2016","format":false,"excerpt":"Publications\u00a0: Jean-Claude Pascal se raconte dans un livre autobiographique\u00a0: \u00a0 PASCAL, Jean-Claude. Le beau masque. \u00c9ditions Robert Laffont.\u00a01986, 346\u00a0p. \u00ab\u00a0T\u00e9moignage autobiographique d\u2019un fils de la grande bourgeoisie fran\u00e7aise qui fut successivement dessinateur-mod\u00e9liste, acteur au th\u00e9\u00e2tre, star de cin\u00e9ma, vedette de la chanson et \u00e9crivain\u2026\u00a0\u00bb \u00a0 \u00a0 D\u00e9positaire des archives, des\u2026","rel":"","context":"Article similaire","block_context":{"text":"Article similaire","link":""},"img":{"alt_text":"Le beau masque c1 wp","src":"https:\/\/i0.wp.com\/lesgravereaux.marret.co\/wp-content\/uploads\/2016\/02\/Le-beau-masque-c1-wp-649x1024.jpg?resize=350%2C200","width":350,"height":200},"classes":[]}],"_links":{"self":[{"href":"https:\/\/lesgravereaux.marret.co\/index.php\/wp-json\/wp\/v2\/pages\/4932","targetHints":{"allow":["GET"]}}],"collection":[{"href":"https:\/\/lesgravereaux.marret.co\/index.php\/wp-json\/wp\/v2\/pages"}],"about":[{"href":"https:\/\/lesgravereaux.marret.co\/index.php\/wp-json\/wp\/v2\/types\/page"}],"author":[{"embeddable":true,"href":"https:\/\/lesgravereaux.marret.co\/index.php\/wp-json\/wp\/v2\/users\/1"}],"replies":[{"embeddable":true,"href":"https:\/\/lesgravereaux.marret.co\/index.php\/wp-json\/wp\/v2\/comments?post=4932"}],"version-history":[{"count":0,"href":"https:\/\/lesgravereaux.marret.co\/index.php\/wp-json\/wp\/v2\/pages\/4932\/revisions"}],"up":[{"embeddable":true,"href":"https:\/\/lesgravereaux.marret.co\/index.php\/wp-json\/wp\/v2\/pages\/2227"}],"wp:attachment":[{"href":"https:\/\/lesgravereaux.marret.co\/index.php\/wp-json\/wp\/v2\/media?parent=4932"}],"curies":[{"name":"wp","href":"https:\/\/api.w.org\/{rel}","templated":true}]}}