{"id":4625,"date":"2016-07-20T14:58:46","date_gmt":"2016-07-20T13:58:46","guid":{"rendered":"http:\/\/lesgravereaux.marret.co\/?page_id=4625"},"modified":"2017-08-14T23:06:24","modified_gmt":"2017-08-14T22:06:24","slug":"jules-gravereaux-honore-par-la-societe-nationale-dacclimatation","status":"publish","type":"page","link":"https:\/\/lesgravereaux.marret.co\/index.php\/jules-gravereaux\/jules-gravereaux-honneurs-et-medailles\/jules-gravereaux-honore-par-la-societe-nationale-dacclimatation\/","title":{"rendered":"Jules Gravereaux honor\u00e9 par la Soci\u00e9t\u00e9 nationale d&rsquo;Acclimatation"},"content":{"rendered":"<p><a href=\"https:\/\/i0.wp.com\/lesgravereaux.marret.co\/wp-content\/uploads\/2016\/07\/1905-01-Soci%C3%A9t%C3%A9-nationale-dacclimatation-c1_wp.jpg?ssl=1\"><img data-recalc-dims=\"1\" loading=\"lazy\" decoding=\"async\" data-attachment-id=\"4623\" data-permalink=\"https:\/\/lesgravereaux.marret.co\/index.php\/jules-gravereaux\/jules-gravereaux-honneurs-et-medailles\/jules-gravereaux-honore-par-la-societe-nationale-dacclimatation\/1905-01-societe-nationale-dacclimatation-c1\/\" data-orig-file=\"https:\/\/i0.wp.com\/lesgravereaux.marret.co\/wp-content\/uploads\/2016\/07\/1905-01-Soci%C3%A9t%C3%A9-nationale-dacclimatation-c1_wp.jpg?fit=591%2C322&amp;ssl=1\" data-orig-size=\"591,322\" data-comments-opened=\"1\" data-image-meta=\"{&quot;aperture&quot;:&quot;0&quot;,&quot;credit&quot;:&quot;Jean-Luc&quot;,&quot;camera&quot;:&quot;&quot;,&quot;caption&quot;:&quot;&quot;,&quot;created_timestamp&quot;:&quot;0&quot;,&quot;copyright&quot;:&quot;&quot;,&quot;focal_length&quot;:&quot;0&quot;,&quot;iso&quot;:&quot;0&quot;,&quot;shutter_speed&quot;:&quot;0&quot;,&quot;title&quot;:&quot;1905-01 Soci\\u00e9t\\u00e9 nationale d&#039;acclimatation c1&quot;,&quot;orientation&quot;:&quot;1&quot;}\" data-image-title=\"1905-01 Soci\u00e9t\u00e9 nationale d&amp;rsquo;acclimatation c1\" data-image-description=\"\" data-image-caption=\"\" data-medium-file=\"https:\/\/i0.wp.com\/lesgravereaux.marret.co\/wp-content\/uploads\/2016\/07\/1905-01-Soci%C3%A9t%C3%A9-nationale-dacclimatation-c1_wp.jpg?fit=300%2C163&amp;ssl=1\" data-large-file=\"https:\/\/i0.wp.com\/lesgravereaux.marret.co\/wp-content\/uploads\/2016\/07\/1905-01-Soci%C3%A9t%C3%A9-nationale-dacclimatation-c1_wp.jpg?fit=591%2C322&amp;ssl=1\" width=\"400\" height=\"218\" class=\"wp-image-4623 aligncenter\" alt=\"1905-01 Soci\u00e9t\u00e9 nationale d'acclimatation c1\" src=\"https:\/\/i0.wp.com\/lesgravereaux.marret.co\/wp-content\/uploads\/2016\/07\/1905-01-Soci%C3%A9t%C3%A9-nationale-dacclimatation-c1_wp.jpg?resize=400%2C218&#038;ssl=1\" data-wp-pid=\"4623\" srcset=\"https:\/\/i0.wp.com\/lesgravereaux.marret.co\/wp-content\/uploads\/2016\/07\/1905-01-Soci%C3%A9t%C3%A9-nationale-dacclimatation-c1_wp.jpg?w=591&amp;ssl=1 591w, https:\/\/i0.wp.com\/lesgravereaux.marret.co\/wp-content\/uploads\/2016\/07\/1905-01-Soci%C3%A9t%C3%A9-nationale-dacclimatation-c1_wp.jpg?resize=300%2C163&amp;ssl=1 300w\" sizes=\"auto, (max-width: 400px) 100vw, 400px\" \/><\/a> <a href=\"https:\/\/i0.wp.com\/lesgravereaux.marret.co\/wp-content\/uploads\/2016\/07\/1905-01-Soci%C3%A9t%C3%A9-nationale-dacclimatation-p33-34_wp.jpg?ssl=1\"><img data-recalc-dims=\"1\" loading=\"lazy\" decoding=\"async\" data-attachment-id=\"4624\" data-permalink=\"https:\/\/lesgravereaux.marret.co\/index.php\/jules-gravereaux\/jules-gravereaux-honneurs-et-medailles\/jules-gravereaux-honore-par-la-societe-nationale-dacclimatation\/1904-1905-societe-nationale-dacclimatation-pdf\/\" data-orig-file=\"https:\/\/i0.wp.com\/lesgravereaux.marret.co\/wp-content\/uploads\/2016\/07\/1905-01-Soci%C3%A9t%C3%A9-nationale-dacclimatation-p33-34_wp.jpg?fit=886%2C762&amp;ssl=1\" data-orig-size=\"886,762\" data-comments-opened=\"1\" data-image-meta=\"{&quot;aperture&quot;:&quot;0&quot;,&quot;credit&quot;:&quot;Jean-Luc&quot;,&quot;camera&quot;:&quot;&quot;,&quot;caption&quot;:&quot;&quot;,&quot;created_timestamp&quot;:&quot;0&quot;,&quot;copyright&quot;:&quot;&quot;,&quot;focal_length&quot;:&quot;0&quot;,&quot;iso&quot;:&quot;0&quot;,&quot;shutter_speed&quot;:&quot;0&quot;,&quot;title&quot;:&quot;1904-1905 - Soci\\u00e9t\\u00e9 nationale d&#039;acclimatation.pdf&quot;,&quot;orientation&quot;:&quot;1&quot;}\" data-image-title=\"1904-1905 &amp;#8211; Soci\u00e9t\u00e9 nationale d&amp;rsquo;acclimatation.pdf\" data-image-description=\"\" data-image-caption=\"\" data-medium-file=\"https:\/\/i0.wp.com\/lesgravereaux.marret.co\/wp-content\/uploads\/2016\/07\/1905-01-Soci%C3%A9t%C3%A9-nationale-dacclimatation-p33-34_wp.jpg?fit=300%2C258&amp;ssl=1\" data-large-file=\"https:\/\/i0.wp.com\/lesgravereaux.marret.co\/wp-content\/uploads\/2016\/07\/1905-01-Soci%C3%A9t%C3%A9-nationale-dacclimatation-p33-34_wp.jpg?fit=640%2C550&amp;ssl=1\" width=\"348\" height=\"299\" class=\"wp-image-4624 alignleft\" alt=\"1904-1905 - Soci\u00e9t\u00e9 nationale d'acclimatation.pdf\" src=\"https:\/\/i0.wp.com\/lesgravereaux.marret.co\/wp-content\/uploads\/2016\/07\/1905-01-Soci%C3%A9t%C3%A9-nationale-dacclimatation-p33-34_wp.jpg?resize=348%2C299&#038;ssl=1\" data-wp-pid=\"4624\" srcset=\"https:\/\/i0.wp.com\/lesgravereaux.marret.co\/wp-content\/uploads\/2016\/07\/1905-01-Soci%C3%A9t%C3%A9-nationale-dacclimatation-p33-34_wp.jpg?w=886&amp;ssl=1 886w, https:\/\/i0.wp.com\/lesgravereaux.marret.co\/wp-content\/uploads\/2016\/07\/1905-01-Soci%C3%A9t%C3%A9-nationale-dacclimatation-p33-34_wp.jpg?resize=300%2C258&amp;ssl=1 300w, https:\/\/i0.wp.com\/lesgravereaux.marret.co\/wp-content\/uploads\/2016\/07\/1905-01-Soci%C3%A9t%C3%A9-nationale-dacclimatation-p33-34_wp.jpg?resize=768%2C661&amp;ssl=1 768w, https:\/\/i0.wp.com\/lesgravereaux.marret.co\/wp-content\/uploads\/2016\/07\/1905-01-Soci%C3%A9t%C3%A9-nationale-dacclimatation-p33-34_wp.jpg?resize=800%2C688&amp;ssl=1 800w, https:\/\/i0.wp.com\/lesgravereaux.marret.co\/wp-content\/uploads\/2016\/07\/1905-01-Soci%C3%A9t%C3%A9-nationale-dacclimatation-p33-34_wp.jpg?resize=600%2C516&amp;ssl=1 600w\" sizes=\"auto, (max-width: 348px) 100vw, 348px\" \/><\/a><\/p>\n<p style=\"text-align: left;\"><a href=\"https:\/\/i0.wp.com\/lesgravereaux.marret.co\/wp-content\/uploads\/2017\/08\/David-Isidore-Geoffroy-Saint-Hilaire-1-1a_wp.jpg?ssl=1\"><img data-recalc-dims=\"1\" loading=\"lazy\" decoding=\"async\" data-attachment-id=\"5444\" data-permalink=\"https:\/\/lesgravereaux.marret.co\/index.php\/jules-gravereaux\/jules-gravereaux-honneurs-et-medailles\/jules-gravereaux-honore-par-la-societe-nationale-dacclimatation\/david-isidore-geoffroy-saint-hilaire-1-1a_wp\/\" data-orig-file=\"https:\/\/i0.wp.com\/lesgravereaux.marret.co\/wp-content\/uploads\/2017\/08\/David-Isidore-Geoffroy-Saint-Hilaire-1-1a_wp.jpg?fit=886%2C886&amp;ssl=1\" data-orig-size=\"886,886\" data-comments-opened=\"1\" data-image-meta=\"{&quot;aperture&quot;:&quot;0&quot;,&quot;credit&quot;:&quot;Jean-Luc&quot;,&quot;camera&quot;:&quot;&quot;,&quot;caption&quot;:&quot;&quot;,&quot;created_timestamp&quot;:&quot;1502646636&quot;,&quot;copyright&quot;:&quot;&quot;,&quot;focal_length&quot;:&quot;0&quot;,&quot;iso&quot;:&quot;0&quot;,&quot;shutter_speed&quot;:&quot;0&quot;,&quot;title&quot;:&quot;&quot;,&quot;orientation&quot;:&quot;1&quot;}\" data-image-title=\"David &amp;#8211; Isidore Geoffroy Saint-Hilaire 1-1a_wp\" data-image-description=\"\" data-image-caption=\"\" data-medium-file=\"https:\/\/i0.wp.com\/lesgravereaux.marret.co\/wp-content\/uploads\/2017\/08\/David-Isidore-Geoffroy-Saint-Hilaire-1-1a_wp.jpg?fit=300%2C300&amp;ssl=1\" data-large-file=\"https:\/\/i0.wp.com\/lesgravereaux.marret.co\/wp-content\/uploads\/2017\/08\/David-Isidore-Geoffroy-Saint-Hilaire-1-1a_wp.jpg?fit=640%2C640&amp;ssl=1\" width=\"265\" height=\"265\" class=\"wp-image-5444 alignnone\" alt=\"\" src=\"https:\/\/i0.wp.com\/lesgravereaux.marret.co\/wp-content\/uploads\/2017\/08\/David-Isidore-Geoffroy-Saint-Hilaire-1-1a_wp.jpg?resize=265%2C265&#038;ssl=1\" data-wp-pid=\"5444\" srcset=\"https:\/\/i0.wp.com\/lesgravereaux.marret.co\/wp-content\/uploads\/2017\/08\/David-Isidore-Geoffroy-Saint-Hilaire-1-1a_wp.jpg?w=886&amp;ssl=1 886w, https:\/\/i0.wp.com\/lesgravereaux.marret.co\/wp-content\/uploads\/2017\/08\/David-Isidore-Geoffroy-Saint-Hilaire-1-1a_wp.jpg?resize=150%2C150&amp;ssl=1 150w, https:\/\/i0.wp.com\/lesgravereaux.marret.co\/wp-content\/uploads\/2017\/08\/David-Isidore-Geoffroy-Saint-Hilaire-1-1a_wp.jpg?resize=300%2C300&amp;ssl=1 300w, https:\/\/i0.wp.com\/lesgravereaux.marret.co\/wp-content\/uploads\/2017\/08\/David-Isidore-Geoffroy-Saint-Hilaire-1-1a_wp.jpg?resize=768%2C768&amp;ssl=1 768w, https:\/\/i0.wp.com\/lesgravereaux.marret.co\/wp-content\/uploads\/2017\/08\/David-Isidore-Geoffroy-Saint-Hilaire-1-1a_wp.jpg?resize=800%2C800&amp;ssl=1 800w, https:\/\/i0.wp.com\/lesgravereaux.marret.co\/wp-content\/uploads\/2017\/08\/David-Isidore-Geoffroy-Saint-Hilaire-1-1a_wp.jpg?resize=600%2C600&amp;ssl=1 600w\" sizes=\"auto, (max-width: 265px) 100vw, 265px\" \/><\/a><\/p>\n<p>&nbsp;<\/p>\n<p style=\"text-align: right;\"><span style=\"font-size: 10pt;\"><em>M\u00e9daille cr\u00e9\u00e9e par Pierre-Jean David d&rsquo;Angers<br \/>\nen 1831, <\/em><\/span><span style=\"font-size: 10pt;\"><em>(argent, 155 mm)&nbsp;<\/em><\/span><\/p>\n<p>&nbsp;<\/p>\n<p>&nbsp;<\/p>\n<p>&nbsp;<\/p>\n<p>&nbsp;<\/p>\n<p>&nbsp;<\/p>\n<p>&nbsp;<\/p>\n","protected":false},"excerpt":{"rendered":"<p>&nbsp; M\u00e9daille cr\u00e9\u00e9e par Pierre-Jean David d&rsquo;Angers en 1831, (argent, 155 mm)&nbsp; &nbsp; &nbsp; &nbsp; &nbsp; &nbsp; &nbsp;<\/p>\n","protected":false},"author":1,"featured_media":0,"parent":3720,"menu_order":0,"comment_status":"closed","ping_status":"closed","template":"","meta":{"ngg_post_thumbnail":0,"jetpack_post_was_ever_published":false,"footnotes":""},"class_list":["post-4625","page","type-page","status-publish","hentry"],"jetpack_sharing_enabled":true,"jetpack_shortlink":"https:\/\/wp.me\/P7ERyi-1cB","jetpack-related-posts":[{"id":3720,"url":"https:\/\/lesgravereaux.marret.co\/index.php\/jules-gravereaux\/jules-gravereaux-honneurs-et-medailles\/","url_meta":{"origin":4625,"position":0},"title":"Jules Gravereaux &#8211; Honneurs et m\u00e9dailles","author":"marretgravereaux","date":"19 juin 2016","format":false,"excerpt":"Jules Gravereaux a acquis la propri\u00e9t\u00e9 de L\u2019Ha\u00ff en 1892 et il commen\u00e7a \u00e0 y installer une collection de roses vers 1894. Mais ce n\u2019est qu\u2019en 1899 qu\u2019\u00c9douard Andr\u00e9, architecte-paysager reconnu cr\u00e9a la premi\u00e8re roseraie. Celle-ci acquit tr\u00e8s rapidement une notori\u00e9t\u00e9 internationale, la publication de l\u2019inventaire des collections et l\u2019article\u2026","rel":"","context":"Article similaire","block_context":{"text":"Article similaire","link":""},"img":{"alt_text":"Jules Gravereaux - OG053c","src":"https:\/\/i0.wp.com\/lesgravereaux.marret.co\/wp-content\/uploads\/2015\/10\/Jules-Gravereaux-OG053c-e1466353135600-649x1024.jpg?resize=350%2C200","width":350,"height":200},"classes":[]},{"id":571,"url":"https:\/\/lesgravereaux.marret.co\/index.php\/571-2\/","url_meta":{"origin":4625,"position":1},"title":"Les f\u00eates \u00e0 L&rsquo;Ha\u00ff","author":"marretgravereaux","date":"7 mars 2016","format":false,"excerpt":"Jules Gravereaux aimait recevoir, non seulement sa famille, mais aussi les membres de nombreuses associations auxquelles il ouvrit la porte du domaine de L'Ha\u00ff, pour une simple visite de la roseraie ou pour un spectacle au th\u00e9\u00e2tre de\u00a0verdure. Bien qu'incomplet, le calendrier ci-apr\u00e8s donne une id\u00e9e de ces r\u00e9ceptions qui\u2026","rel":"","context":"Article similaire","block_context":{"text":"Article similaire","link":""},"img":{"alt_text":"","src":"https:\/\/i0.wp.com\/lesgravereaux.marret.co\/wp-content\/uploads\/2016\/04\/LHay-Visite-de-la-roseraie-47-J-843_wp-1024x759.jpg?resize=350%2C200","width":350,"height":200,"srcset":"https:\/\/i0.wp.com\/lesgravereaux.marret.co\/wp-content\/uploads\/2016\/04\/LHay-Visite-de-la-roseraie-47-J-843_wp-1024x759.jpg?resize=350%2C200 1x, https:\/\/i0.wp.com\/lesgravereaux.marret.co\/wp-content\/uploads\/2016\/04\/LHay-Visite-de-la-roseraie-47-J-843_wp-1024x759.jpg?resize=525%2C300 1.5x"},"classes":[]},{"id":5119,"url":"https:\/\/lesgravereaux.marret.co\/index.php\/jules-gravereaux\/jules-gravereaux-honneurs-et-medailles\/jules-gravereaux-honore-par-la-comtesse-chotek\/","url_meta":{"origin":4625,"position":2},"title":"Jules Gravereaux honor\u00e9 par la comtesse Chotek","author":"marretgravereaux","date":"30 octobre 2016","format":false,"excerpt":"\u00a0 La revue Die Gartenwelt, dans son \u00e9dition du 19 juillet 1913, informe ses lecteurs... \u00a0 Nouvelles personnelles. Gravereaux, J[ules]\u00a0; le c\u00e9l\u00e8bre obtenteur de roses fran\u00e7ais, Kordes, Wilh[elm][i], Elmshorrn en Holstein et Lambert, Peter[ii] \u00e0 Tr\u00e8ves, ont \u00e9t\u00e9 d\u00e9cor\u00e9s de l\u2019ordre personnel de la comtesse Chotek (chiffre et couronne en\u2026","rel":"","context":"Article similaire","block_context":{"text":"Article similaire","link":""},"img":{"alt_text":"1913 Die Gartenwelt p493","src":"https:\/\/i0.wp.com\/lesgravereaux.marret.co\/wp-content\/uploads\/2016\/10\/1913-Die-Gartenwelt-p493-d%C3%A9tail_wp.jpg?resize=350%2C200","width":350,"height":200},"classes":[]},{"id":752,"url":"https:\/\/lesgravereaux.marret.co\/index.php\/jules-gravereaux\/portraits-de-jules-gravereaux\/jules-gravereaux-dans-la-roseraie-renouard\/","url_meta":{"origin":4625,"position":3},"title":"Portrait de Jules Gravereaux dans sa roseraie","author":"marretgravereaux","date":"8 mars 2016","format":false,"excerpt":"\u00a0 Jules Gravereaux dans la roseraie de L\u2019Ha\u00ff par Charles-Paul RENOUARD(1841-1919) Huile (H : 1,29\u00a0m - L :\u00a01,745\u00a0m) Photo : Archives d\u00e9partementales du Val-de-Marne\u00a0- Fonds de la Rose (47J245) Expos\u00e9 lors du Salon de la Soci\u00e9t\u00e9 nationale des Beaux-Arts, en 1908, ce tableau fut remarqu\u00e9 des critiques : \u00ab\u00a0Paul Renouard\u2026","rel":"","context":"Article similaire","block_context":{"text":"Article similaire","link":""},"img":{"alt_text":"Renouard, Charles-Paul (47 J 245)_wp","src":"https:\/\/i0.wp.com\/marret.co\/wp-content\/uploads\/2016\/03\/Renouard-Charles-Paul-47-J-245_wp-1024x743.jpg?resize=350%2C200","width":350,"height":200},"classes":[]},{"id":1270,"url":"https:\/\/lesgravereaux.marret.co\/index.php\/jules-gravereaux\/portraits-de-jules-gravereaux\/a-la-une\/","url_meta":{"origin":4625,"position":4},"title":"Jules Gravereaux \u00e0 la une","author":"marretgravereaux","date":"19 mars 2016","format":false,"excerpt":"Dans son\u00a0num\u00e9ro du 1er\u00a0juin 1907, la revue La Vie \u00e0 la Campagne affiche un portrait de Jules Gravereaux, \u00e0 la une de sa section informative\u2026 Elle le pr\u00e9sente dans son bas de vignette. JULES GRAVEREAUX. Chevalier de la L\u00e9gion d'Honneur, Officier du M\u00e9rite Agricole, propri\u00e9taire de la Roseraie de l'Hay\u2026","rel":"","context":"Article similaire","block_context":{"text":"Article similaire","link":""},"img":{"alt_text":"1907-06-01 La vie a la campagne a_wp","src":"https:\/\/i0.wp.com\/marret.co\/wp-content\/uploads\/2016\/03\/1907-06-01-La-vie-a-la-campagne-a_wp-726x1024.jpg?resize=350%2C200","width":350,"height":200},"classes":[]},{"id":1798,"url":"https:\/\/lesgravereaux.marret.co\/index.php\/jules-gravereaux\/jules-gravereaux-ses-ecrits\/","url_meta":{"origin":4625,"position":5},"title":"Jules Gravereaux &#8211; Ses \u00e9crits","author":"marretgravereaux","date":"23 avril 2016","format":false,"excerpt":"Jules Gravereaux\u00a0s'est aussi fait conna\u00eetre dans le monde de la rose comme un auteur. De 1899 \u00e0 1914, il a publi\u00e9 trois inventaires de la roseraie, les r\u00e9sultats de plusieurs de ses recherches ainsi que divers articles dans des revues horticoles. Toutefois,\u00a0par humilit\u00e9 et par respect pour ses collaborateurs, un\u2026","rel":"","context":"Article similaire","block_context":{"text":"Article similaire","link":""},"img":{"alt_text":"File0032a","src":"https:\/\/i0.wp.com\/lesgravereaux.marret.co\/wp-content\/uploads\/2015\/10\/File0032a.jpg?resize=350%2C200","width":350,"height":200},"classes":[]}],"_links":{"self":[{"href":"https:\/\/lesgravereaux.marret.co\/index.php\/wp-json\/wp\/v2\/pages\/4625","targetHints":{"allow":["GET"]}}],"collection":[{"href":"https:\/\/lesgravereaux.marret.co\/index.php\/wp-json\/wp\/v2\/pages"}],"about":[{"href":"https:\/\/lesgravereaux.marret.co\/index.php\/wp-json\/wp\/v2\/types\/page"}],"author":[{"embeddable":true,"href":"https:\/\/lesgravereaux.marret.co\/index.php\/wp-json\/wp\/v2\/users\/1"}],"replies":[{"embeddable":true,"href":"https:\/\/lesgravereaux.marret.co\/index.php\/wp-json\/wp\/v2\/comments?post=4625"}],"version-history":[{"count":0,"href":"https:\/\/lesgravereaux.marret.co\/index.php\/wp-json\/wp\/v2\/pages\/4625\/revisions"}],"up":[{"embeddable":true,"href":"https:\/\/lesgravereaux.marret.co\/index.php\/wp-json\/wp\/v2\/pages\/3720"}],"wp:attachment":[{"href":"https:\/\/lesgravereaux.marret.co\/index.php\/wp-json\/wp\/v2\/media?parent=4625"}],"curies":[{"name":"wp","href":"https:\/\/api.w.org\/{rel}","templated":true}]}}