{"id":4611,"date":"2016-07-17T21:06:14","date_gmt":"2016-07-17T20:06:14","guid":{"rendered":"http:\/\/lesgravereaux.marret.co\/?page_id=4611"},"modified":"2016-10-21T00:57:46","modified_gmt":"2016-10-20T23:57:46","slug":"jules-gravereaux-et-lordre-de-laigle-rouge","status":"publish","type":"page","link":"https:\/\/lesgravereaux.marret.co\/index.php\/jules-gravereaux\/jules-gravereaux-honneurs-et-medailles\/jules-gravereaux-et-lordre-de-laigle-rouge\/","title":{"rendered":"Jules Gravereaux et l&rsquo;Ordre de l&rsquo;Aigle rouge"},"content":{"rendered":"<p>&nbsp;<\/p>\n<p><span style=\"color: #000000; font-family: georgia,palatino,serif;\">Pour cr\u00e9er et d\u00e9velopper la roseraie de L\u2019Ha\u00ff, Jules Gravereaux fait appel aux rosi\u00e9ristes et aux rodophiles de plusieurs pays; c\u2019est ainsi qu\u2019il d\u00e9veloppe des relations, en Prusse, avec Peter Lambert. Jules Gravereaux a avec lui bien plus que des \u00e9changes \u00e9pistolaires, puisqu\u2019ils se rencontrent \u00e0 plusieurs reprises, qu\u2019il est son h\u00f4te \u00e0 L\u2019Ha\u00ff et qu\u2019ils collaborent \u00e0 divers projets.<\/span><\/p>\n<p><span style=\"color: #000000; font-family: georgia,palatino,serif;\"><a href=\"https:\/\/i0.wp.com\/lesgravereaux.marret.co\/wp-content\/uploads\/2016\/07\/Ordre-de-lAigle-touge-IV-classe-1_wp.jpg?ssl=1\"><img data-recalc-dims=\"1\" loading=\"lazy\" decoding=\"async\" data-attachment-id=\"4610\" data-permalink=\"https:\/\/lesgravereaux.marret.co\/index.php\/jules-gravereaux\/jules-gravereaux-honneurs-et-medailles\/jules-gravereaux-et-lordre-de-laigle-rouge\/ordre-de-laigle-touge-iv-classe-1_wp\/\" data-orig-file=\"https:\/\/i0.wp.com\/lesgravereaux.marret.co\/wp-content\/uploads\/2016\/07\/Ordre-de-lAigle-touge-IV-classe-1_wp.jpg?fit=777%2C886&amp;ssl=1\" data-orig-size=\"777,886\" data-comments-opened=\"1\" data-image-meta=\"{&quot;aperture&quot;:&quot;2.8&quot;,&quot;credit&quot;:&quot;&quot;,&quot;camera&quot;:&quot;CYBERSHOT&quot;,&quot;caption&quot;:&quot;&quot;,&quot;created_timestamp&quot;:&quot;1101844886&quot;,&quot;copyright&quot;:&quot;&quot;,&quot;focal_length&quot;:&quot;7.1&quot;,&quot;iso&quot;:&quot;100&quot;,&quot;shutter_speed&quot;:&quot;0.025&quot;,&quot;title&quot;:&quot;&quot;,&quot;orientation&quot;:&quot;1&quot;}\" data-image-title=\"Ordre de l&amp;rsquo;Aigle touge &amp;#8211; IV classe 1_wp\" data-image-description=\"\" data-image-caption=\"\" data-medium-file=\"https:\/\/i0.wp.com\/lesgravereaux.marret.co\/wp-content\/uploads\/2016\/07\/Ordre-de-lAigle-touge-IV-classe-1_wp.jpg?fit=263%2C300&amp;ssl=1\" data-large-file=\"https:\/\/i0.wp.com\/lesgravereaux.marret.co\/wp-content\/uploads\/2016\/07\/Ordre-de-lAigle-touge-IV-classe-1_wp.jpg?fit=640%2C730&amp;ssl=1\" class=\"wp-image-4610 alignright\" src=\"https:\/\/i0.wp.com\/lesgravereaux.marret.co\/wp-content\/uploads\/2016\/07\/Ordre-de-lAigle-touge-IV-classe-1_wp.jpg?resize=200%2C228&#038;ssl=1\" alt=\"Ordre de l'Aigle touge - IV classe 1_wp\" width=\"200\" height=\"228\" data-wp-pid=\"4610\" srcset=\"https:\/\/i0.wp.com\/lesgravereaux.marret.co\/wp-content\/uploads\/2016\/07\/Ordre-de-lAigle-touge-IV-classe-1_wp.jpg?w=777&amp;ssl=1 777w, https:\/\/i0.wp.com\/lesgravereaux.marret.co\/wp-content\/uploads\/2016\/07\/Ordre-de-lAigle-touge-IV-classe-1_wp.jpg?resize=263%2C300&amp;ssl=1 263w, https:\/\/i0.wp.com\/lesgravereaux.marret.co\/wp-content\/uploads\/2016\/07\/Ordre-de-lAigle-touge-IV-classe-1_wp.jpg?resize=768%2C876&amp;ssl=1 768w, https:\/\/i0.wp.com\/lesgravereaux.marret.co\/wp-content\/uploads\/2016\/07\/Ordre-de-lAigle-touge-IV-classe-1_wp.jpg?resize=526%2C600&amp;ssl=1 526w\" sizes=\"auto, (max-width: 200px) 100vw, 200px\" \/><\/a>Dans la revue Rosen-Zeitung qu\u2019il dirige, Peter Lambert mentionne r\u00e9guli\u00e8rement le travail de Jules Gravereaux, ses travaux, ses cr\u00e9ations, ses publications et les honneurs que celui-ci obtient. En 1899, il souligne sa g\u00e9n\u00e9rosit\u00e9 lorsque celui-ci d\u00e9cide de mettre l\u2019ensemble de sa collection \u00e0 la disposition de la future roseraie de Sangerhausen (cr\u00e9\u00e9e en 1903).<\/span><\/p>\n<p><span style=\"font-family: georgia,palatino,serif;\"><span style=\"color: #000000;\">Favoris\u00e9e par\u00a0Peter Lambert, la r\u00e9putation de Jules Gravereaux en Prusse\u00a0grandit et elle s\u2019officialise en \u00a01909 lorsqu\u2019il est d\u00e9cor\u00e9, par le roi de Prusse, Guillaume II, de l\u2019Ordre de l\u2019Aigle rouge (IV<\/span><sup><span style=\"color: #000000; font-family: Calibri; font-size: small;\">e<\/span><\/sup><span style=\"color: #000000;\"> classe).<\/span><\/span><\/p>\n<p><span style=\"color: #000000; font-family: georgia,palatino,serif;\">Ce\u00a0 que ne manquent pas de souligner des revues\u2026<\/span><\/p>\n<p><a href=\"https:\/\/i0.wp.com\/lesgravereaux.marret.co\/wp-content\/uploads\/2016\/07\/1910-Rosen-Zeitung-02-1909-p16_wp.jpg?ssl=1\"><img data-recalc-dims=\"1\" loading=\"lazy\" decoding=\"async\" data-attachment-id=\"4608\" data-permalink=\"https:\/\/lesgravereaux.marret.co\/index.php\/jules-gravereaux\/jules-gravereaux-honneurs-et-medailles\/jules-gravereaux-et-lordre-de-laigle-rouge\/1910-rosen-zeitung-p16\/\" data-orig-file=\"https:\/\/i0.wp.com\/lesgravereaux.marret.co\/wp-content\/uploads\/2016\/07\/1910-Rosen-Zeitung-02-1909-p16_wp.jpg?fit=591%2C149&amp;ssl=1\" data-orig-size=\"591,149\" data-comments-opened=\"1\" data-image-meta=\"{&quot;aperture&quot;:&quot;0&quot;,&quot;credit&quot;:&quot;Jean-Luc&quot;,&quot;camera&quot;:&quot;&quot;,&quot;caption&quot;:&quot;&quot;,&quot;created_timestamp&quot;:&quot;0&quot;,&quot;copyright&quot;:&quot;&quot;,&quot;focal_length&quot;:&quot;0&quot;,&quot;iso&quot;:&quot;0&quot;,&quot;shutter_speed&quot;:&quot;0&quot;,&quot;title&quot;:&quot;1910 Rosen-Zeitung p16&quot;,&quot;orientation&quot;:&quot;1&quot;}\" data-image-title=\"1910 Rosen-Zeitung p16\" data-image-description=\"\" data-image-caption=\"\" data-medium-file=\"https:\/\/i0.wp.com\/lesgravereaux.marret.co\/wp-content\/uploads\/2016\/07\/1910-Rosen-Zeitung-02-1909-p16_wp.jpg?fit=300%2C76&amp;ssl=1\" data-large-file=\"https:\/\/i0.wp.com\/lesgravereaux.marret.co\/wp-content\/uploads\/2016\/07\/1910-Rosen-Zeitung-02-1909-p16_wp.jpg?fit=591%2C149&amp;ssl=1\" class=\"wp-image-4608 alignleft\" src=\"https:\/\/i0.wp.com\/lesgravereaux.marret.co\/wp-content\/uploads\/2016\/07\/1910-Rosen-Zeitung-02-1909-p16_wp.jpg?resize=301%2C76&#038;ssl=1\" alt=\"1910 Rosen-Zeitung p16\" width=\"301\" height=\"76\" data-wp-pid=\"4608\" srcset=\"https:\/\/i0.wp.com\/lesgravereaux.marret.co\/wp-content\/uploads\/2016\/07\/1910-Rosen-Zeitung-02-1909-p16_wp.jpg?w=591&amp;ssl=1 591w, https:\/\/i0.wp.com\/lesgravereaux.marret.co\/wp-content\/uploads\/2016\/07\/1910-Rosen-Zeitung-02-1909-p16_wp.jpg?resize=300%2C76&amp;ssl=1 300w\" sizes=\"auto, (max-width: 301px) 100vw, 301px\" \/><\/a><span style=\"font-family: georgia,palatino,serif;\"><em><span style=\"font-size: 10pt;\"><a href=\"https:\/\/i0.wp.com\/lesgravereaux.marret.co\/wp-content\/uploads\/2016\/07\/1910-02-Journal-des-roses-p22_wp.jpg?ssl=1\"><img data-recalc-dims=\"1\" loading=\"lazy\" decoding=\"async\" data-attachment-id=\"4609\" data-permalink=\"https:\/\/lesgravereaux.marret.co\/index.php\/jules-gravereaux\/jules-gravereaux-honneurs-et-medailles\/jules-gravereaux-et-lordre-de-laigle-rouge\/1909-1911-journal-des-roses-pdf-3\/\" data-orig-file=\"https:\/\/i0.wp.com\/lesgravereaux.marret.co\/wp-content\/uploads\/2016\/07\/1910-02-Journal-des-roses-p22_wp.jpg?fit=766%2C886&amp;ssl=1\" data-orig-size=\"766,886\" data-comments-opened=\"1\" data-image-meta=\"{&quot;aperture&quot;:&quot;0&quot;,&quot;credit&quot;:&quot;Jean-Luc&quot;,&quot;camera&quot;:&quot;&quot;,&quot;caption&quot;:&quot;&quot;,&quot;created_timestamp&quot;:&quot;0&quot;,&quot;copyright&quot;:&quot;&quot;,&quot;focal_length&quot;:&quot;0&quot;,&quot;iso&quot;:&quot;0&quot;,&quot;shutter_speed&quot;:&quot;0&quot;,&quot;title&quot;:&quot;1909-1911 Journal des roses.pdf&quot;,&quot;orientation&quot;:&quot;1&quot;}\" data-image-title=\"1909-1911 Journal des roses.pdf\" data-image-description=\"\" data-image-caption=\"\" data-medium-file=\"https:\/\/i0.wp.com\/lesgravereaux.marret.co\/wp-content\/uploads\/2016\/07\/1910-02-Journal-des-roses-p22_wp.jpg?fit=259%2C300&amp;ssl=1\" data-large-file=\"https:\/\/i0.wp.com\/lesgravereaux.marret.co\/wp-content\/uploads\/2016\/07\/1910-02-Journal-des-roses-p22_wp.jpg?fit=640%2C740&amp;ssl=1\" class=\"wp-image-4609 alignright\" src=\"https:\/\/i0.wp.com\/lesgravereaux.marret.co\/wp-content\/uploads\/2016\/07\/1910-02-Journal-des-roses-p22_wp.jpg?resize=300%2C347&#038;ssl=1\" alt=\"1909-1911 Journal des roses.pdf\" width=\"300\" height=\"347\" data-wp-pid=\"4609\" srcset=\"https:\/\/i0.wp.com\/lesgravereaux.marret.co\/wp-content\/uploads\/2016\/07\/1910-02-Journal-des-roses-p22_wp.jpg?w=766&amp;ssl=1 766w, https:\/\/i0.wp.com\/lesgravereaux.marret.co\/wp-content\/uploads\/2016\/07\/1910-02-Journal-des-roses-p22_wp.jpg?resize=259%2C300&amp;ssl=1 259w, https:\/\/i0.wp.com\/lesgravereaux.marret.co\/wp-content\/uploads\/2016\/07\/1910-02-Journal-des-roses-p22_wp.jpg?resize=519%2C600&amp;ssl=1 519w\" sizes=\"auto, (max-width: 300px) 100vw, 300px\" \/><\/a><\/span><\/em><\/span><span style=\"font-family: georgia,palatino,serif;\"><em><span style=\"font-size: 10pt;\">Rosen-Zeitung, f\u00e9vrier 1909<\/span><\/em><\/span><\/p>\n<p style=\"text-align: left;\">\n<p style=\"text-align: left;\">\n<p style=\"text-align: left;\">\n<p style=\"text-align: left;\">\n<p style=\"text-align: left;\">\n<p style=\"text-align: left;\">\n<p>&nbsp;<\/p>\n<p>&nbsp;<\/p>\n<p style=\"text-align: right;\"><span style=\"font-family: georgia,palatino,serif;\"><em><span style=\"font-size: 10pt;\">Journal des Roses, f\u00e9vrier 1910<\/span><\/em><\/span><\/p>\n","protected":false},"excerpt":{"rendered":"<p>&nbsp; Pour cr\u00e9er et d\u00e9velopper la roseraie de L\u2019Ha\u00ff, Jules Gravereaux fait appel aux rosi\u00e9ristes et aux rodophiles de plusieurs pays; c\u2019est ainsi qu\u2019il d\u00e9veloppe des relations, en Prusse, avec Peter Lambert. Jules Gravereaux a avec lui bien plus que &hellip; <a href=\"https:\/\/lesgravereaux.marret.co\/index.php\/jules-gravereaux\/jules-gravereaux-honneurs-et-medailles\/jules-gravereaux-et-lordre-de-laigle-rouge\/\">Continuer la lecture <span class=\"meta-nav\">&rarr;<\/span><\/a><\/p>\n","protected":false},"author":1,"featured_media":0,"parent":3720,"menu_order":0,"comment_status":"closed","ping_status":"closed","template":"","meta":{"ngg_post_thumbnail":0,"jetpack_post_was_ever_published":false,"footnotes":""},"class_list":["post-4611","page","type-page","status-publish","hentry"],"jetpack_sharing_enabled":true,"jetpack_shortlink":"https:\/\/wp.me\/P7ERyi-1cn","jetpack-related-posts":[{"id":3605,"url":"https:\/\/lesgravereaux.marret.co\/index.php\/des-roseraies\/la-roseraie-de-sangerhausen\/","url_meta":{"origin":4611,"position":0},"title":"La roseraie de Sangerhausen","author":"marretgravereaux","date":"14 juin 2016","format":false,"excerpt":"Jules Gravereaux commence \u00e0 collectionner les roses vers 1894; d\u00e8s le d\u00e9but, il se met en contact avec les rosi\u00e9ristes et les rhodologues les plus r\u00e9put\u00e9s pour l\u2019aider dans cette t\u00e2che. C\u2019est ainsi qu\u2019il \u00e9tablit une correspondance r\u00e9guli\u00e8re avec Peter Lambert, rosi\u00e9riste, collectionneur et chercheur allemand. Lorsque celui-ci projette d\u2019\u00e9tablir\u2026","rel":"","context":"Article similaire","block_context":{"text":"Article similaire","link":""},"img":{"alt_text":"","src":"","width":0,"height":0},"classes":[]},{"id":5119,"url":"https:\/\/lesgravereaux.marret.co\/index.php\/jules-gravereaux\/jules-gravereaux-honneurs-et-medailles\/jules-gravereaux-honore-par-la-comtesse-chotek\/","url_meta":{"origin":4611,"position":1},"title":"Jules Gravereaux honor\u00e9 par la comtesse Chotek","author":"marretgravereaux","date":"30 octobre 2016","format":false,"excerpt":"\u00a0 La revue Die Gartenwelt, dans son \u00e9dition du 19 juillet 1913, informe ses lecteurs... \u00a0 Nouvelles personnelles. Gravereaux, J[ules]\u00a0; le c\u00e9l\u00e8bre obtenteur de roses fran\u00e7ais, Kordes, Wilh[elm][i], Elmshorrn en Holstein et Lambert, Peter[ii] \u00e0 Tr\u00e8ves, ont \u00e9t\u00e9 d\u00e9cor\u00e9s de l\u2019ordre personnel de la comtesse Chotek (chiffre et couronne en\u2026","rel":"","context":"Article similaire","block_context":{"text":"Article similaire","link":""},"img":{"alt_text":"1913 Die Gartenwelt p493","src":"https:\/\/i0.wp.com\/lesgravereaux.marret.co\/wp-content\/uploads\/2016\/10\/1913-Die-Gartenwelt-p493-d%C3%A9tail_wp.jpg?resize=350%2C200","width":350,"height":200},"classes":[]},{"id":1211,"url":"https:\/\/lesgravereaux.marret.co\/index.php\/jules-gravereaux\/jules-gravereaux-et-lhay-documents-et-references\/","url_meta":{"origin":4611,"position":2},"title":"Jules Gravereaux et l&rsquo;Ha\u00ff &#8211; Documents et r\u00e9f\u00e9rences","author":"marretgravereaux","date":"18 mars 2016","format":false,"excerpt":"S\u2019il ne fallait mentionner qu\u2019un ouvrage \u00e0 lire pour conna\u00eetre l\u2019histoire de Jules Gravereaux et de la roseraie de L\u2019Ha\u00ff, ce serait certainement celui de Nadine Villalobos\u00a0: Floril\u00e8ge, la roseraie du Val-de-Marne \u00e0 L\u2019Ha\u00ff-les-Roses. Villa-Lobos, Nadine et B\u00e9atrice Pichon-Clarisse. Floril\u00e8ge \u00e0 L'Ha\u00ff-les-Roses - La roseraie du Val-de-Marne. Imprimerie Nationale, 2006.\u2026","rel":"","context":"Article similaire","block_context":{"text":"Article similaire","link":""},"img":{"alt_text":"Florilege c0_wp","src":"https:\/\/i0.wp.com\/marret.co\/wp-content\/uploads\/2016\/03\/Florilege-c0_wp-899x1024.jpg?resize=350%2C200","width":350,"height":200},"classes":[]},{"id":3684,"url":"https:\/\/lesgravereaux.marret.co\/index.php\/jules-gravereaux\/des-evenements-de-sa-vie\/biographie-de-jules-gravereaux-par-jean-luc-marret\/","url_meta":{"origin":4611,"position":3},"title":"Biographie de Jules Gravereaux (par Jean-Luc Marret)","author":"marretgravereaux","date":"17 juin 2016","format":false,"excerpt":"Discours d'hommage prononc\u00e9 par Jean-Luc Marret, son arri\u00e8re-petit-fils, le 23 mars 2016, au cimeti\u00e8re du Montparnasse, \u00e0 l'occasion d'une c\u00e9r\u00e9monie comm\u00e9morant le centi\u00e8me anniversaire de son d\u00e9c\u00e8s. Cadet de la famille, Jules Gravereaux na\u00eet le 1er mai 1844 \u00e0 Vitry-sur-Seine. Originaire du Bordelais, son arri\u00e8re-grand-p\u00e8re \u00e9tait venu s\u2019installer l\u00e0 un\u2026","rel":"","context":"Article similaire","block_context":{"text":"Article similaire","link":""},"img":{"alt_text":"2016-03-23 Cimeti\u00e8re Montparnasse RLM_1754a_wp","src":"https:\/\/i0.wp.com\/lesgravereaux.marret.co\/wp-content\/uploads\/2016\/06\/2016-03-23-Cimeti%C3%A8re-Montparnasse-RLM_1754a_wp.jpg?resize=350%2C200","width":350,"height":200},"classes":[]},{"id":2036,"url":"https:\/\/lesgravereaux.marret.co\/index.php\/des-roseraies\/","url_meta":{"origin":4611,"position":4},"title":"D&rsquo;autres roseraies","author":"marretgravereaux","date":"26 avril 2016","format":false,"excerpt":"Collectionneur de roses, Jules Gravereaux commence par en rassembler quelques-unes d\u00e8s 1894 dans son jardin de L\u2019Ha\u00ff; avec l\u2019aide du paysagiste \u00c9douard Andr\u00e9, il les installe une peu plus tard, dans ce qui est le 1er jardin \u00e0 leur \u00eatre exclusivement consacr\u00e9e, une roseraie \u2013 on parlait \u00e0 l\u2019\u00e9poque de\u2026","rel":"","context":"Article similaire","block_context":{"text":"Article similaire","link":""},"img":{"alt_text":"Jules Gravereaux - OG1332b","src":"https:\/\/i0.wp.com\/lesgravereaux.marret.co\/wp-content\/uploads\/2015\/10\/Jules-Gravereaux-OG1332b.jpg?resize=350%2C200","width":350,"height":200},"classes":[]},{"id":5282,"url":"https:\/\/lesgravereaux.marret.co\/index.php\/jules-gravereaux\/des-evenements-de-sa-vie\/jules-gravereaux-son-mariage\/laure-thuillier\/","url_meta":{"origin":4611,"position":5},"title":"Laure Thuillier","author":"marretgravereaux","date":"21 avril 2017","format":false,"excerpt":"Fille d\u2019Alexis Eug\u00e8ne Thuillier et de H\u00e9lo\u00efse Philiberte Gautier, Laure Marie Alexandrine THUILLIER na\u00eet le jeudi 30 d\u00e9cembre 1852 \u00e0 Paris. Elle vient d\u2019avoir 21\u00a0ans lorsqu\u2019elle \u00e9pouse Jules Gravereaux, le 9\u00a0ao\u00fbt 1873. Ce serait \u00e0 elle que l\u2019on doit la carri\u00e8re de Jules Gravereaux dans le monde des rosi\u00e9ristes. Sa\u2026","rel":"","context":"Article similaire","block_context":{"text":"Article similaire","link":""},"img":{"alt_text":"","src":"https:\/\/i0.wp.com\/lesgravereaux.marret.co\/wp-content\/uploads\/2015\/10\/Jules-Gravereaux-et-Laure-Thuillier-GV0066b-1024x882.jpg?resize=350%2C200","width":350,"height":200},"classes":[]}],"_links":{"self":[{"href":"https:\/\/lesgravereaux.marret.co\/index.php\/wp-json\/wp\/v2\/pages\/4611","targetHints":{"allow":["GET"]}}],"collection":[{"href":"https:\/\/lesgravereaux.marret.co\/index.php\/wp-json\/wp\/v2\/pages"}],"about":[{"href":"https:\/\/lesgravereaux.marret.co\/index.php\/wp-json\/wp\/v2\/types\/page"}],"author":[{"embeddable":true,"href":"https:\/\/lesgravereaux.marret.co\/index.php\/wp-json\/wp\/v2\/users\/1"}],"replies":[{"embeddable":true,"href":"https:\/\/lesgravereaux.marret.co\/index.php\/wp-json\/wp\/v2\/comments?post=4611"}],"version-history":[{"count":0,"href":"https:\/\/lesgravereaux.marret.co\/index.php\/wp-json\/wp\/v2\/pages\/4611\/revisions"}],"up":[{"embeddable":true,"href":"https:\/\/lesgravereaux.marret.co\/index.php\/wp-json\/wp\/v2\/pages\/3720"}],"wp:attachment":[{"href":"https:\/\/lesgravereaux.marret.co\/index.php\/wp-json\/wp\/v2\/media?parent=4611"}],"curies":[{"name":"wp","href":"https:\/\/api.w.org\/{rel}","templated":true}]}}