{"id":4506,"date":"2016-07-12T17:35:11","date_gmt":"2016-07-12T16:35:11","guid":{"rendered":"http:\/\/lesgravereaux.marret.co\/?page_id=4506"},"modified":"2016-07-13T15:57:51","modified_gmt":"2016-07-13T14:57:51","slug":"visite-a-lusine-triplefil","status":"publish","type":"page","link":"https:\/\/lesgravereaux.marret.co\/index.php\/les-etablissements-gravereaux\/les-etablissements-gravereaux-dans-la-presse\/visite-a-lusine-triplefil\/","title":{"rendered":"Visite \u00e0 l&rsquo;usine Triplefil"},"content":{"rendered":"<p><a href=\"https:\/\/i0.wp.com\/lesgravereaux.marret.co\/wp-content\/uploads\/2016\/07\/Visite-%C3%A0-lusine-Triplefil-p64_wp.jpg?ssl=1\"><img data-recalc-dims=\"1\" loading=\"lazy\" decoding=\"async\" data-attachment-id=\"4508\" data-permalink=\"https:\/\/lesgravereaux.marret.co\/index.php\/les-etablissements-gravereaux\/les-etablissements-gravereaux-dans-la-presse\/visite-a-lusine-triplefil\/visite-a-lusine-triplefil-p64_wp\/\" data-orig-file=\"https:\/\/i0.wp.com\/lesgravereaux.marret.co\/wp-content\/uploads\/2016\/07\/Visite-%C3%A0-lusine-Triplefil-p64_wp.jpg?fit=922%2C1181&amp;ssl=1\" data-orig-size=\"922,1181\" data-comments-opened=\"1\" data-image-meta=\"{&quot;aperture&quot;:&quot;0&quot;,&quot;credit&quot;:&quot;&quot;,&quot;camera&quot;:&quot;&quot;,&quot;caption&quot;:&quot;&quot;,&quot;created_timestamp&quot;:&quot;0&quot;,&quot;copyright&quot;:&quot;&quot;,&quot;focal_length&quot;:&quot;0&quot;,&quot;iso&quot;:&quot;0&quot;,&quot;shutter_speed&quot;:&quot;0&quot;,&quot;title&quot;:&quot;&quot;,&quot;orientation&quot;:&quot;1&quot;}\" data-image-title=\"Visite \u00e0 l&amp;rsquo;usine Triplefil p64_wp\" data-image-description=\"\" data-image-caption=\"\" data-medium-file=\"https:\/\/i0.wp.com\/lesgravereaux.marret.co\/wp-content\/uploads\/2016\/07\/Visite-%C3%A0-lusine-Triplefil-p64_wp.jpg?fit=234%2C300&amp;ssl=1\" data-large-file=\"https:\/\/i0.wp.com\/lesgravereaux.marret.co\/wp-content\/uploads\/2016\/07\/Visite-%C3%A0-lusine-Triplefil-p64_wp.jpg?fit=640%2C820&amp;ssl=1\" class=\"wp-image-4508 alignright\" src=\"https:\/\/i0.wp.com\/lesgravereaux.marret.co\/wp-content\/uploads\/2016\/07\/Visite-%C3%A0-lusine-Triplefil-p64_wp.jpg?resize=300%2C384&#038;ssl=1\" alt=\"Visite \u00e0 l'usine Triplefil p64_wp\" width=\"300\" height=\"384\" data-wp-pid=\"4508\" srcset=\"https:\/\/i0.wp.com\/lesgravereaux.marret.co\/wp-content\/uploads\/2016\/07\/Visite-%C3%A0-lusine-Triplefil-p64_wp.jpg?resize=799%2C1024&amp;ssl=1 799w, https:\/\/i0.wp.com\/lesgravereaux.marret.co\/wp-content\/uploads\/2016\/07\/Visite-%C3%A0-lusine-Triplefil-p64_wp.jpg?resize=234%2C300&amp;ssl=1 234w, https:\/\/i0.wp.com\/lesgravereaux.marret.co\/wp-content\/uploads\/2016\/07\/Visite-%C3%A0-lusine-Triplefil-p64_wp.jpg?resize=768%2C984&amp;ssl=1 768w, https:\/\/i0.wp.com\/lesgravereaux.marret.co\/wp-content\/uploads\/2016\/07\/Visite-%C3%A0-lusine-Triplefil-p64_wp.jpg?resize=800%2C1025&amp;ssl=1 800w, https:\/\/i0.wp.com\/lesgravereaux.marret.co\/wp-content\/uploads\/2016\/07\/Visite-%C3%A0-lusine-Triplefil-p64_wp.jpg?resize=468%2C600&amp;ssl=1 468w, https:\/\/i0.wp.com\/lesgravereaux.marret.co\/wp-content\/uploads\/2016\/07\/Visite-%C3%A0-lusine-Triplefil-p64_wp.jpg?w=922&amp;ssl=1 922w\" sizes=\"auto, (max-width: 300px) 100vw, 300px\" \/><\/a><\/p>\n<p>&nbsp;<\/p>\n<p>Dans les ann\u00e9es 1960, une revue &#8211; probablement <em>V\u00eatir<\/em> &#8211; juge opportun de publier un reportage sur la fabrication des chemises et d\u00e9cide de le faire dans l&rsquo;usine des \u00c9tablissements Gravereaux \u00e0 Argenton-sur-Creuse.<\/p>\n<p>&nbsp;<\/p>\n<p>L&rsquo;article complet, en version PDF\u00a0:<\/p>\n<p><a href=\"https:\/\/lesgravereaux.marret.co\/wp-content\/uploads\/2016\/07\/196x-Vetir-Visite-usine.pdf\">196x Vetir &#8211; Visite usine<\/a><\/p>\n<p>&nbsp;<\/p>\n","protected":false},"excerpt":{"rendered":"<p>&nbsp; Dans les ann\u00e9es 1960, une revue &#8211; probablement V\u00eatir &#8211; juge opportun de publier un reportage sur la fabrication des chemises et d\u00e9cide de le faire dans l&rsquo;usine des \u00c9tablissements Gravereaux \u00e0 Argenton-sur-Creuse. &nbsp; L&rsquo;article complet, en version PDF\u00a0: &hellip; <a href=\"https:\/\/lesgravereaux.marret.co\/index.php\/les-etablissements-gravereaux\/les-etablissements-gravereaux-dans-la-presse\/visite-a-lusine-triplefil\/\">Continuer la lecture <span class=\"meta-nav\">&rarr;<\/span><\/a><\/p>\n","protected":false},"author":1,"featured_media":0,"parent":4497,"menu_order":0,"comment_status":"closed","ping_status":"closed","template":"","meta":{"ngg_post_thumbnail":0,"jetpack_post_was_ever_published":false,"footnotes":""},"class_list":["post-4506","page","type-page","status-publish","hentry"],"jetpack_sharing_enabled":true,"jetpack_shortlink":"https:\/\/wp.me\/P7ERyi-1aG","jetpack-related-posts":[{"id":4497,"url":"https:\/\/lesgravereaux.marret.co\/index.php\/les-etablissements-gravereaux\/les-etablissements-gravereaux-dans-la-presse\/","url_meta":{"origin":4506,"position":0},"title":"Les \u00c9tablissements Gravereaux&#8230; dans la presse","author":"marretgravereaux","date":"12 juillet 2016","format":false,"excerpt":"Au cours de son demi-si\u00e8cle d'existence, la Maison Gravereaux a fait l'objet de plusieurs reportages dans la presse \u00e9crite ou audiovisuelle. Les plus importants sont indiqu\u00e9s ci-apr\u00e8s; la liste\u00a0est certainement incompl\u00e8te et le lecteur est invit\u00e9 \u00e0 communiquer avec l'\u00e9dimestre responsable de ce site pour lui en sugg\u00e9rer d'autres. 1938,\u2026","rel":"","context":"Article similaire","block_context":{"text":"Article similaire","link":""},"img":{"alt_text":"","src":"","width":0,"height":0},"classes":[]},{"id":4514,"url":"https:\/\/lesgravereaux.marret.co\/index.php\/les-etablissements-gravereaux\/les-etablissements-gravereaux-dans-la-presse\/1961-etablissements-gravereaux-et-produits-de-luxe\/","url_meta":{"origin":4506,"position":1},"title":"1961 &#8211; \u00c9tablissements Gravereaux et produits de luxe","author":"marretgravereaux","date":"13 juillet 2016","format":false,"excerpt":"Les \u00c9tablissements Gravereaux ont toujours \u00e9t\u00e9 r\u00e9put\u00e9s pour fabriquer des produits d'excellente qualit\u00e9, voire de luxe. Dans un article publi\u00e9 en octobre 1961, la revue V\u00eatir s'int\u00e9resse \u00e0 ce type de fabrication et publie un reportage r\u00e9dig\u00e9 \u00e2 partir des visites de plusieurs usines de cette Maison, \u00e0 Boulogne-sur-Seine, \u00e0\u2026","rel":"","context":"Article similaire","block_context":{"text":"Article similaire","link":""},"img":{"alt_text":"1961-10 Vetir p41_wp","src":"https:\/\/i0.wp.com\/lesgravereaux.marret.co\/wp-content\/uploads\/2016\/07\/1961-10-Vetir-p41_wp-780x1024.jpg?resize=350%2C200","width":350,"height":200},"classes":[]},{"id":2990,"url":"https:\/\/lesgravereaux.marret.co\/index.php\/les-etablissements-gravereaux\/argenton-la-sogec\/28-septembre-1964-inauguration-de-lusine-aux-baignettes\/","url_meta":{"origin":4506,"position":2},"title":"28 septembre 1964 &#8211; Inauguration de l&rsquo;usine aux Baignettes","author":"marretgravereaux","date":"22 mai 2016","format":false,"excerpt":"En 1957, les \u00c9tablissements Gravereaux d\u00e9cident de regrouper leurs divers ateliers et projettent la construction d\u2019une nouvelle usine \u00e0 Argenton-sur-Creuse, dans le quartier des Baignettes. Mais ce n\u2019est qu\u2019en 1963-1964 que celle-ci sera b\u00e2tie. L\u2019inauguration, en grande pompe, est pr\u00e9vue pour le 28 septembre 1964. Plusieurs invit\u00e9s sp\u00e9ciaux doivent venir\u2026","rel":"","context":"Article similaire","block_context":{"text":"Article similaire","link":""},"img":{"alt_text":"1964-09-21 Ets Gr - Invitation_wp","src":"https:\/\/i0.wp.com\/lesgravereaux.marret.co\/wp-content\/uploads\/2016\/05\/1964-09-21-Ets-Gr-Invitation_wp-782x1024.jpg?resize=350%2C200","width":350,"height":200},"classes":[]},{"id":3909,"url":"https:\/\/lesgravereaux.marret.co\/index.php\/les-etablissements-gravereaux\/argenton-la-sogec\/avril-1958-promotion-a-argenton\/","url_meta":{"origin":4506,"position":3},"title":"avril 1958 &#8211; Promotion \u00e0 Argenton","author":"marretgravereaux","date":"22 juin 2016","format":false,"excerpt":"En avril 1958, les \u00c9tablissements Gravereaux organisent une journ\u00e9e de promotion dans leur usine d\u2019Argenton. Celle-ci se d\u00e9roule autour de six activit\u00e9s : L'accueil, propice \u00e0 des\u00a0rencontres Une\u00a0visite\u00a0de l\u2019usine La promotion des produits des \u00c9tablissements Gravereaux Leur pr\u00e9sentation Un\u00a0d\u00e9fil\u00e9\u00a0de mode Des\u00a0repas Les photos pr\u00e9sent\u00e9es ici proviennent, pour la plupart, des\u2026","rel":"","context":"Article similaire","block_context":{"text":"Article similaire","link":""},"img":{"alt_text":"EtsGrA-OG(MdlC)1629w_wp","src":"https:\/\/i0.wp.com\/lesgravereaux.marret.co\/wp-content\/uploads\/2016\/05\/EtsGrA-OGMdlC1629w_wp.jpg?resize=350%2C200","width":350,"height":200},"classes":[]},{"id":2856,"url":"https:\/\/lesgravereaux.marret.co\/index.php\/les-etablissements-gravereaux\/boulogne-lusine\/","url_meta":{"origin":4506,"position":4},"title":"Boulogne &#8211; l&rsquo;usine","author":"marretgravereaux","date":"20 mai 2016","format":false,"excerpt":"Au cours de leur demi-si\u00e8cle d\u2019existence, Les \u00c9tablissements Gravereaux ont fabriqu\u00e9 leurs produits dans plusieurs manufactures et ateliers. D\u00e8s 1910, l\u2019usine de Boulogne-sur-Seine a \u00e9t\u00e9 au centre de leurs op\u00e9rations, tant pour la fabrication de cols que, pendant la guerre de 1914-1918, pour celles des masques \u00e0 gaz. Toutefois, des\u2026","rel":"","context":"Article similaire","block_context":{"text":"Article similaire","link":""},"img":{"alt_text":"Brassac-les-Mines - Ets Gravereaux 2a_wp","src":"https:\/\/i0.wp.com\/lesgravereaux.marret.co\/wp-content\/uploads\/2016\/05\/Brassac-les-Mines-Ets-Gravereaux-2a_wp.jpg?resize=350%2C200","width":350,"height":200},"classes":[]},{"id":2832,"url":"https:\/\/lesgravereaux.marret.co\/index.php\/les-etablissements-gravereaux\/argenton-la-sogec\/","url_meta":{"origin":4506,"position":5},"title":"Argenton &#8211; La SOGEC","author":"marretgravereaux","date":"20 mai 2016","format":false,"excerpt":"ou les \u00c9tablissements Gravereaux dans la Creuse Les \u00c9tablissements Gravereaux faisaient affaire, d\u00e8s 1930, avec un fa\u00e7onnier, propri\u00e9taire de deux ateliers, \u00e0 Argenton et \u00e0 Levroux. En 1940, pr\u00e9voyant l\u2019arriv\u00e9e des Allemands en r\u00e9gion parisienne, Ren\u00e9 Gravereaux d\u00e9cide de transf\u00e9rer les produits finis et les tissus de l\u2019usine de Boulogne-sur-Seine\u2026","rel":"","context":"Article similaire","block_context":{"text":"Article similaire","link":""},"img":{"alt_text":"","src":"https:\/\/i0.wp.com\/lesgravereaux.marret.co\/wp-content\/uploads\/2017\/06\/Argenton-et-la-Creuse-01.jpg?resize=350%2C200","width":350,"height":200},"classes":[]}],"_links":{"self":[{"href":"https:\/\/lesgravereaux.marret.co\/index.php\/wp-json\/wp\/v2\/pages\/4506","targetHints":{"allow":["GET"]}}],"collection":[{"href":"https:\/\/lesgravereaux.marret.co\/index.php\/wp-json\/wp\/v2\/pages"}],"about":[{"href":"https:\/\/lesgravereaux.marret.co\/index.php\/wp-json\/wp\/v2\/types\/page"}],"author":[{"embeddable":true,"href":"https:\/\/lesgravereaux.marret.co\/index.php\/wp-json\/wp\/v2\/users\/1"}],"replies":[{"embeddable":true,"href":"https:\/\/lesgravereaux.marret.co\/index.php\/wp-json\/wp\/v2\/comments?post=4506"}],"version-history":[{"count":0,"href":"https:\/\/lesgravereaux.marret.co\/index.php\/wp-json\/wp\/v2\/pages\/4506\/revisions"}],"up":[{"embeddable":true,"href":"https:\/\/lesgravereaux.marret.co\/index.php\/wp-json\/wp\/v2\/pages\/4497"}],"wp:attachment":[{"href":"https:\/\/lesgravereaux.marret.co\/index.php\/wp-json\/wp\/v2\/media?parent=4506"}],"curies":[{"name":"wp","href":"https:\/\/api.w.org\/{rel}","templated":true}]}}

Visite à l&rsquo;usine Triplefil

<p><a href="https://i0.wp.com/lesgravereaux.marret.co/wp-content/uploads/2016/07/Visite-%C3%A0-lusine-Triplefil-p64_wp.jpg?ssl=1"><img data-recalc-dims="1" loading="lazy" decoding="async" data-attachment-id="4508" data-permalink="https://lesgravereaux.marret.co/index.php/les-etablissements-gravereaux/les-etablissements-gravereaux-dans-la-presse/visite-a-lusine-triplefil/visite-a-lusine-triplefil-p64_wp/" data-orig-file="https://i0.wp.com/lesgravereaux.marret.co/wp-content/uploads/2016/07/Visite-%C3%A0-lusine-Triplefil-p64_wp.jpg?fit=922%2C1181&amp;ssl=1" data-orig-size="922,1181" data-comments-opened="1" data-image-meta="{&quot;aperture&quot;:&quot;0&quot;,&quot;credit&quot;:&quot;&quot;,&quot;camera&quot;:&quot;&quot;,&quot;caption&quot;:&quot;&quot;,&quot;created_timestamp&quot;:&quot;0&quot;,&quot;copyright&quot;:&quot;&quot;,&quot;focal_length&quot;:&quot;0&quot;,&quot;iso&quot;:&quot;0&quot;,&quot;shutter_speed&quot;:&quot;0&quot;,&quot;title&quot;:&quot;&quot;,&quot;orientation&quot;:&quot;1&quot;}" data-image-title="Visite à l&amp;rsquo;usine Triplefil p64_wp" data-image-description="" data-image-caption="" data-medium-file="https://i0.wp.com/lesgravereaux.marret.co/wp-content/uploads/2016/07/Visite-%C3%A0-lusine-Triplefil-p64_wp.jpg?fit=234%2C300&amp;ssl=1" data-large-file="https://i0.wp.com/lesgravereaux.marret.co/wp-content/uploads/2016/07/Visite-%C3%A0-lusine-Triplefil-p64_wp.jpg?fit=640%2C820&amp;ssl=1" class="wp-image-4508 alignright" src="https://i0.wp.com/lesgravereaux.marret.co/wp-content/uploads/2016/07/Visite-%C3%A0-lusine-Triplefil-p64_wp.jpg?resize=300%2C384&#038;ssl=1" alt="Visite à l'usine Triplefil p64_wp" width="300" height="384" data-wp-pid="4508" srcset="https://i0.wp.com/lesgravereaux.marret.co/wp-content/uploads/2016/07/Visite-%C3%A0-lusine-Triplefil-p64_wp.jpg?resize=799%2C1024&amp;ssl=1 799w, https://i0.wp.com/lesgravereaux.marret.co/wp-content/uploads/2016/07/Visite-%C3%A0-lusine-Triplefil-p64_wp.jpg?resize=234%2C300&amp;ssl=1 234w, https://i0.wp.com/lesgravereaux.marret.co/wp-content/uploads/2016/07/Visite-%C3%A0-lusine-Triplefil-p64_wp.jpg?resize=768%2C984&amp;ssl=1 768w, https://i0.wp.com/lesgravereaux.marret.co/wp-content/uploads/2016/07/Visite-%C3%A0-lusine-Triplefil-p64_wp.jpg?resize=800%2C1025&amp;ssl=1 800w, https://i0.wp.com/lesgravereaux.marret.co/wp-content/uploads/2016/07/Visite-%C3%A0-lusine-Triplefil-p64_wp.jpg?resize=468%2C600&amp;ssl=1 468w, https://i0.wp.com/lesgravereaux.marret.co/wp-content/uploads/2016/07/Visite-%C3%A0-lusine-Triplefil-p64_wp.jpg?w=922&amp;ssl=1 922w" sizes="auto, (max-width: 300px) 100vw, 300px" /></a></p>
<p>&nbsp;</p>
<p>Dans les années 1960, une revue &#8211; probablement <em>Vêtir</em> &#8211; juge opportun de publier un reportage sur la fabrication des chemises et décide de le faire dans l&rsquo;usine des Établissements Gravereaux à Argenton-sur-Creuse.</p>
<p>&nbsp;</p>
<p>L&rsquo;article complet, en version PDF :</p>
<p><a href="https://lesgravereaux.marret.co/wp-content/uploads/2016/07/196x-Vetir-Visite-usine.pdf">196x Vetir &#8211; Visite usine</a></p>
<p>&nbsp;</p>

<p>&nbsp; Dans les années 1960, une revue &#8211; probablement Vêtir &#8211; juge opportun de publier un reportage sur la fabrication des chemises et décide de le faire dans l&rsquo;usine des Établissements Gravereaux à Argenton-sur-Creuse. &nbsp; L&rsquo;article complet, en version PDF : &hellip; <a href="https://lesgravereaux.marret.co/index.php/les-etablissements-gravereaux/les-etablissements-gravereaux-dans-la-presse/visite-a-lusine-triplefil/">Continuer la lecture <span class="meta-nav">&rarr;</span></a></p>

Les Établissements Gravereaux&#8230; dans la presse

Au cours de son demi-siècle d'existence, la Maison Gravereaux a fait l'objet de plusieurs reportages dans la presse écrite ou audiovisuelle. Les plus importants sont indiqués ci-après; la liste est certainement incomplète et le lecteur est invité à communiquer avec l'édimestre responsable de ce site pour lui en suggérer d'autres. 1938,…

1961 &#8211; Établissements Gravereaux et produits de luxe

Les Établissements Gravereaux ont toujours été réputés pour fabriquer des produits d'excellente qualité, voire de luxe. Dans un article publié en octobre 1961, la revue Vêtir s'intéresse à ce type de fabrication et publie un reportage rédigé â partir des visites de plusieurs usines de cette Maison, à Boulogne-sur-Seine, à…

En 1957, les Établissements Gravereaux décident de regrouper leurs divers ateliers et projettent la construction d’une nouvelle usine à Argenton-sur-Creuse, dans le quartier des Baignettes. Mais ce n’est qu’en 1963-1964 que celle-ci sera bâtie. L’inauguration, en grande pompe, est prévue pour le 28 septembre 1964. Plusieurs invités spéciaux doivent venir…

avril 1958 &#8211; Promotion à Argenton

En avril 1958, les Établissements Gravereaux organisent une journée de promotion dans leur usine d’Argenton. Celle-ci se déroule autour de six activités : L'accueil, propice à des rencontres Une visite de l’usine La promotion des produits des Établissements Gravereaux Leur présentation Un défilé de mode Des repas Les photos présentées ici proviennent, pour la plupart, des…

Au cours de leur demi-siècle d’existence, Les Établissements Gravereaux ont fabriqué leurs produits dans plusieurs manufactures et ateliers. Dès 1910, l’usine de Boulogne-sur-Seine a été au centre de leurs opérations, tant pour la fabrication de cols que, pendant la guerre de 1914-1918, pour celles des masques à gaz. Toutefois, des…

ou les Établissements Gravereaux dans la Creuse Les Établissements Gravereaux faisaient affaire, dès 1930, avec un façonnier, propriétaire de deux ateliers, à Argenton et à Levroux. En 1940, prévoyant l’arrivée des Allemands en région parisienne, René Gravereaux décide de transférer les produits finis et les tissus de l’usine de Boulogne-sur-Seine…
