{"id":4497,"date":"2016-07-12T17:13:54","date_gmt":"2016-07-12T16:13:54","guid":{"rendered":"http:\/\/lesgravereaux.marret.co\/?page_id=4497"},"modified":"2018-01-29T19:00:17","modified_gmt":"2018-01-29T18:00:17","slug":"les-etablissements-gravereaux-dans-la-presse","status":"publish","type":"page","link":"https:\/\/lesgravereaux.marret.co\/index.php\/les-etablissements-gravereaux\/les-etablissements-gravereaux-dans-la-presse\/","title":{"rendered":"Les \u00c9tablissements Gravereaux&#8230; dans la presse"},"content":{"rendered":"<p>Au cours de son demi-si\u00e8cle d&rsquo;existence, la Maison Gravereaux a fait l&rsquo;objet de plusieurs reportages dans la presse \u00e9crite ou audiovisuelle. Les plus importants sont indiqu\u00e9s ci-apr\u00e8s; la liste&nbsp;est certainement incompl\u00e8te et le lecteur est invit\u00e9 \u00e0 <a href=\"https:\/\/lesgravereaux.marret.co\/index.php\/contact-edimestre\/\" target=\"_blank\" rel=\"noopener\">communiquer avec l&rsquo;\u00e9dimestre<\/a> responsable de ce site pour lui en sugg\u00e9rer d&rsquo;autres.<\/p>\n<p>1938, janvier \u00e0 novembre.&nbsp;<em>Adam Chemisier<\/em>. <a href=\"https:\/\/lesgravereaux.marret.co\/index.php\/les-etablissements-gravereaux\/lindustrie-de-la-chemise-en-1938-adam-chemisier\/\"><strong>L\u2019industrie de la chemise<\/strong><\/a>. S\u00e9rie d&rsquo;articles&nbsp;prenant pour exemple l\u2019usine Gravereaux \u00e0 Boulogne-sur-Seine.<a name=\"_ftnref1\" href=\"https:\/\/lesgravereaux.marret.co\/wp-admin\/post-new.php?post_type=page#_ftn1\"><\/a><\/p>\n<p>1948, mai. <em>Revue du CETIH<\/em>. <a href=\"https:\/\/lesgravereaux.marret.co\/index.php\/argenton-la-sogec\/1948-inauguration-de-la-nouvelle-usine-dargenton\/\"><strong>Une belle histoire fran\u00e7aise<\/strong><\/a>. \u00c0 l&rsquo;occasion de l&rsquo;inauguration de l&rsquo;usine d&rsquo;Argenton, l&rsquo;histoire de cette usine des \u00c9tablissements Gravereaux.<\/p>\n<p>Vers 1960. <em>V\u00eatir?<\/em> <a href=\"https:\/\/lesgravereaux.marret.co\/index.php\/visite-a-lusine-triplefil\/\"><strong>Visite \u00e0 l\u2019usine Triplefil<\/strong><\/a>. Reportage sur la fabrication des chemises \u00e0 l\u2019usine des \u00c9tablissements Gravereaux \u00e0 Argenton-sur-Creuse.<\/p>\n<p>1961, octobre. <em>V\u00eatir<\/em>. <strong><a href=\"https:\/\/lesgravereaux.marret.co\/index.php\/les-etablissements-gravereaux-dans-la-presse\/1961-etablissements-gravereaux-et-produits-de-luxe\/\">Les probl\u00e8mes pos\u00e9s par une fabrication <\/a>de haute qualit\u00e9 et parfois m\u00eame de grand luxe<\/strong>. Reportage effectu\u00e9 dans trois usines des \u00c9tablissements Gravereaux.<\/p>\n<p>1962, mai. <em>Techniques de l&rsquo;habillement<\/em>. <a href=\"https:\/\/lesgravereaux.marret.co\/index.php\/les-etablissements-gravereaux\/les-etablissements-gravereaux-dans-la-presse\/la-sogec-a-argenton\/\"><strong>SOGEC Argenton-sur-Creuse<\/strong><\/a>. Une visite de l&rsquo;usine et une description des principales op\u00e9rations de fabrication.<\/p>\n<p>&nbsp;<\/p>\n<p>&nbsp;<\/p>\n","protected":false},"excerpt":{"rendered":"<p>Au cours de son demi-si\u00e8cle d&rsquo;existence, la Maison Gravereaux a fait l&rsquo;objet de plusieurs reportages dans la presse \u00e9crite ou audiovisuelle. Les plus importants sont indiqu\u00e9s ci-apr\u00e8s; la liste&nbsp;est certainement incompl\u00e8te et le lecteur est invit\u00e9 \u00e0 communiquer avec l&rsquo;\u00e9dimestre &hellip; <a href=\"https:\/\/lesgravereaux.marret.co\/index.php\/les-etablissements-gravereaux\/les-etablissements-gravereaux-dans-la-presse\/\">Continuer la lecture <span class=\"meta-nav\">&rarr;<\/span><\/a><\/p>\n","protected":false},"author":1,"featured_media":0,"parent":615,"menu_order":0,"comment_status":"closed","ping_status":"closed","template":"","meta":{"ngg_post_thumbnail":0,"jetpack_post_was_ever_published":false,"footnotes":""},"class_list":["post-4497","page","type-page","status-publish","hentry"],"jetpack_sharing_enabled":true,"jetpack_shortlink":"https:\/\/wp.me\/P7ERyi-1ax","jetpack-related-posts":[{"id":4514,"url":"https:\/\/lesgravereaux.marret.co\/index.php\/les-etablissements-gravereaux\/les-etablissements-gravereaux-dans-la-presse\/1961-etablissements-gravereaux-et-produits-de-luxe\/","url_meta":{"origin":4497,"position":0},"title":"1961 &#8211; \u00c9tablissements Gravereaux et produits de luxe","author":"marretgravereaux","date":"13 juillet 2016","format":false,"excerpt":"Les \u00c9tablissements Gravereaux ont toujours \u00e9t\u00e9 r\u00e9put\u00e9s pour fabriquer des produits d'excellente qualit\u00e9, voire de luxe. Dans un article publi\u00e9 en octobre 1961, la revue V\u00eatir s'int\u00e9resse \u00e0 ce type de fabrication et publie un reportage r\u00e9dig\u00e9 \u00e2 partir des visites de plusieurs usines de cette Maison, \u00e0 Boulogne-sur-Seine, \u00e0\u2026","rel":"","context":"Article similaire","block_context":{"text":"Article similaire","link":""},"img":{"alt_text":"1961-10 Vetir p41_wp","src":"https:\/\/i0.wp.com\/lesgravereaux.marret.co\/wp-content\/uploads\/2016\/07\/1961-10-Vetir-p41_wp-780x1024.jpg?resize=350%2C200","width":350,"height":200},"classes":[]},{"id":4506,"url":"https:\/\/lesgravereaux.marret.co\/index.php\/les-etablissements-gravereaux\/les-etablissements-gravereaux-dans-la-presse\/visite-a-lusine-triplefil\/","url_meta":{"origin":4497,"position":1},"title":"Visite \u00e0 l&rsquo;usine Triplefil","author":"marretgravereaux","date":"12 juillet 2016","format":false,"excerpt":"\u00a0 Dans les ann\u00e9es 1960, une revue - probablement V\u00eatir - juge opportun de publier un reportage sur la fabrication des chemises et d\u00e9cide de le faire dans l'usine des \u00c9tablissements Gravereaux \u00e0 Argenton-sur-Creuse. \u00a0 L'article complet, en version PDF\u00a0: 196x Vetir - Visite usine \u00a0","rel":"","context":"Article similaire","block_context":{"text":"Article similaire","link":""},"img":{"alt_text":"Visite \u00e0 l'usine Triplefil p64_wp","src":"https:\/\/i0.wp.com\/lesgravereaux.marret.co\/wp-content\/uploads\/2016\/07\/Visite-%C3%A0-lusine-Triplefil-p64_wp-799x1024.jpg?resize=350%2C200","width":350,"height":200},"classes":[]},{"id":4477,"url":"https:\/\/lesgravereaux.marret.co\/index.php\/les-etablissements-gravereaux\/les-etablissements-gravereaux-dans-la-presse\/lindustrie-de-la-chemise-en-1938-adam-chemisier\/","url_meta":{"origin":4497,"position":2},"title":"L&rsquo;Industrie de la chemise en 1938 (Adam Chemisier)","author":"marretgravereaux","date":"11 juillet 2016","format":false,"excerpt":"En 1938, la revue Adam Chemisier organise une s\u00e9rie d\u2019enqu\u00eates et d\u2019entretiens sur l\u2019industrie de la chemise en prenant pour exemple l\u2019usine Gravereaux \u00e0 Boulogne-sur-Seine[1]. La revue indique, dans son introduction, l\u2019objectif de cette s\u00e9rie d\u2019articles\u00a0: \u00ab\u00a0Il nous a paru int\u00e9ressant de mettre sous les yeux de nos lecteurs chemisiers\u2026","rel":"","context":"Article similaire","block_context":{"text":"Article similaire","link":""},"img":{"alt_text":"1938-01 Adam Chemisier no61 p66_wp","src":"https:\/\/i0.wp.com\/lesgravereaux.marret.co\/wp-content\/uploads\/2016\/07\/1938-01-Adam-Chemisier-no61-p66_wp-685x1024.jpg?resize=350%2C200","width":350,"height":200},"classes":[]},{"id":4413,"url":"https:\/\/lesgravereaux.marret.co\/index.php\/les-etablissements-gravereaux\/les-produits-des-etablissements-gravereaux\/babyfil\/babyfil-la-publicite\/","url_meta":{"origin":4497,"position":3},"title":"Babyfil, la publicit\u00e9","author":"marretgravereaux","date":"8 juillet 2016","format":false,"excerpt":"Les \u00c9tablissements Gravereaux se sont lanc\u00e9s dans la fabrication et la commercialisation des v\u00eatements pour enfants pendant la Seconde Guerre mondiale; mais ce n\u2019est qu\u2019\u00e0 partir des ann\u00e9es 1950 que la mode enfantine y a pris autant d\u2019importance, occupant, \u00e0 certains moments, plus de deux cents employ\u00e9s \u00e0 la fabrication\u2026","rel":"","context":"Article similaire","block_context":{"text":"Article similaire","link":""},"img":{"alt_text":"Chemise 2-3 (2011-22 _011)_wp","src":"https:\/\/i0.wp.com\/lesgravereaux.marret.co\/wp-content\/uploads\/2016\/03\/Chemise-2-3-2011-22-_011_wp-997x1024.jpg?resize=350%2C200","width":350,"height":200},"classes":[]},{"id":2766,"url":"https:\/\/lesgravereaux.marret.co\/index.php\/les-etablissements-gravereaux\/les-produits-des-etablissements-gravereaux\/babyfil\/","url_meta":{"origin":4497,"position":4},"title":"Babyfil","author":"marretgravereaux","date":"19 mai 2016","format":false,"excerpt":"\u00c0 la fin de la Seconde Guerre mondiale, les \u00c9tablissements Gravereaux veulent diversifier leur production. Apr\u00e8s les cols et les chemises pour hommes, fabriqu\u00e9s principalement depuis vingt ans sous la marque\u00a0Triplefil, apr\u00e8s les v\u00eatements pour dames, largement produits et vendus pendant la guerre, la Maison Gravereaux d\u00e9cide de se lancer\u2026","rel":"","context":"Article similaire","block_context":{"text":"Article similaire","link":""},"img":{"alt_text":"Robe b\u00e9b\u00e9 1-1","src":"https:\/\/i0.wp.com\/lesgravereaux.marret.co\/wp-content\/uploads\/2016\/05\/Robe-b%C3%A9b%C3%A9-1-1-2007-33_018_wp-1024x672.jpg?resize=350%2C200","width":350,"height":200},"classes":[]},{"id":4427,"url":"https:\/\/lesgravereaux.marret.co\/index.php\/les-etablissements-gravereaux\/les-produits-des-etablissements-gravereaux\/le-materiel-de-protection-gravereaux\/les-masques-a-gaz-pour-les-civils\/","url_meta":{"origin":4497,"position":5},"title":"Les masques \u00e0 gaz pour les civils","author":"marretgravereaux","date":"9 juillet 2016","format":false,"excerpt":"Au d\u00e9but des ann\u00e9es 1930, les \u00c9tablissements R. Gravereaux ont obtenu plusieurs march\u00e9s gouvernementaux pour l\u2019arm\u00e9e fran\u00e7aise, produisant, entre autres choses, casques, masques et parachutes. Mais ils n\u2019oublient pas pour autant tout ce qui touche la d\u00e9fense passive et, plus sp\u00e9cifiquement, les masques civils. Revue de l'Union des Femmes de\u2026","rel":"","context":"Article similaire","block_context":{"text":"Article similaire","link":""},"img":{"alt_text":"1935-07 Union des femmes de France_wp","src":"https:\/\/i0.wp.com\/lesgravereaux.marret.co\/wp-content\/uploads\/2016\/07\/1935-07-Union-des-femmes-de-France_wp.jpg?resize=350%2C200","width":350,"height":200},"classes":[]}],"_links":{"self":[{"href":"https:\/\/lesgravereaux.marret.co\/index.php\/wp-json\/wp\/v2\/pages\/4497","targetHints":{"allow":["GET"]}}],"collection":[{"href":"https:\/\/lesgravereaux.marret.co\/index.php\/wp-json\/wp\/v2\/pages"}],"about":[{"href":"https:\/\/lesgravereaux.marret.co\/index.php\/wp-json\/wp\/v2\/types\/page"}],"author":[{"embeddable":true,"href":"https:\/\/lesgravereaux.marret.co\/index.php\/wp-json\/wp\/v2\/users\/1"}],"replies":[{"embeddable":true,"href":"https:\/\/lesgravereaux.marret.co\/index.php\/wp-json\/wp\/v2\/comments?post=4497"}],"version-history":[{"count":0,"href":"https:\/\/lesgravereaux.marret.co\/index.php\/wp-json\/wp\/v2\/pages\/4497\/revisions"}],"up":[{"embeddable":true,"href":"https:\/\/lesgravereaux.marret.co\/index.php\/wp-json\/wp\/v2\/pages\/615"}],"wp:attachment":[{"href":"https:\/\/lesgravereaux.marret.co\/index.php\/wp-json\/wp\/v2\/media?parent=4497"}],"curies":[{"name":"wp","href":"https:\/\/api.w.org\/{rel}","templated":true}]}}

Les Établissements Gravereaux&#8230; dans la presse

<p>Au cours de son demi-siècle d&rsquo;existence, la Maison Gravereaux a fait l&rsquo;objet de plusieurs reportages dans la presse écrite ou audiovisuelle. Les plus importants sont indiqués ci-après; la liste&nbsp;est certainement incomplète et le lecteur est invité à <a href="https://lesgravereaux.marret.co/index.php/contact-edimestre/" target="_blank" rel="noopener">communiquer avec l&rsquo;édimestre</a> responsable de ce site pour lui en suggérer d&rsquo;autres.</p>
<p>1938, janvier à novembre.&nbsp;<em>Adam Chemisier</em>. <a href="https://lesgravereaux.marret.co/index.php/les-etablissements-gravereaux/lindustrie-de-la-chemise-en-1938-adam-chemisier/"><strong>L’industrie de la chemise</strong></a>. Série d&rsquo;articles&nbsp;prenant pour exemple l’usine Gravereaux à Boulogne-sur-Seine.<a name="_ftnref1" href="https://lesgravereaux.marret.co/wp-admin/post-new.php?post_type=page#_ftn1"></a></p>
<p>1948, mai. <em>Revue du CETIH</em>. <a href="https://lesgravereaux.marret.co/index.php/argenton-la-sogec/1948-inauguration-de-la-nouvelle-usine-dargenton/"><strong>Une belle histoire française</strong></a>. À l&rsquo;occasion de l&rsquo;inauguration de l&rsquo;usine d&rsquo;Argenton, l&rsquo;histoire de cette usine des Établissements Gravereaux.</p>
<p>Vers 1960. <em>Vêtir?</em> <a href="https://lesgravereaux.marret.co/index.php/visite-a-lusine-triplefil/"><strong>Visite à l’usine Triplefil</strong></a>. Reportage sur la fabrication des chemises à l’usine des Établissements Gravereaux à Argenton-sur-Creuse.</p>
<p>1961, octobre. <em>Vêtir</em>. <strong><a href="https://lesgravereaux.marret.co/index.php/les-etablissements-gravereaux-dans-la-presse/1961-etablissements-gravereaux-et-produits-de-luxe/">Les problèmes posés par une fabrication </a>de haute qualité et parfois même de grand luxe</strong>. Reportage effectué dans trois usines des Établissements Gravereaux.</p>
<p>1962, mai. <em>Techniques de l&rsquo;habillement</em>. <a href="https://lesgravereaux.marret.co/index.php/les-etablissements-gravereaux/les-etablissements-gravereaux-dans-la-presse/la-sogec-a-argenton/"><strong>SOGEC Argenton-sur-Creuse</strong></a>. Une visite de l&rsquo;usine et une description des principales opérations de fabrication.</p>
<p>&nbsp;</p>
<p>&nbsp;</p>

<p>Au cours de son demi-siècle d&rsquo;existence, la Maison Gravereaux a fait l&rsquo;objet de plusieurs reportages dans la presse écrite ou audiovisuelle. Les plus importants sont indiqués ci-après; la liste&nbsp;est certainement incomplète et le lecteur est invité à communiquer avec l&rsquo;édimestre &hellip; <a href="https://lesgravereaux.marret.co/index.php/les-etablissements-gravereaux/les-etablissements-gravereaux-dans-la-presse/">Continuer la lecture <span class="meta-nav">&rarr;</span></a></p>

1961 &#8211; Établissements Gravereaux et produits de luxe

Les Établissements Gravereaux ont toujours été réputés pour fabriquer des produits d'excellente qualité, voire de luxe. Dans un article publié en octobre 1961, la revue Vêtir s'intéresse à ce type de fabrication et publie un reportage rédigé â partir des visites de plusieurs usines de cette Maison, à Boulogne-sur-Seine, à…

Visite à l&rsquo;usine Triplefil

Dans les années 1960, une revue - probablement Vêtir - juge opportun de publier un reportage sur la fabrication des chemises et décide de le faire dans l'usine des Établissements Gravereaux à Argenton-sur-Creuse.   L'article complet, en version PDF : 196x Vetir - Visite usine

Visite à l'usine Triplefil p64_wp

En 1938, la revue Adam Chemisier organise une série d’enquêtes et d’entretiens sur l’industrie de la chemise en prenant pour exemple l’usine Gravereaux à Boulogne-sur-Seine[1]. La revue indique, dans son introduction, l’objectif de cette série d’articles : « Il nous a paru intéressant de mettre sous les yeux de nos lecteurs chemisiers…

Babyfil, la publicité

Les Établissements Gravereaux se sont lancés dans la fabrication et la commercialisation des vêtements pour enfants pendant la Seconde Guerre mondiale; mais ce n’est qu’à partir des années 1950 que la mode enfantine y a pris autant d’importance, occupant, à certains moments, plus de deux cents employés à la fabrication…

À la fin de la Seconde Guerre mondiale, les Établissements Gravereaux veulent diversifier leur production. Après les cols et les chemises pour hommes, fabriqués principalement depuis vingt ans sous la marque Triplefil, après les vêtements pour dames, largement produits et vendus pendant la guerre, la Maison Gravereaux décide de se lancer…

Robe bébé 1-1

Les masques à gaz pour les civils

Au début des années 1930, les Établissements R. Gravereaux ont obtenu plusieurs marchés gouvernementaux pour l’armée française, produisant, entre autres choses, casques, masques et parachutes. Mais ils n’oublient pas pour autant tout ce qui touche la défense passive et, plus spécifiquement, les masques civils. Revue de l'Union des Femmes de…
