{"id":4375,"date":"2016-07-08T03:17:58","date_gmt":"2016-07-08T02:17:58","guid":{"rendered":"http:\/\/lesgravereaux.marret.co\/?page_id=4375"},"modified":"2016-07-08T03:17:58","modified_gmt":"2016-07-08T02:17:58","slug":"le-musee-de-la-chemiserie-et-de-lelegance-masculine","status":"publish","type":"page","link":"https:\/\/lesgravereaux.marret.co\/index.php\/le-musee-de-la-chemiserie-et-de-lelegance-masculine\/","title":{"rendered":"Le Mus\u00e9e de la Chemiserie et de l&rsquo;\u00c9l\u00e9gance masculine"},"content":{"rendered":"<p><a href=\"https:\/\/i0.wp.com\/lesgravereaux.marret.co\/wp-content\/uploads\/2016\/07\/MdlC-2011-09_015_wp.jpg?ssl=1\"><img data-recalc-dims=\"1\" loading=\"lazy\" decoding=\"async\" data-attachment-id=\"4379\" data-permalink=\"https:\/\/lesgravereaux.marret.co\/index.php\/le-musee-de-la-chemiserie-et-de-lelegance-masculine\/mdlc-2011-09_015_wp\/\" data-orig-file=\"https:\/\/i0.wp.com\/lesgravereaux.marret.co\/wp-content\/uploads\/2016\/07\/MdlC-2011-09_015_wp.jpg?fit=886%2C613&amp;ssl=1\" data-orig-size=\"886,613\" data-comments-opened=\"1\" data-image-meta=\"{&quot;aperture&quot;:&quot;10&quot;,&quot;credit&quot;:&quot;&quot;,&quot;camera&quot;:&quot;Canon EOS DIGITAL REBEL XSi&quot;,&quot;caption&quot;:&quot;&quot;,&quot;created_timestamp&quot;:&quot;1306945741&quot;,&quot;copyright&quot;:&quot;&quot;,&quot;focal_length&quot;:&quot;18&quot;,&quot;iso&quot;:&quot;200&quot;,&quot;shutter_speed&quot;:&quot;0.004&quot;,&quot;title&quot;:&quot;&quot;,&quot;orientation&quot;:&quot;1&quot;}\" data-image-title=\"MdlC (2011-09_015)_wp\" data-image-description=\"\" data-image-caption=\"\" data-medium-file=\"https:\/\/i0.wp.com\/lesgravereaux.marret.co\/wp-content\/uploads\/2016\/07\/MdlC-2011-09_015_wp.jpg?fit=300%2C208&amp;ssl=1\" data-large-file=\"https:\/\/i0.wp.com\/lesgravereaux.marret.co\/wp-content\/uploads\/2016\/07\/MdlC-2011-09_015_wp.jpg?fit=640%2C443&amp;ssl=1\" class=\"wp-image-4379 alignleft\" src=\"https:\/\/i0.wp.com\/lesgravereaux.marret.co\/wp-content\/uploads\/2016\/07\/MdlC-2011-09_015_wp.jpg?resize=270%2C187&#038;ssl=1\" alt=\"MdlC (2011-09_015)_wp\" width=\"270\" height=\"187\" data-wp-pid=\"4379\" srcset=\"https:\/\/i0.wp.com\/lesgravereaux.marret.co\/wp-content\/uploads\/2016\/07\/MdlC-2011-09_015_wp.jpg?w=886&amp;ssl=1 886w, https:\/\/i0.wp.com\/lesgravereaux.marret.co\/wp-content\/uploads\/2016\/07\/MdlC-2011-09_015_wp.jpg?resize=300%2C208&amp;ssl=1 300w, https:\/\/i0.wp.com\/lesgravereaux.marret.co\/wp-content\/uploads\/2016\/07\/MdlC-2011-09_015_wp.jpg?resize=768%2C531&amp;ssl=1 768w, https:\/\/i0.wp.com\/lesgravereaux.marret.co\/wp-content\/uploads\/2016\/07\/MdlC-2011-09_015_wp.jpg?resize=800%2C553&amp;ssl=1 800w, https:\/\/i0.wp.com\/lesgravereaux.marret.co\/wp-content\/uploads\/2016\/07\/MdlC-2011-09_015_wp.jpg?resize=600%2C415&amp;ssl=1 600w\" sizes=\"auto, (max-width: 270px) 100vw, 270px\" \/><\/a>Ouvert depuis juillet 1993, le Mus\u00e9e de la Chemiserie et de l&rsquo;\u00c9l\u00e9gance masculine est install\u00e9 dans un ancien atelier de lingerie m\u00e9canique, cr\u00e9\u00e9 en 1860 par Charles Brillaud et occup\u00e9, pendant une vingtaine d&rsquo;ann\u00e9es, par les \u00c9tablissements Gravereaux. Situ\u00e9 \u00e0 Argenton-sur-Creuse, dans l&rsquo;Indre, berceau de la chemiserie, il t\u00e9moigne d&rsquo;une m\u00e9moire industrielle encore active, puisque chaque jour, plusieurs centaines de chemises sortent des ateliers de confection argentonnais.<\/p>\n<p><em><strong>Son histoire<\/strong><\/em><\/p>\n<p><a href=\"https:\/\/i0.wp.com\/lesgravereaux.marret.co\/wp-content\/uploads\/2016\/07\/MdlC-2011-09_009_wp.jpg?ssl=1\"><img data-recalc-dims=\"1\" loading=\"lazy\" decoding=\"async\" data-attachment-id=\"4377\" data-permalink=\"https:\/\/lesgravereaux.marret.co\/index.php\/le-musee-de-la-chemiserie-et-de-lelegance-masculine\/mdlc-2011-09_009_wp\/\" data-orig-file=\"https:\/\/i0.wp.com\/lesgravereaux.marret.co\/wp-content\/uploads\/2016\/07\/MdlC-2011-09_009_wp.jpg?fit=886%2C591&amp;ssl=1\" data-orig-size=\"886,591\" data-comments-opened=\"1\" data-image-meta=\"{&quot;aperture&quot;:&quot;7.1&quot;,&quot;credit&quot;:&quot;&quot;,&quot;camera&quot;:&quot;Canon EOS DIGITAL REBEL XSi&quot;,&quot;caption&quot;:&quot;&quot;,&quot;created_timestamp&quot;:&quot;1306945437&quot;,&quot;copyright&quot;:&quot;&quot;,&quot;focal_length&quot;:&quot;25&quot;,&quot;iso&quot;:&quot;200&quot;,&quot;shutter_speed&quot;:&quot;0.01&quot;,&quot;title&quot;:&quot;&quot;,&quot;orientation&quot;:&quot;1&quot;}\" data-image-title=\"MdlC (2011-09_009)_wp\" data-image-description=\"\" data-image-caption=\"\" data-medium-file=\"https:\/\/i0.wp.com\/lesgravereaux.marret.co\/wp-content\/uploads\/2016\/07\/MdlC-2011-09_009_wp.jpg?fit=300%2C200&amp;ssl=1\" data-large-file=\"https:\/\/i0.wp.com\/lesgravereaux.marret.co\/wp-content\/uploads\/2016\/07\/MdlC-2011-09_009_wp.jpg?fit=640%2C427&amp;ssl=1\" class=\"wp-image-4377 alignright\" src=\"https:\/\/i0.wp.com\/lesgravereaux.marret.co\/wp-content\/uploads\/2016\/07\/MdlC-2011-09_009_wp.jpg?resize=270%2C187&#038;ssl=1\" alt=\"MdlC (2011-09_009)_wp\" width=\"270\" height=\"187\" data-wp-pid=\"4377\" \/><\/a>L&rsquo;id\u00e9e de ce mus\u00e9e naquit en 1980 \u2014 ann\u00e9e du patrimoine \u2014 de la r\u00e9flexion d&rsquo;un groupe d&rsquo;anciens professionnels de la confection, convaincus de l&rsquo;int\u00e9r\u00eat de maintenir vivant, le souvenir du patrimoine industriel de la ville et de mettre en valeur la qualit\u00e9 des produits r\u00e9alis\u00e9s.<\/p>\n<p>Une campagne de sensibilisation fut lanc\u00e9e aupr\u00e8s de la population et des industriels locaux afin d&rsquo;obtenir de multiples dons, tant au niveau du mat\u00e9riel de fabrication, des archives que des produits fabriqu\u00e9s.<\/p>\n<p>Une association fut cr\u00e9\u00e9e en 1981 et la d\u00e9termination de son pr\u00e9sident, Jean-Ren\u00e9 Gravereaux, ancien industriel local, entour\u00e9 de sa femme Solange Gravereaux et d&rsquo;anciennes employ\u00e9es, convainquit les partenaires n\u00e9cessaires \u00e0 l&rsquo;aboutissement du projet (\u00c9tat, collectivit\u00e9s locales et territoriales, industriels&#8230;).<\/p>\n<p>Le 1<sup>er<\/sup> janvier 1989, le mus\u00e9e devint municipal et fut reconnu comme mus\u00e9e contr\u00f4l\u00e9 par la Direction des Mus\u00e9es de France le 21 d\u00e9cembre 1990. Les travaux furent d\u00e8s lors engag\u00e9s. \u00c0 partir d&rsquo;un patrimoine immobilier repr\u00e9sentatif d&rsquo;une architecture industrielle du XIXe si\u00e8cle, les architectes du Cabinet Bodin ont imagin\u00e9 et r\u00e9alis\u00e9 un complexe mus\u00e9ographique \u00e0 la fois ancr\u00e9 dans le pass\u00e9 et tourn\u00e9 vers l&rsquo;avenir. La mus\u00e9ographie a \u00e9t\u00e9 confi\u00e9e \u00e0 Marie-Odile De Baty du Cabinet MNES \u00c9tudes. Depuis le 1<sup>er<\/sup> janvier 1997, le mus\u00e9e est g\u00e9r\u00e9 par la Communaut\u00e9 des Communes d&rsquo;Argenton, Le P\u00eachereau, Saint-Marcel. Depuis la derni\u00e8re loi sur les mus\u00e9es, il est labellis\u00e9 \u00ab <em>Mus\u00e9e de France<\/em> \u00bb.<\/p>\n<p><strong><em>Ses collections<\/em><\/strong><\/p>\n<p>Les collections du mus\u00e9e sont compos\u00e9es principalement, de chemises, costumes, accessoires masculins, etc., du XVII<sup>e<\/sup> \u00e0 nos jours, de mat\u00e9riel li\u00e9 \u00e0 l&rsquo;industrie de la confection.<\/p>\n<p>Une tissuth\u00e8que constitu\u00e9e d&rsquo;\u00e9chantillons de chemises est par ailleurs en cours de constitution.<\/p>\n<p><a href=\"https:\/\/i0.wp.com\/lesgravereaux.marret.co\/wp-content\/uploads\/2016\/07\/MdlC-2012-17_029_wp.jpg?ssl=1\"><img data-recalc-dims=\"1\" loading=\"lazy\" decoding=\"async\" data-attachment-id=\"4380\" data-permalink=\"https:\/\/lesgravereaux.marret.co\/index.php\/le-musee-de-la-chemiserie-et-de-lelegance-masculine\/mdlc-2012-17_029_wp\/\" data-orig-file=\"https:\/\/i0.wp.com\/lesgravereaux.marret.co\/wp-content\/uploads\/2016\/07\/MdlC-2012-17_029_wp.jpg?fit=886%2C591&amp;ssl=1\" data-orig-size=\"886,591\" data-comments-opened=\"1\" data-image-meta=\"{&quot;aperture&quot;:&quot;4&quot;,&quot;credit&quot;:&quot;&quot;,&quot;camera&quot;:&quot;Canon EOS DIGITAL REBEL XSi&quot;,&quot;caption&quot;:&quot;&quot;,&quot;created_timestamp&quot;:&quot;1336822077&quot;,&quot;copyright&quot;:&quot;&quot;,&quot;focal_length&quot;:&quot;18&quot;,&quot;iso&quot;:&quot;400&quot;,&quot;shutter_speed&quot;:&quot;0.016666666666667&quot;,&quot;title&quot;:&quot;&quot;,&quot;orientation&quot;:&quot;1&quot;}\" data-image-title=\"MdlC (2012-17_029)_wp\" data-image-description=\"\" data-image-caption=\"\" data-medium-file=\"https:\/\/i0.wp.com\/lesgravereaux.marret.co\/wp-content\/uploads\/2016\/07\/MdlC-2012-17_029_wp.jpg?fit=300%2C200&amp;ssl=1\" data-large-file=\"https:\/\/i0.wp.com\/lesgravereaux.marret.co\/wp-content\/uploads\/2016\/07\/MdlC-2012-17_029_wp.jpg?fit=640%2C427&amp;ssl=1\" class=\"wp-image-4380 alignleft\" src=\"https:\/\/i0.wp.com\/lesgravereaux.marret.co\/wp-content\/uploads\/2016\/07\/MdlC-2012-17_029_wp.jpg?resize=270%2C187&#038;ssl=1\" alt=\"MdlC (2012-17_029)_wp\" width=\"270\" height=\"187\" data-wp-pid=\"4380\" \/><\/a>Ce mus\u00e9e riche de collections anciennes et contemporaines dans le domaine de la mode masculine tend \u00e0 renforcer ses liens avec les industriels de la chemiserie et les cr\u00e9ateurs du v\u00eatement masculin. C&rsquo;est de leurs \u00e9changes que pourra na\u00eetre un v\u00e9ritable p\u00f4le de conservation, d&rsquo;information, de pr\u00e9sentation de la mode masculine et de la chemise et de ses accessoires, en particulier pour devenir un v\u00e9ritable creuset d&rsquo;inspiration pour les cr\u00e9ateurs, une belle vitrine des produits et des savoir-faire d&rsquo;une profession m\u00e9connue.<\/p>\n<p>En collaboration avec les Universit\u00e9s de Paris VII, de Tours, d&rsquo;Orl\u00e9ans, d&rsquo;\u00c9vry et de Lyon\u00a0II ainsi que de l\u2019\u00c9cole des Hautes \u00c9tudes en Sciences sociales, des travaux universitaires sont men\u00e9s sur la confection, qu&rsquo;il s&rsquo;agisse de travaux historiques, ethnologiques, sociologiques ou \u00e9conomiques.<\/p>\n<p><a href=\"https:\/\/i0.wp.com\/lesgravereaux.marret.co\/wp-content\/uploads\/2016\/07\/MdlC-2012-17_034a_wp.jpg?ssl=1\"><img data-recalc-dims=\"1\" loading=\"lazy\" decoding=\"async\" data-attachment-id=\"4381\" data-permalink=\"https:\/\/lesgravereaux.marret.co\/index.php\/le-musee-de-la-chemiserie-et-de-lelegance-masculine\/mdlc-2012-17_034a_wp\/\" data-orig-file=\"https:\/\/i0.wp.com\/lesgravereaux.marret.co\/wp-content\/uploads\/2016\/07\/MdlC-2012-17_034a_wp.jpg?fit=811%2C886&amp;ssl=1\" data-orig-size=\"811,886\" data-comments-opened=\"1\" data-image-meta=\"{&quot;aperture&quot;:&quot;4&quot;,&quot;credit&quot;:&quot;&quot;,&quot;camera&quot;:&quot;Canon EOS DIGITAL REBEL XSi&quot;,&quot;caption&quot;:&quot;&quot;,&quot;created_timestamp&quot;:&quot;1336844505&quot;,&quot;copyright&quot;:&quot;&quot;,&quot;focal_length&quot;:&quot;18&quot;,&quot;iso&quot;:&quot;400&quot;,&quot;shutter_speed&quot;:&quot;0.016666666666667&quot;,&quot;title&quot;:&quot;&quot;,&quot;orientation&quot;:&quot;1&quot;}\" data-image-title=\"MdlC (2012-17_034a)_wp\" data-image-description=\"\" data-image-caption=\"\" data-medium-file=\"https:\/\/i0.wp.com\/lesgravereaux.marret.co\/wp-content\/uploads\/2016\/07\/MdlC-2012-17_034a_wp.jpg?fit=275%2C300&amp;ssl=1\" data-large-file=\"https:\/\/i0.wp.com\/lesgravereaux.marret.co\/wp-content\/uploads\/2016\/07\/MdlC-2012-17_034a_wp.jpg?fit=640%2C699&amp;ssl=1\" class=\"wp-image-4381 alignright\" src=\"https:\/\/i0.wp.com\/lesgravereaux.marret.co\/wp-content\/uploads\/2016\/07\/MdlC-2012-17_034a_wp.jpg?resize=270%2C187&#038;ssl=1\" alt=\"MdlC (2012-17_034a)_wp\" width=\"270\" height=\"187\" data-wp-pid=\"4381\" \/><\/a>Ces \u00e9tudes permettent d&rsquo;alimenter le p\u00f4le recherche du mus\u00e9e, celles-ci pouvant \u00eatre valoris\u00e9es par la r\u00e9alisation d&rsquo;expositions, de publications, de conf\u00e9rences.<\/p>\n<p>La vocation du mus\u00e9e est d&rsquo;\u00eatre \u00e0 la fois\u00a0: un p\u00f4le culturel vecteur d&rsquo;une activit\u00e9 humaine, un p\u00f4le de recherche sur l&rsquo;industrie de la confection, les modes de fabrication et les usages vestimentaires, et un conservatoire des produits et des savoir-faire.<\/p>\n<p>&nbsp;<\/p>\n<p><a href=\"http:\/\/www.museedelachemiserie.fr\/\" target=\"_blank\">Le Mus\u00e9e de la Chemiserie et de l\u2019\u00c9l\u00e9gance masculine<\/a> (site Internet)<\/p>\n<p><a href=\"https:\/\/www.facebook.com\/Mus%C3%A9e-de-la-Chemiserie-et-de-l%C3%A9l%C3%A9gance-masculine-179907158874435\/\">Le Mus\u00e9e de la Chemiserie et de l\u2019\u00c9l\u00e9gance Masculine<\/a> (sur Facebook)<\/p>\n<p>&nbsp;<\/p>\n","protected":false},"excerpt":{"rendered":"<p>Ouvert depuis juillet 1993, le Mus\u00e9e de la Chemiserie et de l&rsquo;\u00c9l\u00e9gance masculine est install\u00e9 dans un ancien atelier de lingerie m\u00e9canique, cr\u00e9\u00e9 en 1860 par Charles Brillaud et occup\u00e9, pendant une vingtaine d&rsquo;ann\u00e9es, par les \u00c9tablissements Gravereaux. Situ\u00e9 \u00e0 &hellip; <a href=\"https:\/\/lesgravereaux.marret.co\/index.php\/le-musee-de-la-chemiserie-et-de-lelegance-masculine\/\">Continuer la lecture <span class=\"meta-nav\">&rarr;<\/span><\/a><\/p>\n","protected":false},"author":1,"featured_media":0,"parent":0,"menu_order":0,"comment_status":"closed","ping_status":"closed","template":"","meta":{"ngg_post_thumbnail":0,"jetpack_post_was_ever_published":false,"footnotes":""},"class_list":["post-4375","page","type-page","status-publish","hentry"],"jetpack_sharing_enabled":true,"jetpack_shortlink":"https:\/\/wp.me\/P7ERyi-18z","jetpack-related-posts":[{"id":4963,"url":"https:\/\/lesgravereaux.marret.co\/index.php\/jean-claude-pascal\/a-propos-de-jean-claude-pascal\/","url_meta":{"origin":4375,"position":0},"title":"\u00c0 propos de Jean-Claude Pascal","author":"marretgravereaux","date":"19 septembre 2016","format":false,"excerpt":"Publications\u00a0: Jean-Claude Pascal se raconte dans un livre autobiographique\u00a0: \u00a0 PASCAL, Jean-Claude. Le beau masque. \u00c9ditions Robert Laffont.\u00a01986, 346\u00a0p. \u00ab\u00a0T\u00e9moignage autobiographique d\u2019un fils de la grande bourgeoisie fran\u00e7aise qui fut successivement dessinateur-mod\u00e9liste, acteur au th\u00e9\u00e2tre, star de cin\u00e9ma, vedette de la chanson et \u00e9crivain\u2026\u00a0\u00bb \u00a0 \u00a0 D\u00e9positaire des archives, des\u2026","rel":"","context":"Article similaire","block_context":{"text":"Article similaire","link":""},"img":{"alt_text":"Le beau masque c1 wp","src":"https:\/\/i0.wp.com\/lesgravereaux.marret.co\/wp-content\/uploads\/2016\/02\/Le-beau-masque-c1-wp-649x1024.jpg?resize=350%2C200","width":350,"height":200},"classes":[]},{"id":3070,"url":"https:\/\/lesgravereaux.marret.co\/index.php\/les-etablissements-gravereaux\/argenton-la-sogec\/mai-1912-les-gravereaux-a-argenton\/","url_meta":{"origin":4375,"position":1},"title":"mai 2012 &#8211; Les Gravereaux \u00e0 Argenton","author":"marretgravereaux","date":"23 mai 2016","format":false,"excerpt":"Les descendants de Ren\u00e9 Gravereaux \u2013 l\u2019industriel \u00e0 l\u2019origine des \u00c9tablissements Gravereaux \u2013 et de Jean-Ren\u00e9 Gravereaux \u2013 celui qui a implant\u00e9 l\u2019entreprise \u00e0 Argenton-sur-Creuse et qui en a \u00e9t\u00e9 l\u2019\u00e2me pendant plus d\u2019un quart de si\u00e8cle \u2013 se retrouvent\u2026 Ils en profitent pour visiter \u2014 certains pour la premi\u00e8re\u2026","rel":"","context":"Article similaire","block_context":{"text":"Article similaire","link":""},"img":{"alt_text":"2012-05-12 Argenton (VF004a)_wp","src":"https:\/\/i0.wp.com\/lesgravereaux.marret.co\/wp-content\/uploads\/2016\/05\/2012-05-12-Argenton-VF004a_wp-1024x768.jpg?resize=350%2C200","width":350,"height":200},"classes":[]},{"id":1523,"url":"https:\/\/lesgravereaux.marret.co\/index.php\/liens-utiles\/","url_meta":{"origin":4375,"position":2},"title":"Liens utiles","author":"marretgravereaux","date":"10 avril 2016","format":false,"excerpt":"Les liens pour :\u00a0-\u00a0La famille Gravereaux -\u00a0Jules Gravereaux - Denis Gravereaux\u00a0-\u00a0Sylvie de Beco\u00a0-\u00a0Jean-Claude Pascal - La roseraie de l'Ha\u00ff -\u00a0Les \u00c9tablissements Gravereaux\u00a0-\u00a0Associations et organismes \u00a0 \u00a0Jules Gravereaux Wikipedia - Jules Gravereaux \u00a0\u00a0 La roseraie de l'Ha\u00ff La Roseraie du Val-de-Marne Wikipedia - La Roseraie du Val-de-Marne HelpMeFind - Roseraie du\u2026","rel":"","context":"Article similaire","block_context":{"text":"Article similaire","link":""},"img":{"alt_text":"Roses de Malmaison - p01b_wp","src":"https:\/\/i0.wp.com\/lesgravereaux.marret.co\/wp-content\/uploads\/2016\/03\/Roses-de-Malmaison-p01b_wp.jpg?resize=350%2C200","width":350,"height":200},"classes":[]},{"id":2262,"url":"https:\/\/lesgravereaux.marret.co\/index.php\/jean-claude-pascal\/jean-claude-pascal-le-styliste\/","url_meta":{"origin":4375,"position":3},"title":"Jean-Claude Pascal, le styliste","author":"marretgravereaux","date":"7 mai 2016","format":false,"excerpt":"En juillet 1946, Jean-Claude Pascal passe des vacances sur la C\u00f4te d\u2019Azur. Il rencontre par hasard Christian Dior, alors mod\u00e9liste; celui-ci, connaissant son inactivit\u00e9, l\u2019incite \u00e0 apprendre \u00e0 dessiner. Ce sera donc avec Ren\u00e9 Gruau, dessinateur professionnel et ami commun, que Jean-Claude Pascal s\u2019ing\u00e9niera, pendant les mois suivants, \u00ab\u00a0\u00e0 noircir\u2026","rel":"","context":"Article similaire","block_context":{"text":"Article similaire","link":""},"img":{"alt_text":"JCP - Dessin 06_wp","src":"https:\/\/i0.wp.com\/lesgravereaux.marret.co\/wp-content\/uploads\/2016\/05\/JCP-Dessin-06_wp.jpg?resize=350%2C200","width":350,"height":200},"classes":[]},{"id":3909,"url":"https:\/\/lesgravereaux.marret.co\/index.php\/les-etablissements-gravereaux\/argenton-la-sogec\/avril-1958-promotion-a-argenton\/","url_meta":{"origin":4375,"position":4},"title":"avril 1958 &#8211; Promotion \u00e0 Argenton","author":"marretgravereaux","date":"22 juin 2016","format":false,"excerpt":"En avril 1958, les \u00c9tablissements Gravereaux organisent une journ\u00e9e de promotion dans leur usine d\u2019Argenton. Celle-ci se d\u00e9roule autour de six activit\u00e9s : L'accueil, propice \u00e0 des\u00a0rencontres Une\u00a0visite\u00a0de l\u2019usine La promotion des produits des \u00c9tablissements Gravereaux Leur pr\u00e9sentation Un\u00a0d\u00e9fil\u00e9\u00a0de mode Des\u00a0repas Les photos pr\u00e9sent\u00e9es ici proviennent, pour la plupart, des\u2026","rel":"","context":"Article similaire","block_context":{"text":"Article similaire","link":""},"img":{"alt_text":"EtsGrA-OG(MdlC)1629w_wp","src":"https:\/\/i0.wp.com\/lesgravereaux.marret.co\/wp-content\/uploads\/2016\/05\/EtsGrA-OGMdlC1629w_wp.jpg?resize=350%2C200","width":350,"height":200},"classes":[]},{"id":1204,"url":"https:\/\/lesgravereaux.marret.co\/index.php\/les-etablissements-gravereaux\/les-produits-des-etablissements-gravereaux\/babyfil\/une-exposition-babyfil\/","url_meta":{"origin":4375,"position":5},"title":"Une exposition Babyfil","author":"marretgravereaux","date":"18 mars 2016","format":false,"excerpt":"En 2013, le Mus\u00e9e de la Chemiserie et de l'\u00c9l\u00e9gance masculine d'Argenton-sur-Creuse a mis \u00e0 l'honneur les produits Babyfil - la principale marque de mode enfantine des \u00c9tablissements Gravereaux \u2013 en y tenant une exposition. Babyfil, une mode enfantine argentonnaise La SOGEC, entreprise de confection dirig\u00e9e par Jean-Ren\u00e9 Gravereaux, est\u2026","rel":"","context":"Dans &quot;Les \u00c9tablissements Gravereaux&quot;","block_context":{"text":"Les \u00c9tablissements Gravereaux","link":"https:\/\/lesgravereaux.marret.co\/index.php\/category\/les-etablissements-gravereaux\/"},"img":{"alt_text":"Babyfil affiche-3_wp","src":"https:\/\/i0.wp.com\/lesgravereaux.marret.co\/wp-content\/uploads\/2016\/07\/Babyfil-affiche-3_wp-692x1024.jpg?resize=350%2C200","width":350,"height":200},"classes":[]}],"_links":{"self":[{"href":"https:\/\/lesgravereaux.marret.co\/index.php\/wp-json\/wp\/v2\/pages\/4375","targetHints":{"allow":["GET"]}}],"collection":[{"href":"https:\/\/lesgravereaux.marret.co\/index.php\/wp-json\/wp\/v2\/pages"}],"about":[{"href":"https:\/\/lesgravereaux.marret.co\/index.php\/wp-json\/wp\/v2\/types\/page"}],"author":[{"embeddable":true,"href":"https:\/\/lesgravereaux.marret.co\/index.php\/wp-json\/wp\/v2\/users\/1"}],"replies":[{"embeddable":true,"href":"https:\/\/lesgravereaux.marret.co\/index.php\/wp-json\/wp\/v2\/comments?post=4375"}],"version-history":[{"count":0,"href":"https:\/\/lesgravereaux.marret.co\/index.php\/wp-json\/wp\/v2\/pages\/4375\/revisions"}],"wp:attachment":[{"href":"https:\/\/lesgravereaux.marret.co\/index.php\/wp-json\/wp\/v2\/media?parent=4375"}],"curies":[{"name":"wp","href":"https:\/\/api.w.org\/{rel}","templated":true}]}}