{"id":3735,"date":"2016-06-20T00:57:20","date_gmt":"2016-06-19T23:57:20","guid":{"rendered":"http:\/\/lesgravereaux.marret.co\/?page_id=3735"},"modified":"2016-07-08T22:10:56","modified_gmt":"2016-07-08T21:10:56","slug":"jules-gravereaux-decore-du-merite-agricole","status":"publish","type":"page","link":"https:\/\/lesgravereaux.marret.co\/index.php\/jules-gravereaux\/jules-gravereaux-honneurs-et-medailles\/jules-gravereaux-decore-du-merite-agricole\/","title":{"rendered":"Jules Gravereaux d\u00e9cor\u00e9 du M\u00e9rite agricole"},"content":{"rendered":"<p><strong><a href=\"https:\/\/i0.wp.com\/lesgravereaux.marret.co\/wp-content\/uploads\/2016\/06\/M%C3%A9rite-agricole-Chevalier-m%C3%A9daille_wp.jpg?ssl=1\"><img data-recalc-dims=\"1\" loading=\"lazy\" decoding=\"async\" data-attachment-id=\"3737\" data-permalink=\"https:\/\/lesgravereaux.marret.co\/index.php\/jules-gravereaux\/jules-gravereaux-honneurs-et-medailles\/jules-gravereaux-decore-du-merite-agricole\/merite-agricole-chevalier-medaille_wp\/\" data-orig-file=\"https:\/\/i0.wp.com\/lesgravereaux.marret.co\/wp-content\/uploads\/2016\/06\/M%C3%A9rite-agricole-Chevalier-m%C3%A9daille_wp.jpg?fit=240%2C591&amp;ssl=1\" data-orig-size=\"240,591\" data-comments-opened=\"1\" data-image-meta=\"{&quot;aperture&quot;:&quot;0&quot;,&quot;credit&quot;:&quot;&quot;,&quot;camera&quot;:&quot;&quot;,&quot;caption&quot;:&quot;&quot;,&quot;created_timestamp&quot;:&quot;0&quot;,&quot;copyright&quot;:&quot;&quot;,&quot;focal_length&quot;:&quot;0&quot;,&quot;iso&quot;:&quot;0&quot;,&quot;shutter_speed&quot;:&quot;0&quot;,&quot;title&quot;:&quot;&quot;,&quot;orientation&quot;:&quot;1&quot;}\" data-image-title=\"M\u00e9rite agricole &amp;#8211; Chevalier (m\u00e9daille)_wp\" data-image-description=\"\" data-image-caption=\"\" data-medium-file=\"https:\/\/i0.wp.com\/lesgravereaux.marret.co\/wp-content\/uploads\/2016\/06\/M%C3%A9rite-agricole-Chevalier-m%C3%A9daille_wp.jpg?fit=122%2C300&amp;ssl=1\" data-large-file=\"https:\/\/i0.wp.com\/lesgravereaux.marret.co\/wp-content\/uploads\/2016\/06\/M%C3%A9rite-agricole-Chevalier-m%C3%A9daille_wp.jpg?fit=240%2C591&amp;ssl=1\" class=\"wp-image-3737 alignright\" src=\"https:\/\/i0.wp.com\/lesgravereaux.marret.co\/wp-content\/uploads\/2016\/06\/M%C3%A9rite-agricole-Chevalier-m%C3%A9daille_wp.jpg?resize=81%2C199&#038;ssl=1\" alt=\"M\u00e9rite agricole - Chevalier (m\u00e9daille)_wp\" width=\"81\" height=\"199\" data-wp-pid=\"3737\" srcset=\"https:\/\/i0.wp.com\/lesgravereaux.marret.co\/wp-content\/uploads\/2016\/06\/M%C3%A9rite-agricole-Chevalier-m%C3%A9daille_wp.jpg?w=240&amp;ssl=1 240w, https:\/\/i0.wp.com\/lesgravereaux.marret.co\/wp-content\/uploads\/2016\/06\/M%C3%A9rite-agricole-Chevalier-m%C3%A9daille_wp.jpg?resize=122%2C300&amp;ssl=1 122w\" sizes=\"auto, (max-width: 81px) 100vw, 81px\" \/><\/a>Chevalier du M\u00e9rite agricole<\/strong><\/p>\n<p style=\"text-align: left;\"><em>Par d\u00e9cret en date du 13 juillet 1900, rendu sur la proposition du ministre de l&rsquo;Agriculture et par arr\u00eat\u00e9 du ministre de l&rsquo;Agriculture en date du m\u00eame jour, la d\u00e9coration du M\u00e9rite agricole a \u00e9t\u00e9 conf\u00e9r\u00e9e aux personnes ci-apr\u00e8s d\u00e9sign\u00e9es\u00a0: <\/em><\/p>\n<p style=\"text-align: left; padding-left: 30px;\"><em><span style=\"text-decoration: underline;\">Grade de chevalier<\/span>.<\/em><\/p>\n<p style=\"text-align: left; padding-left: 30px;\"><em>Gravereaux (Jules-L\u00e9opold), rosi\u00e9riste amateur \u00e0 l&rsquo;Hay (Seine)\u00a0: a r\u00e9ussi une collection unique et compl\u00e8te de toutes les vari\u00e9t\u00e9s de roses, tant au point de vue horticole qu&rsquo;au point de vue scientifique.<\/em><\/p>\n<p style=\"text-align: right;\"><em>Journal officiel, 14\u00a0juillet 1900, p.\u00a04602.<\/em><\/p>\n<hr \/>\n<p><strong><a href=\"https:\/\/i0.wp.com\/lesgravereaux.marret.co\/wp-content\/uploads\/2016\/06\/M%C3%A9rite-agricole-Officier-m%C3%A9daille2_wp.jpg?ssl=1\"><img data-recalc-dims=\"1\" loading=\"lazy\" decoding=\"async\" data-attachment-id=\"3739\" data-permalink=\"https:\/\/lesgravereaux.marret.co\/index.php\/jules-gravereaux\/jules-gravereaux-honneurs-et-medailles\/jules-gravereaux-decore-du-merite-agricole\/merite-agricole-officier-medaille2_wp\/\" data-orig-file=\"https:\/\/i0.wp.com\/lesgravereaux.marret.co\/wp-content\/uploads\/2016\/06\/M%C3%A9rite-agricole-Officier-m%C3%A9daille2_wp.jpg?fit=222%2C591&amp;ssl=1\" data-orig-size=\"222,591\" data-comments-opened=\"1\" data-image-meta=\"{&quot;aperture&quot;:&quot;0&quot;,&quot;credit&quot;:&quot;&quot;,&quot;camera&quot;:&quot;&quot;,&quot;caption&quot;:&quot;&quot;,&quot;created_timestamp&quot;:&quot;0&quot;,&quot;copyright&quot;:&quot;&quot;,&quot;focal_length&quot;:&quot;0&quot;,&quot;iso&quot;:&quot;0&quot;,&quot;shutter_speed&quot;:&quot;0&quot;,&quot;title&quot;:&quot;&quot;,&quot;orientation&quot;:&quot;1&quot;}\" data-image-title=\"M\u00e9rite agricole &amp;#8211; Officier (m\u00e9daille)2_wp\" data-image-description=\"\" data-image-caption=\"\" data-medium-file=\"https:\/\/i0.wp.com\/lesgravereaux.marret.co\/wp-content\/uploads\/2016\/06\/M%C3%A9rite-agricole-Officier-m%C3%A9daille2_wp.jpg?fit=113%2C300&amp;ssl=1\" data-large-file=\"https:\/\/i0.wp.com\/lesgravereaux.marret.co\/wp-content\/uploads\/2016\/06\/M%C3%A9rite-agricole-Officier-m%C3%A9daille2_wp.jpg?fit=222%2C591&amp;ssl=1\" class=\"wp-image-3739 alignright\" src=\"https:\/\/i0.wp.com\/lesgravereaux.marret.co\/wp-content\/uploads\/2016\/06\/M%C3%A9rite-agricole-Officier-m%C3%A9daille2_wp.jpg?resize=75%2C199&#038;ssl=1\" alt=\"M\u00e9rite agricole - Officier (m\u00e9daille)2_wp\" width=\"75\" height=\"199\" data-wp-pid=\"3739\" srcset=\"https:\/\/i0.wp.com\/lesgravereaux.marret.co\/wp-content\/uploads\/2016\/06\/M%C3%A9rite-agricole-Officier-m%C3%A9daille2_wp.jpg?w=222&amp;ssl=1 222w, https:\/\/i0.wp.com\/lesgravereaux.marret.co\/wp-content\/uploads\/2016\/06\/M%C3%A9rite-agricole-Officier-m%C3%A9daille2_wp.jpg?resize=113%2C300&amp;ssl=1 113w\" sizes=\"auto, (max-width: 75px) 100vw, 75px\" \/><\/a>Officier du M\u00e9rite agricole<\/strong><\/p>\n<p><em>Par d\u00e9crets rendus sur la proposition du ministre de l&rsquo;Agriculture et par arr\u00eat\u00e9 en date du 3 ao\u00fbt 1904, la d\u00e9coration du M\u00e9rite agricole a \u00e9t\u00e9 conf\u00e9r\u00e9e aux personnes ci-apr\u00e8s d\u00e9sign\u00e9es\u00a0: <\/em><\/p>\n<p style=\"padding-left: 30px;\"><em><span style=\"text-decoration: underline;\">Grade d\u2019officier<\/span>.<\/em><\/p>\n<p style=\"padding-left: 30px;\"><em>Gravereaux (Jules-L\u00e9opold), rosi\u00e9riste amateur \u00e0 l\u2019Ha\u00ff (Seine), pr\u00e9sident de la soci\u00e9t\u00e9 des rosi\u00e9ristes fran\u00e7ais\u00a0: nombreuses r\u00e9compenses dans les expositions. Chevalier du 13 juillet 1900<\/em>.<\/p>\n<p style=\"text-align: right;\"><em>Journal officiel, 9\u00a0ao\u00fbt 1904, p.\u00a04977.<\/em><\/p>\n<p><strong><a href=\"https:\/\/i0.wp.com\/lesgravereaux.marret.co\/wp-content\/uploads\/2016\/06\/M%C3%A9rite-agricole-Commandeur-m%C3%A9daille3_wp.jpg?ssl=1\"><img data-recalc-dims=\"1\" loading=\"lazy\" decoding=\"async\" data-attachment-id=\"3738\" data-permalink=\"https:\/\/lesgravereaux.marret.co\/index.php\/jules-gravereaux\/jules-gravereaux-honneurs-et-medailles\/jules-gravereaux-decore-du-merite-agricole\/merite-agricole-commandeur-medaille3_wp\/\" data-orig-file=\"https:\/\/i0.wp.com\/lesgravereaux.marret.co\/wp-content\/uploads\/2016\/06\/M%C3%A9rite-agricole-Commandeur-m%C3%A9daille3_wp.jpg?fit=692%2C591&amp;ssl=1\" data-orig-size=\"692,591\" data-comments-opened=\"1\" data-image-meta=\"{&quot;aperture&quot;:&quot;0&quot;,&quot;credit&quot;:&quot;&quot;,&quot;camera&quot;:&quot;&quot;,&quot;caption&quot;:&quot;&quot;,&quot;created_timestamp&quot;:&quot;0&quot;,&quot;copyright&quot;:&quot;&quot;,&quot;focal_length&quot;:&quot;0&quot;,&quot;iso&quot;:&quot;0&quot;,&quot;shutter_speed&quot;:&quot;0&quot;,&quot;title&quot;:&quot;&quot;,&quot;orientation&quot;:&quot;1&quot;}\" data-image-title=\"M\u00e9rite agricole &amp;#8211; Commandeur (m\u00e9daille)3_wp\" data-image-description=\"\" data-image-caption=\"\" data-medium-file=\"https:\/\/i0.wp.com\/lesgravereaux.marret.co\/wp-content\/uploads\/2016\/06\/M%C3%A9rite-agricole-Commandeur-m%C3%A9daille3_wp.jpg?fit=300%2C256&amp;ssl=1\" data-large-file=\"https:\/\/i0.wp.com\/lesgravereaux.marret.co\/wp-content\/uploads\/2016\/06\/M%C3%A9rite-agricole-Commandeur-m%C3%A9daille3_wp.jpg?fit=640%2C547&amp;ssl=1\" class=\"wp-image-3738 alignright\" src=\"https:\/\/i0.wp.com\/lesgravereaux.marret.co\/wp-content\/uploads\/2016\/06\/M%C3%A9rite-agricole-Commandeur-m%C3%A9daille3_wp.jpg?resize=233%2C199&#038;ssl=1\" alt=\"M\u00e9rite agricole - Commandeur (m\u00e9daille)3_wp\" width=\"233\" height=\"199\" data-wp-pid=\"3738\" srcset=\"https:\/\/i0.wp.com\/lesgravereaux.marret.co\/wp-content\/uploads\/2016\/06\/M%C3%A9rite-agricole-Commandeur-m%C3%A9daille3_wp.jpg?w=692&amp;ssl=1 692w, https:\/\/i0.wp.com\/lesgravereaux.marret.co\/wp-content\/uploads\/2016\/06\/M%C3%A9rite-agricole-Commandeur-m%C3%A9daille3_wp.jpg?resize=300%2C256&amp;ssl=1 300w, https:\/\/i0.wp.com\/lesgravereaux.marret.co\/wp-content\/uploads\/2016\/06\/M%C3%A9rite-agricole-Commandeur-m%C3%A9daille3_wp.jpg?resize=600%2C512&amp;ssl=1 600w\" sizes=\"auto, (max-width: 233px) 100vw, 233px\" \/><\/a>Commandeur du M\u00e9rite agricole<\/strong><br \/>\n<em>Par d\u00e9crets en date du 26 ao\u00fbt 1908 rendus sur la proposition du ministre de l&rsquo;Agriculture et par arr\u00eat\u00e9 en date du m\u00eame jour, la d\u00e9coration du M\u00e9rite agricole a \u00e9t\u00e9 conf\u00e9r\u00e9e aux personnes ci-apr\u00e8s d\u00e9sign\u00e9es\u00a0:<\/em><\/p>\n<p style=\"padding-left: 30px;\"><em><span style=\"text-decoration: underline;\">Grade de commandeur<\/span>.<\/em><\/p>\n<p style=\"padding-left: 30px;\"><em>Gravereaux (Jules-L\u00e9opold), rosi\u00e9riste \u00e0 l\u2019Hay (Seine)\u00a0: auteur de plusieurs publications sur les roses et la culture du rosier. Donation \u00e0 la ville de Paris de la Roseraie de Bagatelle. Officier du 3 ao\u00fbt 1904.<\/em><\/p>\n<p style=\"text-align: right;\"><em>Journal officiel, 30\u00a0ao\u00fbt 1908, p.\u00a06071.<\/em><\/p>\n","protected":false},"excerpt":{"rendered":"<p>Chevalier du M\u00e9rite agricole Par d\u00e9cret en date du 13 juillet 1900, rendu sur la proposition du ministre de l&rsquo;Agriculture et par arr\u00eat\u00e9 du ministre de l&rsquo;Agriculture en date du m\u00eame jour, la d\u00e9coration du M\u00e9rite agricole a \u00e9t\u00e9 conf\u00e9r\u00e9e &hellip; <a href=\"https:\/\/lesgravereaux.marret.co\/index.php\/jules-gravereaux\/jules-gravereaux-honneurs-et-medailles\/jules-gravereaux-decore-du-merite-agricole\/\">Continuer la lecture <span class=\"meta-nav\">&rarr;<\/span><\/a><\/p>\n","protected":false},"author":1,"featured_media":0,"parent":3720,"menu_order":0,"comment_status":"closed","ping_status":"closed","template":"","meta":{"ngg_post_thumbnail":0,"jetpack_post_was_ever_published":false,"footnotes":""},"class_list":["post-3735","page","type-page","status-publish","hentry"],"jetpack_sharing_enabled":true,"jetpack_shortlink":"https:\/\/wp.me\/P7ERyi-Yf","jetpack-related-posts":[{"id":801,"url":"https:\/\/lesgravereaux.marret.co\/index.php\/jules-gravereaux\/des-evenements-de-sa-vie\/","url_meta":{"origin":3735,"position":0},"title":"Des \u00e9v\u00e8nements de sa vie","author":"marretgravereaux","date":"10 mars 2016","format":false,"excerpt":"\u00a0 1er mai 1844\u00a0: Na\u00eet \u00e0 Vitry-sur-Seine. 16 mars 1856\u00a0: Commence son premier emploi, chez Mr Caillaut rue du Bac. 5 septembre 1864\u00a0: Entre au Bon March\u00e9. 20 f\u00e9vrier 1866\u00a0: Quitte volontairement le Bon March\u00e9 pour entrer au Louvre. 1870\u00a0: Fait son service militaire dans la Garde Nationale de la\u2026","rel":"","context":"Article similaire","block_context":{"text":"Article similaire","link":""},"img":{"alt_text":"Roses de Malmaison - p03_wp","src":"https:\/\/i0.wp.com\/marret.co\/wp-content\/uploads\/2016\/03\/Roses-de-Malmaison-p03_wp.jpg?resize=350%2C200","width":350,"height":200},"classes":[]},{"id":3745,"url":"https:\/\/lesgravereaux.marret.co\/index.php\/jules-gravereaux\/jules-gravereaux-honneurs-et-medailles\/jules-gravereaux-nomme-a-lordre-de-la-legion-dhonneur\/","url_meta":{"origin":3735,"position":1},"title":"Jules Gravereaux nomm\u00e9 \u00e0 l&rsquo;Ordre de la L\u00e9gion d&rsquo;honneur","author":"marretgravereaux","date":"20 juin 2016","format":false,"excerpt":"Chevalier de la L\u00e9gion d\u2019honneur Par d\u00e9crets du Pr\u00e9sident de la R\u00e9publique en date du 3 juin 1902, rendus sur la proposition du ministre de l'Agriculture, apr\u00e8s d\u00e9claration du Conseil de l'ordre national de la L\u00e9gion d'honneur, en date du 2 juin 1902, portant que les nominations qui font l'objet\u2026","rel":"","context":"Article similaire","block_context":{"text":"Article similaire","link":""},"img":{"alt_text":"L\u00e9gion d'honneur - Chevalier (m\u00e9daille)_wp","src":"https:\/\/i0.wp.com\/lesgravereaux.marret.co\/wp-content\/uploads\/2016\/06\/L%C3%A9gion-dhonneur-Chevalier-m%C3%A9daille_wp.jpg?resize=350%2C200","width":350,"height":200},"classes":[]},{"id":1270,"url":"https:\/\/lesgravereaux.marret.co\/index.php\/jules-gravereaux\/portraits-de-jules-gravereaux\/a-la-une\/","url_meta":{"origin":3735,"position":2},"title":"Jules Gravereaux \u00e0 la une","author":"marretgravereaux","date":"19 mars 2016","format":false,"excerpt":"Dans son\u00a0num\u00e9ro du 1er\u00a0juin 1907, la revue La Vie \u00e0 la Campagne affiche un portrait de Jules Gravereaux, \u00e0 la une de sa section informative\u2026 Elle le pr\u00e9sente dans son bas de vignette. JULES GRAVEREAUX. Chevalier de la L\u00e9gion d'Honneur, Officier du M\u00e9rite Agricole, propri\u00e9taire de la Roseraie de l'Hay\u2026","rel":"","context":"Article similaire","block_context":{"text":"Article similaire","link":""},"img":{"alt_text":"1907-06-01 La vie a la campagne a_wp","src":"https:\/\/i0.wp.com\/marret.co\/wp-content\/uploads\/2016\/03\/1907-06-01-La-vie-a-la-campagne-a_wp-726x1024.jpg?resize=350%2C200","width":350,"height":200},"classes":[]},{"id":589,"url":"https:\/\/lesgravereaux.marret.co\/index.php\/jules-gravereaux\/jules-gravereaux-journaliste\/","url_meta":{"origin":3735,"position":3},"title":"Jules Gravereaux, journaliste?","author":"marretgravereaux","date":"7 mars 2016","format":false,"excerpt":"Peut-on dire de Jules Gravereaux qu'il \u00e9tait journaliste? Oui, si l\u2019on se fie \u00e0 l\u2019Annuaire de la Presse fran\u00e7aise et \u00e9trang\u00e8re et du monde politique, \u00e9dition de 1909. Il fait en effet partie de ceux qui y sont mentionn\u00e9s et r\u00e9pertori\u00e9s... comme ayant \u00e9t\u00e9 d\u00e9cor\u00e9s en 1908 et nomm\u00e9s Commandeurs\u2026","rel":"","context":"Article similaire","block_context":{"text":"Article similaire","link":""},"img":{"alt_text":"1909 Annuaire de la presse francaise p283_wp","src":"https:\/\/i0.wp.com\/marret.co\/wp-content\/uploads\/2016\/03\/1909-Annuaire-de-la-presse-francaise-p283_wp.jpg?resize=350%2C200","width":350,"height":200,"srcset":"https:\/\/i0.wp.com\/marret.co\/wp-content\/uploads\/2016\/03\/1909-Annuaire-de-la-presse-francaise-p283_wp.jpg?resize=350%2C200 1x, https:\/\/i0.wp.com\/marret.co\/wp-content\/uploads\/2016\/03\/1909-Annuaire-de-la-presse-francaise-p283_wp.jpg?resize=525%2C300 1.5x"},"classes":[]},{"id":3720,"url":"https:\/\/lesgravereaux.marret.co\/index.php\/jules-gravereaux\/jules-gravereaux-honneurs-et-medailles\/","url_meta":{"origin":3735,"position":4},"title":"Jules Gravereaux &#8211; Honneurs et m\u00e9dailles","author":"marretgravereaux","date":"19 juin 2016","format":false,"excerpt":"Jules Gravereaux a acquis la propri\u00e9t\u00e9 de L\u2019Ha\u00ff en 1892 et il commen\u00e7a \u00e0 y installer une collection de roses vers 1894. Mais ce n\u2019est qu\u2019en 1899 qu\u2019\u00c9douard Andr\u00e9, architecte-paysager reconnu cr\u00e9a la premi\u00e8re roseraie. Celle-ci acquit tr\u00e8s rapidement une notori\u00e9t\u00e9 internationale, la publication de l\u2019inventaire des collections et l\u2019article\u2026","rel":"","context":"Article similaire","block_context":{"text":"Article similaire","link":""},"img":{"alt_text":"Jules Gravereaux - OG053c","src":"https:\/\/i0.wp.com\/lesgravereaux.marret.co\/wp-content\/uploads\/2015\/10\/Jules-Gravereaux-OG053c-e1466353135600-649x1024.jpg?resize=350%2C200","width":350,"height":200},"classes":[]},{"id":3684,"url":"https:\/\/lesgravereaux.marret.co\/index.php\/jules-gravereaux\/des-evenements-de-sa-vie\/biographie-de-jules-gravereaux-par-jean-luc-marret\/","url_meta":{"origin":3735,"position":5},"title":"Biographie de Jules Gravereaux (par Jean-Luc Marret)","author":"marretgravereaux","date":"17 juin 2016","format":false,"excerpt":"Discours d'hommage prononc\u00e9 par Jean-Luc Marret, son arri\u00e8re-petit-fils, le 23 mars 2016, au cimeti\u00e8re du Montparnasse, \u00e0 l'occasion d'une c\u00e9r\u00e9monie comm\u00e9morant le centi\u00e8me anniversaire de son d\u00e9c\u00e8s. Cadet de la famille, Jules Gravereaux na\u00eet le 1er mai 1844 \u00e0 Vitry-sur-Seine. Originaire du Bordelais, son arri\u00e8re-grand-p\u00e8re \u00e9tait venu s\u2019installer l\u00e0 un\u2026","rel":"","context":"Article similaire","block_context":{"text":"Article similaire","link":""},"img":{"alt_text":"2016-03-23 Cimeti\u00e8re Montparnasse RLM_1754a_wp","src":"https:\/\/i0.wp.com\/lesgravereaux.marret.co\/wp-content\/uploads\/2016\/06\/2016-03-23-Cimeti%C3%A8re-Montparnasse-RLM_1754a_wp.jpg?resize=350%2C200","width":350,"height":200},"classes":[]}],"_links":{"self":[{"href":"https:\/\/lesgravereaux.marret.co\/index.php\/wp-json\/wp\/v2\/pages\/3735","targetHints":{"allow":["GET"]}}],"collection":[{"href":"https:\/\/lesgravereaux.marret.co\/index.php\/wp-json\/wp\/v2\/pages"}],"about":[{"href":"https:\/\/lesgravereaux.marret.co\/index.php\/wp-json\/wp\/v2\/types\/page"}],"author":[{"embeddable":true,"href":"https:\/\/lesgravereaux.marret.co\/index.php\/wp-json\/wp\/v2\/users\/1"}],"replies":[{"embeddable":true,"href":"https:\/\/lesgravereaux.marret.co\/index.php\/wp-json\/wp\/v2\/comments?post=3735"}],"version-history":[{"count":0,"href":"https:\/\/lesgravereaux.marret.co\/index.php\/wp-json\/wp\/v2\/pages\/3735\/revisions"}],"up":[{"embeddable":true,"href":"https:\/\/lesgravereaux.marret.co\/index.php\/wp-json\/wp\/v2\/pages\/3720"}],"wp:attachment":[{"href":"https:\/\/lesgravereaux.marret.co\/index.php\/wp-json\/wp\/v2\/media?parent=3735"}],"curies":[{"name":"wp","href":"https:\/\/api.w.org\/{rel}","templated":true}]}}