{"id":3669,"date":"2016-06-17T03:04:06","date_gmt":"2016-06-17T02:04:06","guid":{"rendered":"http:\/\/lesgravereaux.marret.co\/?page_id=3669"},"modified":"2016-06-17T22:04:56","modified_gmt":"2016-06-17T21:04:56","slug":"15-juin-1911-lacademie-des-arts-de-la-fleur","status":"publish","type":"page","link":"https:\/\/lesgravereaux.marret.co\/index.php\/571-2\/15-juin-1911-lacademie-des-arts-de-la-fleur\/","title":{"rendered":"15 juin 1911 &#8211; L&rsquo;Acad\u00e9mie des Arts de la Fleur"},"content":{"rendered":"<p><a href=\"https:\/\/i0.wp.com\/lesgravereaux.marret.co\/wp-content\/uploads\/2016\/06\/1J395-1911-06-15-F%C3%AAte-des-Artistes-de-la-fleur-Programme-a_wp.jpg?ssl=1\"><img data-recalc-dims=\"1\" loading=\"lazy\" decoding=\"async\" data-attachment-id=\"3665\" data-permalink=\"https:\/\/lesgravereaux.marret.co\/index.php\/571-2\/15-juin-1911-lacademie-des-arts-de-la-fleur\/1j395-1911-06-15-fete-des-artistes-de-la-fleur-programme-a_wp\/\" data-orig-file=\"https:\/\/i0.wp.com\/lesgravereaux.marret.co\/wp-content\/uploads\/2016\/06\/1J395-1911-06-15-F%C3%AAte-des-Artistes-de-la-fleur-Programme-a_wp.jpg?fit=726%2C1181&amp;ssl=1\" data-orig-size=\"726,1181\" data-comments-opened=\"1\" data-image-meta=\"{&quot;aperture&quot;:&quot;0&quot;,&quot;credit&quot;:&quot;&quot;,&quot;camera&quot;:&quot;&quot;,&quot;caption&quot;:&quot;&quot;,&quot;created_timestamp&quot;:&quot;0&quot;,&quot;copyright&quot;:&quot;&quot;,&quot;focal_length&quot;:&quot;0&quot;,&quot;iso&quot;:&quot;0&quot;,&quot;shutter_speed&quot;:&quot;0&quot;,&quot;title&quot;:&quot;&quot;,&quot;orientation&quot;:&quot;1&quot;}\" data-image-title=\"1J395 1911-06-15 F\u00eate des Artistes de la fleur &amp;#8211; Programme a_wp\" data-image-description=\"\" data-image-caption=\"\" data-medium-file=\"https:\/\/i0.wp.com\/lesgravereaux.marret.co\/wp-content\/uploads\/2016\/06\/1J395-1911-06-15-F%C3%AAte-des-Artistes-de-la-fleur-Programme-a_wp.jpg?fit=184%2C300&amp;ssl=1\" data-large-file=\"https:\/\/i0.wp.com\/lesgravereaux.marret.co\/wp-content\/uploads\/2016\/06\/1J395-1911-06-15-F%C3%AAte-des-Artistes-de-la-fleur-Programme-a_wp.jpg?fit=629%2C1024&amp;ssl=1\" class=\"wp-image-3665 alignright\" src=\"https:\/\/i0.wp.com\/lesgravereaux.marret.co\/wp-content\/uploads\/2016\/06\/1J395-1911-06-15-F%C3%AAte-des-Artistes-de-la-fleur-Programme-a_wp.jpg?resize=325%2C529&#038;ssl=1\" alt=\"1J395 1911-06-15 F\u00eate des Artistes de la fleur - Programme a_wp\" width=\"325\" height=\"529\" data-wp-pid=\"3665\" srcset=\"https:\/\/i0.wp.com\/lesgravereaux.marret.co\/wp-content\/uploads\/2016\/06\/1J395-1911-06-15-F%C3%AAte-des-Artistes-de-la-fleur-Programme-a_wp.jpg?resize=629%2C1024&amp;ssl=1 629w, https:\/\/i0.wp.com\/lesgravereaux.marret.co\/wp-content\/uploads\/2016\/06\/1J395-1911-06-15-F%C3%AAte-des-Artistes-de-la-fleur-Programme-a_wp.jpg?resize=184%2C300&amp;ssl=1 184w, https:\/\/i0.wp.com\/lesgravereaux.marret.co\/wp-content\/uploads\/2016\/06\/1J395-1911-06-15-F%C3%AAte-des-Artistes-de-la-fleur-Programme-a_wp.jpg?resize=369%2C600&amp;ssl=1 369w, https:\/\/i0.wp.com\/lesgravereaux.marret.co\/wp-content\/uploads\/2016\/06\/1J395-1911-06-15-F%C3%AAte-des-Artistes-de-la-fleur-Programme-a_wp.jpg?w=726&amp;ssl=1 726w\" sizes=\"auto, (max-width: 325px) 100vw, 325px\" \/><\/a><\/p>\n<p>&nbsp;<\/p>\n<p>Le 15 juin 1911, c&rsquo;est au tour des membres de \u00a0l&rsquo;<strong>Acad\u00e9mie des Arts de la Fleur et des Plantes<\/strong> de venir dans la roseraie de L&rsquo;Ha\u00ff pour sa <em>F\u00eate des artistes de la Fleur<\/em>. Visite de la roseraie, conf\u00e9rence d&rsquo;Achille Cesbron, concert et com\u00e9die ont \u00e9t\u00e9 pr\u00e9vus pour les invit\u00e9s.<\/p>\n<p>&nbsp;<\/p>\n<p style=\"text-align: center;\">~~~~~~~<\/p>\n<p>Dans son num\u00e9ro de juin-juillet 1911,<br \/>\nla revue <em>Les Amis de Paris<\/em> raconte&#8230;<\/p>\n<p>Rien de plus charmant que la f\u00eate donn\u00e9e par l\u2019Acad\u00e9mie des Arts de la Fleur et de la Plante (que fonda en 1902 l\u2019excellent artiste, M.\u00a0Achille Cesbron) dans la roseraie de L\u2019Ha\u00ff. Quel cadre admirable que le parc de M.\u00a0Gravereaux et quelle plume ne faudrait-il pas pour d\u00e9peindre la plus belle des roseraies que jamais particulier ait poss\u00e9d\u00e9e!<\/p>\n<p>Ce particulier est un grand seigneur, qui a dit aux artistes\u00a0: vous \u00eates chez vous, venez avec vos amis\u2026. et permettez-moi seulement de leur faire un accueil aimable\u2026 ce qui veut dire\u00a0: je me charge de tout.<\/p>\n<p>Et le th\u00e9\u00e2tre de verdure! Il faut le voir, avec ses sveltes colonnades et le pavillon tout habill\u00e9 de roses\u2026<\/p>\n<p><a href=\"https:\/\/i0.wp.com\/lesgravereaux.marret.co\/wp-content\/uploads\/2016\/06\/1911-06-Les-Amis-de-Paris-2010-27_003b_wp.jpg?ssl=1\"><img data-recalc-dims=\"1\" loading=\"lazy\" decoding=\"async\" data-attachment-id=\"3666\" data-permalink=\"https:\/\/lesgravereaux.marret.co\/index.php\/571-2\/15-juin-1911-lacademie-des-arts-de-la-fleur\/1911-06-les-amis-de-paris-2010-27_003b_wp\/\" data-orig-file=\"https:\/\/i0.wp.com\/lesgravereaux.marret.co\/wp-content\/uploads\/2016\/06\/1911-06-Les-Amis-de-Paris-2010-27_003b_wp.jpg?fit=886%2C629&amp;ssl=1\" data-orig-size=\"886,629\" data-comments-opened=\"1\" data-image-meta=\"{&quot;aperture&quot;:&quot;5.6&quot;,&quot;credit&quot;:&quot;&quot;,&quot;camera&quot;:&quot;Canon EOS DIGITAL REBEL XSi&quot;,&quot;caption&quot;:&quot;&quot;,&quot;created_timestamp&quot;:&quot;1291186136&quot;,&quot;copyright&quot;:&quot;&quot;,&quot;focal_length&quot;:&quot;29&quot;,&quot;iso&quot;:&quot;400&quot;,&quot;shutter_speed&quot;:&quot;0.0125&quot;,&quot;title&quot;:&quot;&quot;,&quot;orientation&quot;:&quot;1&quot;}\" data-image-title=\"1911-06 Les Amis de Paris (2010-27_003b)_wp\" data-image-description=\"\" data-image-caption=\"\" data-medium-file=\"https:\/\/i0.wp.com\/lesgravereaux.marret.co\/wp-content\/uploads\/2016\/06\/1911-06-Les-Amis-de-Paris-2010-27_003b_wp.jpg?fit=300%2C213&amp;ssl=1\" data-large-file=\"https:\/\/i0.wp.com\/lesgravereaux.marret.co\/wp-content\/uploads\/2016\/06\/1911-06-Les-Amis-de-Paris-2010-27_003b_wp.jpg?fit=640%2C454&amp;ssl=1\" class=\"wp-image-3666 alignright\" src=\"https:\/\/i0.wp.com\/lesgravereaux.marret.co\/wp-content\/uploads\/2016\/06\/1911-06-Les-Amis-de-Paris-2010-27_003b_wp.jpg?resize=400%2C284&#038;ssl=1\" alt=\"1911-06 Les Amis de Paris (2010-27_003b)_wp\" width=\"400\" height=\"284\" data-wp-pid=\"3666\" srcset=\"https:\/\/i0.wp.com\/lesgravereaux.marret.co\/wp-content\/uploads\/2016\/06\/1911-06-Les-Amis-de-Paris-2010-27_003b_wp.jpg?w=886&amp;ssl=1 886w, https:\/\/i0.wp.com\/lesgravereaux.marret.co\/wp-content\/uploads\/2016\/06\/1911-06-Les-Amis-de-Paris-2010-27_003b_wp.jpg?resize=300%2C213&amp;ssl=1 300w, https:\/\/i0.wp.com\/lesgravereaux.marret.co\/wp-content\/uploads\/2016\/06\/1911-06-Les-Amis-de-Paris-2010-27_003b_wp.jpg?resize=768%2C545&amp;ssl=1 768w, https:\/\/i0.wp.com\/lesgravereaux.marret.co\/wp-content\/uploads\/2016\/06\/1911-06-Les-Amis-de-Paris-2010-27_003b_wp.jpg?resize=800%2C568&amp;ssl=1 800w, https:\/\/i0.wp.com\/lesgravereaux.marret.co\/wp-content\/uploads\/2016\/06\/1911-06-Les-Amis-de-Paris-2010-27_003b_wp.jpg?resize=600%2C426&amp;ssl=1 600w\" sizes=\"auto, (max-width: 400px) 100vw, 400px\" \/><\/a><\/p>\n<p>M. Gravereaux est si aimable qu\u2019au printemps prochain, nous organiserons chez lui une f\u00eate des Roses pour \u00ab\u00a0Les Amis de Paris\u00a0\u00bb.<\/p>\n<p>C\u2019est sur cette sc\u00e8ne, bien appropri\u00e9e au sujet, que M.\u00a0Cesbron a fait sur la fleur une <a href=\"https:\/\/lesgravereaux.marret.co\/index.php\/achille-cesbron-lart-et-les-fleurs\/\">conf\u00e9rence<\/a> pleine de po\u00e9sie, dans laquelle il a montr\u00e9 qu\u2019un artiste peut \u00eatre orateur quand il parle de ce qu\u2019il conna\u00eet et de ce qu\u2019il aime.\u00a0\u00bb Voici une analyse de cette causerie d&rsquo;apr\u00e8s les notes que nous avons pu prendre.<\/p>\n<p style=\"padding-left: 30px;\">\u00ab\u00a0<em>L\u2019Art et la Fleur<\/em>\u2026 parall\u00e8le et rapport direct entre le r\u00f4le heureux des fleurs et la mission de l&rsquo;art sur l&rsquo;esprit humain.<\/p>\n<p style=\"padding-left: 30px;\">L&rsquo;art est par excellence le culte de la beaut\u00e9. La beaut\u00e9 est l&rsquo;harmonie sensible dans le spectacle comme dans les choses, dans les faits comme dans les id\u00e9es. C&rsquo;est le bonheur affirm\u00e9 et visible.<\/p>\n<p style=\"padding-left: 30px;\">L&rsquo;art est l&rsquo;expression de l&rsquo;individualit\u00e9 anim\u00e9e, \u00e9mue par une aperception le la condition harmonieuse de l&rsquo;univers.<\/p>\n<p style=\"padding-left: 30px;\">C&rsquo;est ainsi une extension de l&rsquo;\u00eatre intellectualis\u00e9, c&rsquo;est-\u00e0-dire sensible jusqu&rsquo;en l\u2019au-del\u00e0 de sa condition mat\u00e9rielle, et qui tend ainsi \u00e0 se reconna\u00eetre en les choses, \u00e0 communier en l&rsquo;universel. C&rsquo;est l&rsquo;av\u00e8nement \u00e0 la conscience individuelle de son infinitude, le pressentiment de la Divinit\u00e9.<\/p>\n<p style=\"padding-left: 30px;\">Les fleurs sont \u00e0 la fois les artistes et les \u0153uvres d&rsquo;art du monde v\u00e9g\u00e9tal; de ce monde v\u00e9g\u00e9tal qui est l&rsquo;a\u00een\u00e9 du n\u00f4tre et dont le d\u00e9veloppement est plus avanc\u00e9, et qui, vivant parall\u00e8lement \u00e0 nous, montre \u00e0 l&rsquo;humanit\u00e9 le chemin de la destin\u00e9e.<\/p>\n<p style=\"padding-left: 30px;\">Les fleurs furent pour les hommes les r\u00e9v\u00e9latrices de la Beaut\u00e9 plus que la terre, plus que le ciel, plus que les animaux dont nous ne pouvions comprendre la splendeur trop imposante, trop terrible, trop loin de notre condition sereine ou trop pr\u00e8s de notre condition d&rsquo;existence mat\u00e9rielle. Les fleurs furent nos initiatrices, elles nous conduisirent \u00e0 la conception de Beaut\u00e9 id\u00e9ale, embrassant toute la vie et toutes les conditions d&rsquo;existence. Elles sont encore nos conseill\u00e8res et nos mod\u00e8les en cette sublime voie.<\/p>\n<p style=\"padding-left: 30px;\">Elles nous apprennent \u00e0 \u00eatre bons, \u00e0 \u00eatre beaux, \u00e0 \u00eatre meilleurs. Elles nous apprennent le bonheur.<\/p>\n<p style=\"padding-left: 30px;\">Les artistes sont les fleurs de l&rsquo;humanit\u00e9.\u00a0\u00bb<\/p>\n<p><a href=\"https:\/\/i0.wp.com\/lesgravereaux.marret.co\/wp-content\/uploads\/2016\/06\/1911-06-Les-Amis-de-Paris-2010-27_003c_wp.jpg?ssl=1\"><img data-recalc-dims=\"1\" loading=\"lazy\" decoding=\"async\" data-attachment-id=\"3667\" data-permalink=\"https:\/\/lesgravereaux.marret.co\/index.php\/571-2\/15-juin-1911-lacademie-des-arts-de-la-fleur\/1911-06-les-amis-de-paris-2010-27_003c_wp\/\" data-orig-file=\"https:\/\/i0.wp.com\/lesgravereaux.marret.co\/wp-content\/uploads\/2016\/06\/1911-06-Les-Amis-de-Paris-2010-27_003c_wp.jpg?fit=886%2C678&amp;ssl=1\" data-orig-size=\"886,678\" data-comments-opened=\"1\" data-image-meta=\"{&quot;aperture&quot;:&quot;5.6&quot;,&quot;credit&quot;:&quot;&quot;,&quot;camera&quot;:&quot;Canon EOS DIGITAL REBEL XSi&quot;,&quot;caption&quot;:&quot;&quot;,&quot;created_timestamp&quot;:&quot;1291186136&quot;,&quot;copyright&quot;:&quot;&quot;,&quot;focal_length&quot;:&quot;29&quot;,&quot;iso&quot;:&quot;400&quot;,&quot;shutter_speed&quot;:&quot;0.0125&quot;,&quot;title&quot;:&quot;&quot;,&quot;orientation&quot;:&quot;1&quot;}\" data-image-title=\"1911-06 Les Amis de Paris (2010-27_003c)_wp\" data-image-description=\"\" data-image-caption=\"\" data-medium-file=\"https:\/\/i0.wp.com\/lesgravereaux.marret.co\/wp-content\/uploads\/2016\/06\/1911-06-Les-Amis-de-Paris-2010-27_003c_wp.jpg?fit=300%2C230&amp;ssl=1\" data-large-file=\"https:\/\/i0.wp.com\/lesgravereaux.marret.co\/wp-content\/uploads\/2016\/06\/1911-06-Les-Amis-de-Paris-2010-27_003c_wp.jpg?fit=640%2C490&amp;ssl=1\" class=\"wp-image-3667 alignleft\" src=\"https:\/\/i0.wp.com\/lesgravereaux.marret.co\/wp-content\/uploads\/2016\/06\/1911-06-Les-Amis-de-Paris-2010-27_003c_wp.jpg?resize=400%2C284&#038;ssl=1\" alt=\"1911-06 Les Amis de Paris (2010-27_003c)_wp\" width=\"400\" height=\"284\" data-wp-pid=\"3667\" \/><\/a>La causerie fut tr\u00e8s applaudie. Puis un concert suivit. MM.\u00a0L. Carembat, A. Cellier, Mme\u00a0Rosenthal jou\u00e8rent et chant\u00e8rent quelques m\u00e9lodies de Martini, Schubert, Bach, Schumann, Couperin, Ha\u00ebndel. Les oiseaux leur r\u00e9pondaient dans les branches. Mlle\u00a0Madeleine Duval et M.\u00a0Jean Baldoni se firent applaudir dans \u00ab\u00a0Le Baiser\u00a0\u00bb de Banville.<\/p>\n<p>M. Jules Gravereaux s\u2019attristait seulement de l\u2019incl\u00e9mence d\u2019une saison trop h\u00e2tive\u00a0: \u00ab\u00a0Mes roses, disait-il, n\u2019ont bien v\u00e9cu que l\u2019espace d\u2019un matin\u00a0\u00bb. Mais la magnificence de celles que l\u2019on voyait, contredisait heureusement cette parole pessimiste, et, on en vit assez, par milliers, belles et p\u00e2m\u00e9es sur leurs tiges, pour que cette f\u00eate reste inoubliable.<\/p>\n<p>&nbsp;<\/p>\n<p>&nbsp;<\/p>\n","protected":false},"excerpt":{"rendered":"<p>&nbsp; Le 15 juin 1911, c&rsquo;est au tour des membres de \u00a0l&rsquo;Acad\u00e9mie des Arts de la Fleur et des Plantes de venir dans la roseraie de L&rsquo;Ha\u00ff pour sa F\u00eate des artistes de la Fleur. Visite de la roseraie, conf\u00e9rence &hellip; <a href=\"https:\/\/lesgravereaux.marret.co\/index.php\/571-2\/15-juin-1911-lacademie-des-arts-de-la-fleur\/\">Continuer la lecture <span class=\"meta-nav\">&rarr;<\/span><\/a><\/p>\n","protected":false},"author":1,"featured_media":0,"parent":571,"menu_order":0,"comment_status":"closed","ping_status":"closed","template":"","meta":{"ngg_post_thumbnail":0,"jetpack_post_was_ever_published":false,"footnotes":""},"class_list":["post-3669","page","type-page","status-publish","hentry"],"jetpack_sharing_enabled":true,"jetpack_shortlink":"https:\/\/wp.me\/P7ERyi-Xb","jetpack-related-posts":[{"id":571,"url":"https:\/\/lesgravereaux.marret.co\/index.php\/571-2\/","url_meta":{"origin":3669,"position":0},"title":"Les f\u00eates \u00e0 L&rsquo;Ha\u00ff","author":"marretgravereaux","date":"7 mars 2016","format":false,"excerpt":"Jules Gravereaux aimait recevoir, non seulement sa famille, mais aussi les membres de nombreuses associations auxquelles il ouvrit la porte du domaine de L'Ha\u00ff, pour une simple visite de la roseraie ou pour un spectacle au th\u00e9\u00e2tre de\u00a0verdure. Bien qu'incomplet, le calendrier ci-apr\u00e8s donne une id\u00e9e de ces r\u00e9ceptions qui\u2026","rel":"","context":"Article similaire","block_context":{"text":"Article similaire","link":""},"img":{"alt_text":"","src":"https:\/\/i0.wp.com\/lesgravereaux.marret.co\/wp-content\/uploads\/2016\/04\/LHay-Visite-de-la-roseraie-47-J-843_wp-1024x759.jpg?resize=350%2C200","width":350,"height":200,"srcset":"https:\/\/i0.wp.com\/lesgravereaux.marret.co\/wp-content\/uploads\/2016\/04\/LHay-Visite-de-la-roseraie-47-J-843_wp-1024x759.jpg?resize=350%2C200 1x, https:\/\/i0.wp.com\/lesgravereaux.marret.co\/wp-content\/uploads\/2016\/04\/LHay-Visite-de-la-roseraie-47-J-843_wp-1024x759.jpg?resize=525%2C300 1.5x"},"classes":[]},{"id":1798,"url":"https:\/\/lesgravereaux.marret.co\/index.php\/jules-gravereaux\/jules-gravereaux-ses-ecrits\/","url_meta":{"origin":3669,"position":1},"title":"Jules Gravereaux &#8211; Ses \u00e9crits","author":"marretgravereaux","date":"23 avril 2016","format":false,"excerpt":"Jules Gravereaux\u00a0s'est aussi fait conna\u00eetre dans le monde de la rose comme un auteur. De 1899 \u00e0 1914, il a publi\u00e9 trois inventaires de la roseraie, les r\u00e9sultats de plusieurs de ses recherches ainsi que divers articles dans des revues horticoles. Toutefois,\u00a0par humilit\u00e9 et par respect pour ses collaborateurs, un\u2026","rel":"","context":"Article similaire","block_context":{"text":"Article similaire","link":""},"img":{"alt_text":"File0032a","src":"https:\/\/i0.wp.com\/lesgravereaux.marret.co\/wp-content\/uploads\/2015\/10\/File0032a.jpg?resize=350%2C200","width":350,"height":200},"classes":[]},{"id":993,"url":"https:\/\/lesgravereaux.marret.co\/index.php\/la-roseraie-de-lhay\/le-theatre-des-roses\/","url_meta":{"origin":3669,"position":2},"title":"Le Th\u00e9\u00e2tre des Roses","author":"marretgravereaux","date":"13 mars 2016","format":false,"excerpt":"Le domaine de L\u2019Ha\u00ff, avec sa roseraie, s\u2019av\u00e9rait un lieu extraordinaire pour les r\u00e9unions familiales ainsi que pour les visites d\u2019amateurs de roses. Et Jules Gravereaux aimait y recevoir\u2026 En 1905, il rencontre les\u00a0Rosati\u00a0- une Soci\u00e9t\u00e9 de gens de lettres qui se r\u00e9unissaient sous l\u2019\u00e9gide des roses \u2013 et en\u2026","rel":"","context":"Article similaire","block_context":{"text":"Article similaire","link":""},"img":{"alt_text":"1911 Delacroix, Henry - La roseraie - GL001_wp","src":"https:\/\/i0.wp.com\/marret.co\/wp-content\/uploads\/2016\/03\/1911-Delacroix-Henry-La-roseraie-GL001_wp-1024x653.jpg?resize=350%2C200","width":350,"height":200},"classes":[]},{"id":3677,"url":"https:\/\/lesgravereaux.marret.co\/index.php\/571-2\/15-juin-1911-lacademie-des-arts-de-la-fleur\/achille-cesbron-lart-et-les-fleurs\/","url_meta":{"origin":3669,"position":3},"title":"Achille Cesbron &#8211; L&rsquo;Art et les fleurs","author":"marretgravereaux","date":"17 juin 2016","format":false,"excerpt":"\u00c0 l'occasion de la F\u00eate des Artistes de la Fleur \u00e0 la roseraie de L\u2019Hay, le 15 juin 1911, Achille Cesbron, Pr\u00e9sident de l'Acad\u00e9mie des Arts et de la Fleur, prononce le discours d\u2019ouverture... Le Journal des Roses, dans son num\u00e9ro de septembre 1911, reproduit le texte int\u00e9gral de cette\u2026","rel":"","context":"Article similaire","block_context":{"text":"Article similaire","link":""},"img":{"alt_text":"1909-1911 Journal des roses.pdf","src":"https:\/\/i0.wp.com\/lesgravereaux.marret.co\/wp-content\/uploads\/2016\/06\/1911-09-Journal-des-roses-p134_wp.jpg?resize=350%2C200","width":350,"height":200},"classes":[]},{"id":801,"url":"https:\/\/lesgravereaux.marret.co\/index.php\/jules-gravereaux\/des-evenements-de-sa-vie\/","url_meta":{"origin":3669,"position":4},"title":"Des \u00e9v\u00e8nements de sa vie","author":"marretgravereaux","date":"10 mars 2016","format":false,"excerpt":"\u00a0 1er mai 1844\u00a0: Na\u00eet \u00e0 Vitry-sur-Seine. 16 mars 1856\u00a0: Commence son premier emploi, chez Mr Caillaut rue du Bac. 5 septembre 1864\u00a0: Entre au Bon March\u00e9. 20 f\u00e9vrier 1866\u00a0: Quitte volontairement le Bon March\u00e9 pour entrer au Louvre. 1870\u00a0: Fait son service militaire dans la Garde Nationale de la\u2026","rel":"","context":"Article similaire","block_context":{"text":"Article similaire","link":""},"img":{"alt_text":"Roses de Malmaison - p03_wp","src":"https:\/\/i0.wp.com\/marret.co\/wp-content\/uploads\/2016\/03\/Roses-de-Malmaison-p03_wp.jpg?resize=350%2C200","width":350,"height":200},"classes":[]},{"id":1279,"url":"https:\/\/lesgravereaux.marret.co\/index.php\/la-roseraie-de-lhay\/quand-la-roseraie-se-montre\/","url_meta":{"origin":3669,"position":5},"title":"Quand la roseraie s&rsquo;expose&#8230;","author":"marretgravereaux","date":"19 mars 2016","format":false,"excerpt":"La Roseraie de L'Ha\u00ff a attir\u00e9 \u2013 et attire toujours \u2013 les dessinateurs et les peintres qui tentent d\u2019en capter les couleurs, les lumi\u00e8res et l\u2019ambiance qui s\u2019en d\u00e9gage. La liste pr\u00e9sent\u00e9e \u00e0 la suite des reproductions\u00a0est \u00e9videmment incompl\u00e8te et nous esp\u00e9rons que les visiteurs de ce site pourront nous\u2026","rel":"","context":"Article similaire","block_context":{"text":"Article similaire","link":""},"img":{"alt_text":"Renouard, Charles-Paul (47 J 245)_wp","src":"https:\/\/i0.wp.com\/marret.co\/wp-content\/uploads\/2016\/03\/Renouard-Charles-Paul-47-J-245_wp-1024x743.jpg?resize=350%2C200","width":350,"height":200},"classes":[]}],"_links":{"self":[{"href":"https:\/\/lesgravereaux.marret.co\/index.php\/wp-json\/wp\/v2\/pages\/3669","targetHints":{"allow":["GET"]}}],"collection":[{"href":"https:\/\/lesgravereaux.marret.co\/index.php\/wp-json\/wp\/v2\/pages"}],"about":[{"href":"https:\/\/lesgravereaux.marret.co\/index.php\/wp-json\/wp\/v2\/types\/page"}],"author":[{"embeddable":true,"href":"https:\/\/lesgravereaux.marret.co\/index.php\/wp-json\/wp\/v2\/users\/1"}],"replies":[{"embeddable":true,"href":"https:\/\/lesgravereaux.marret.co\/index.php\/wp-json\/wp\/v2\/comments?post=3669"}],"version-history":[{"count":0,"href":"https:\/\/lesgravereaux.marret.co\/index.php\/wp-json\/wp\/v2\/pages\/3669\/revisions"}],"up":[{"embeddable":true,"href":"https:\/\/lesgravereaux.marret.co\/index.php\/wp-json\/wp\/v2\/pages\/571"}],"wp:attachment":[{"href":"https:\/\/lesgravereaux.marret.co\/index.php\/wp-json\/wp\/v2\/media?parent=3669"}],"curies":[{"name":"wp","href":"https:\/\/api.w.org\/{rel}","templated":true}]}}