{"id":3640,"date":"2016-06-16T02:57:42","date_gmt":"2016-06-16T01:57:42","guid":{"rendered":"http:\/\/lesgravereaux.marret.co\/?page_id=3640"},"modified":"2016-06-17T22:07:50","modified_gmt":"2016-06-17T21:07:50","slug":"raymond-gravereaux-dessins-et-peintures","status":"publish","type":"page","link":"https:\/\/lesgravereaux.marret.co\/index.php\/la-famille-gravereaux\/raymond-gravereaux\/raymond-gravereaux-dessins-et-peintures\/","title":{"rendered":"Raymond Gravereaux &#8211; Dessins et peintures"},"content":{"rendered":"<p>Dans les ann\u00e9es 1920, Raymond Gravereaux se pr\u00e9pare \u00e0 devenir architecte et l&rsquo;\u00c9cole des Beaux-Arts est sa porte d&rsquo;entr\u00e9e. Il d\u00e9veloppe d\u00e9j\u00e0 ses talents de dessinateur en crayonnant et peignant, chaque fois que l&rsquo;occasion se pr\u00e9sente. La propri\u00e9t\u00e9 de ses parents ou les lieux qu&rsquo;il visite sont autant d&rsquo;opportunit\u00e9s pour sortir ses pinceaux&#8230;<\/p>\n<p style=\"text-align: left;\"><strong>Croissy-sur-Seine &#8211; dans la propri\u00e9t\u00e9 Gravereaux\u00a0<\/strong><\/p>\n<p><a href=\"https:\/\/i0.wp.com\/lesgravereaux.marret.co\/wp-content\/uploads\/2016\/02\/1925-06-GRAVEREAUX-Raymond-La-grande-maison-de-Croissy-a-wp.jpg?ssl=1\"><img data-recalc-dims=\"1\" loading=\"lazy\" decoding=\"async\" data-attachment-id=\"200\" data-permalink=\"https:\/\/lesgravereaux.marret.co\/index.php\/la-famille-gravereaux\/croissy-la-propriete-ancelot-gravereaux\/la-propriete-de-croissy-vu-par\/1925-06-gravereaux-raymond-la-grande-maison-de-croissy-a-wp\/\" data-orig-file=\"https:\/\/i0.wp.com\/lesgravereaux.marret.co\/wp-content\/uploads\/2016\/02\/1925-06-GRAVEREAUX-Raymond-La-grande-maison-de-Croissy-a-wp.jpg?fit=1575%2C1323&amp;ssl=1\" data-orig-size=\"1575,1323\" data-comments-opened=\"1\" data-image-meta=\"{&quot;aperture&quot;:&quot;0&quot;,&quot;credit&quot;:&quot;&quot;,&quot;camera&quot;:&quot;&quot;,&quot;caption&quot;:&quot;&quot;,&quot;created_timestamp&quot;:&quot;0&quot;,&quot;copyright&quot;:&quot;&quot;,&quot;focal_length&quot;:&quot;0&quot;,&quot;iso&quot;:&quot;0&quot;,&quot;shutter_speed&quot;:&quot;0&quot;,&quot;title&quot;:&quot;&quot;,&quot;orientation&quot;:&quot;1&quot;}\" data-image-title=\"1925-06 GRAVEREAUX, Raymond &amp;#8211; La grande maison de Croissy a wp\" data-image-description=\"\" data-image-caption=\"\" data-medium-file=\"https:\/\/i0.wp.com\/lesgravereaux.marret.co\/wp-content\/uploads\/2016\/02\/1925-06-GRAVEREAUX-Raymond-La-grande-maison-de-Croissy-a-wp.jpg?fit=300%2C252&amp;ssl=1\" data-large-file=\"https:\/\/i0.wp.com\/lesgravereaux.marret.co\/wp-content\/uploads\/2016\/02\/1925-06-GRAVEREAUX-Raymond-La-grande-maison-de-Croissy-a-wp.jpg?fit=640%2C538&amp;ssl=1\" class=\"wp-image-200 alignleft\" src=\"https:\/\/i0.wp.com\/lesgravereaux.marret.co\/wp-content\/uploads\/2016\/02\/1925-06-GRAVEREAUX-Raymond-La-grande-maison-de-Croissy-a-wp.jpg?resize=350%2C294&#038;ssl=1\" alt=\"1925-06 GRAVEREAUX, Raymond - La grande maison de Croissy a wp\" width=\"350\" height=\"294\" data-wp-pid=\"200\" srcset=\"https:\/\/i0.wp.com\/lesgravereaux.marret.co\/wp-content\/uploads\/2016\/02\/1925-06-GRAVEREAUX-Raymond-La-grande-maison-de-Croissy-a-wp.jpg?resize=1024%2C860&amp;ssl=1 1024w, https:\/\/i0.wp.com\/lesgravereaux.marret.co\/wp-content\/uploads\/2016\/02\/1925-06-GRAVEREAUX-Raymond-La-grande-maison-de-Croissy-a-wp.jpg?resize=300%2C252&amp;ssl=1 300w, https:\/\/i0.wp.com\/lesgravereaux.marret.co\/wp-content\/uploads\/2016\/02\/1925-06-GRAVEREAUX-Raymond-La-grande-maison-de-Croissy-a-wp.jpg?resize=768%2C645&amp;ssl=1 768w, https:\/\/i0.wp.com\/lesgravereaux.marret.co\/wp-content\/uploads\/2016\/02\/1925-06-GRAVEREAUX-Raymond-La-grande-maison-de-Croissy-a-wp.jpg?resize=600%2C504&amp;ssl=1 600w, https:\/\/i0.wp.com\/lesgravereaux.marret.co\/wp-content\/uploads\/2016\/02\/1925-06-GRAVEREAUX-Raymond-La-grande-maison-de-Croissy-a-wp.jpg?resize=800%2C672&amp;ssl=1 800w, https:\/\/i0.wp.com\/lesgravereaux.marret.co\/wp-content\/uploads\/2016\/02\/1925-06-GRAVEREAUX-Raymond-La-grande-maison-de-Croissy-a-wp.jpg?w=1575&amp;ssl=1 1575w, https:\/\/i0.wp.com\/lesgravereaux.marret.co\/wp-content\/uploads\/2016\/02\/1925-06-GRAVEREAUX-Raymond-La-grande-maison-de-Croissy-a-wp.jpg?w=1280&amp;ssl=1 1280w\" sizes=\"auto, (max-width: 350px) 100vw, 350px\" \/><\/a><\/p>\n<p>&nbsp;<\/p>\n<p>&nbsp;<\/p>\n<p style=\"text-align: left;\">juin 1925<br \/>\n&#8211; la grande maison, vue des bords de Seine<\/p>\n<p>&nbsp;<\/p>\n<p>&nbsp;<\/p>\n<p><a href=\"https:\/\/i0.wp.com\/lesgravereaux.marret.co\/wp-content\/uploads\/2016\/02\/1923-GRAVEREAUX-Raymond-Le-Billard-wp.jpg?ssl=1\"><img data-recalc-dims=\"1\" loading=\"lazy\" decoding=\"async\" data-attachment-id=\"199\" data-permalink=\"https:\/\/lesgravereaux.marret.co\/index.php\/la-famille-gravereaux\/croissy-la-propriete-ancelot-gravereaux\/la-propriete-de-croissy-vu-par\/1923-gravereaux-raymond-le-billard-wp\/\" data-orig-file=\"https:\/\/i0.wp.com\/lesgravereaux.marret.co\/wp-content\/uploads\/2016\/02\/1923-GRAVEREAUX-Raymond-Le-Billard-wp.jpg?fit=1575%2C1241&amp;ssl=1\" data-orig-size=\"1575,1241\" data-comments-opened=\"1\" data-image-meta=\"{&quot;aperture&quot;:&quot;0&quot;,&quot;credit&quot;:&quot;&quot;,&quot;camera&quot;:&quot;HP ScanJet 4600&quot;,&quot;caption&quot;:&quot;&quot;,&quot;created_timestamp&quot;:&quot;0&quot;,&quot;copyright&quot;:&quot;&quot;,&quot;focal_length&quot;:&quot;0&quot;,&quot;iso&quot;:&quot;0&quot;,&quot;shutter_speed&quot;:&quot;0&quot;,&quot;title&quot;:&quot;&quot;,&quot;orientation&quot;:&quot;1&quot;}\" data-image-title=\"1923 GRAVEREAUX, Raymond &amp;#8211; Le Billard wp\" data-image-description=\"\" data-image-caption=\"\" data-medium-file=\"https:\/\/i0.wp.com\/lesgravereaux.marret.co\/wp-content\/uploads\/2016\/02\/1923-GRAVEREAUX-Raymond-Le-Billard-wp.jpg?fit=300%2C236&amp;ssl=1\" data-large-file=\"https:\/\/i0.wp.com\/lesgravereaux.marret.co\/wp-content\/uploads\/2016\/02\/1923-GRAVEREAUX-Raymond-Le-Billard-wp.jpg?fit=640%2C504&amp;ssl=1\" class=\"wp-image-199 alignright\" src=\"https:\/\/i0.wp.com\/lesgravereaux.marret.co\/wp-content\/uploads\/2016\/02\/1923-GRAVEREAUX-Raymond-Le-Billard-wp.jpg?resize=350%2C294&#038;ssl=1\" alt=\"1923 GRAVEREAUX, Raymond - Le Billard wp\" width=\"350\" height=\"294\" data-wp-pid=\"199\" \/><\/a><\/p>\n<p>&nbsp;<\/p>\n<p>&nbsp;<\/p>\n<p style=\"text-align: right;\">1923<br \/>\n&#8211; le billard<\/p>\n<p>&nbsp;<\/p>\n<p><a href=\"https:\/\/i0.wp.com\/lesgravereaux.marret.co\/wp-content\/uploads\/2016\/02\/1930-Gravereaux-R-Le-Salon-Croissy-sur-Seine-wp.jpg?ssl=1\"><img data-recalc-dims=\"1\" loading=\"lazy\" decoding=\"async\" data-attachment-id=\"201\" data-permalink=\"https:\/\/lesgravereaux.marret.co\/index.php\/la-famille-gravereaux\/croissy-la-propriete-ancelot-gravereaux\/la-propriete-de-croissy-vu-par\/1930-gravereaux-r-le-salon-croissy-sur-seine-wp\/\" data-orig-file=\"https:\/\/i0.wp.com\/lesgravereaux.marret.co\/wp-content\/uploads\/2016\/02\/1930-Gravereaux-R-Le-Salon-Croissy-sur-Seine-wp.jpg?fit=1089%2C1575&amp;ssl=1\" data-orig-size=\"1089,1575\" data-comments-opened=\"1\" data-image-meta=\"{&quot;aperture&quot;:&quot;0&quot;,&quot;credit&quot;:&quot;&quot;,&quot;camera&quot;:&quot;&quot;,&quot;caption&quot;:&quot;&quot;,&quot;created_timestamp&quot;:&quot;0&quot;,&quot;copyright&quot;:&quot;&quot;,&quot;focal_length&quot;:&quot;0&quot;,&quot;iso&quot;:&quot;0&quot;,&quot;shutter_speed&quot;:&quot;0&quot;,&quot;title&quot;:&quot;&quot;,&quot;orientation&quot;:&quot;1&quot;}\" data-image-title=\"1930 Gravereaux, R &amp;#8211; Le Salon Croissy-sur-Seine wp\" data-image-description=\"\" data-image-caption=\"\" data-medium-file=\"https:\/\/i0.wp.com\/lesgravereaux.marret.co\/wp-content\/uploads\/2016\/02\/1930-Gravereaux-R-Le-Salon-Croissy-sur-Seine-wp.jpg?fit=207%2C300&amp;ssl=1\" data-large-file=\"https:\/\/i0.wp.com\/lesgravereaux.marret.co\/wp-content\/uploads\/2016\/02\/1930-Gravereaux-R-Le-Salon-Croissy-sur-Seine-wp.jpg?fit=640%2C926&amp;ssl=1\" class=\"wp-image-201 alignleft\" src=\"https:\/\/i0.wp.com\/lesgravereaux.marret.co\/wp-content\/uploads\/2016\/02\/1930-Gravereaux-R-Le-Salon-Croissy-sur-Seine-wp.jpg?resize=242%2C350&#038;ssl=1\" alt=\"1930 Gravereaux, R - Le Salon Croissy-sur-Seine wp\" width=\"242\" height=\"350\" data-wp-pid=\"201\" srcset=\"https:\/\/i0.wp.com\/lesgravereaux.marret.co\/wp-content\/uploads\/2016\/02\/1930-Gravereaux-R-Le-Salon-Croissy-sur-Seine-wp.jpg?resize=708%2C1024&amp;ssl=1 708w, https:\/\/i0.wp.com\/lesgravereaux.marret.co\/wp-content\/uploads\/2016\/02\/1930-Gravereaux-R-Le-Salon-Croissy-sur-Seine-wp.jpg?resize=207%2C300&amp;ssl=1 207w, https:\/\/i0.wp.com\/lesgravereaux.marret.co\/wp-content\/uploads\/2016\/02\/1930-Gravereaux-R-Le-Salon-Croissy-sur-Seine-wp.jpg?resize=768%2C1111&amp;ssl=1 768w, https:\/\/i0.wp.com\/lesgravereaux.marret.co\/wp-content\/uploads\/2016\/02\/1930-Gravereaux-R-Le-Salon-Croissy-sur-Seine-wp.jpg?resize=415%2C600&amp;ssl=1 415w, https:\/\/i0.wp.com\/lesgravereaux.marret.co\/wp-content\/uploads\/2016\/02\/1930-Gravereaux-R-Le-Salon-Croissy-sur-Seine-wp.jpg?resize=800%2C1157&amp;ssl=1 800w, https:\/\/i0.wp.com\/lesgravereaux.marret.co\/wp-content\/uploads\/2016\/02\/1930-Gravereaux-R-Le-Salon-Croissy-sur-Seine-wp.jpg?w=1089&amp;ssl=1 1089w\" sizes=\"auto, (max-width: 242px) 100vw, 242px\" \/><\/a><\/p>\n<p>&nbsp;<\/p>\n<p>&nbsp;<\/p>\n<p style=\"text-align: left;\">1925<br \/>\n&#8211; le salon de la Grande Maison<\/p>\n<hr \/>\n<p><strong>Argenton-sur-Creuse<\/strong><\/p>\n<p><a href=\"https:\/\/i0.wp.com\/lesgravereaux.marret.co\/wp-content\/uploads\/2016\/02\/GRAVEREAUX-Raymond-Les-lavoirs-dArgenton-01a-wp.jpg?ssl=1\"><img data-recalc-dims=\"1\" loading=\"lazy\" decoding=\"async\" data-attachment-id=\"205\" data-permalink=\"https:\/\/lesgravereaux.marret.co\/index.php\/la-famille-gravereaux\/raymond-gravereaux\/raymond-gravereaux-dessins-et-peintures\/gravereaux-raymond-les-lavoirs-dargenton-01a-wp\/\" data-orig-file=\"https:\/\/i0.wp.com\/lesgravereaux.marret.co\/wp-content\/uploads\/2016\/02\/GRAVEREAUX-Raymond-Les-lavoirs-dArgenton-01a-wp.jpg?fit=1202%2C1575&amp;ssl=1\" data-orig-size=\"1202,1575\" data-comments-opened=\"1\" data-image-meta=\"{&quot;aperture&quot;:&quot;0&quot;,&quot;credit&quot;:&quot;&quot;,&quot;camera&quot;:&quot;&quot;,&quot;caption&quot;:&quot;&quot;,&quot;created_timestamp&quot;:&quot;0&quot;,&quot;copyright&quot;:&quot;&quot;,&quot;focal_length&quot;:&quot;0&quot;,&quot;iso&quot;:&quot;0&quot;,&quot;shutter_speed&quot;:&quot;0&quot;,&quot;title&quot;:&quot;&quot;,&quot;orientation&quot;:&quot;1&quot;}\" data-image-title=\"GRAVEREAUX, Raymond &amp;#8211; Les lavoirs d&amp;rsquo;Argenton 01a wp\" data-image-description=\"\" data-image-caption=\"\" data-medium-file=\"https:\/\/i0.wp.com\/lesgravereaux.marret.co\/wp-content\/uploads\/2016\/02\/GRAVEREAUX-Raymond-Les-lavoirs-dArgenton-01a-wp.jpg?fit=229%2C300&amp;ssl=1\" data-large-file=\"https:\/\/i0.wp.com\/lesgravereaux.marret.co\/wp-content\/uploads\/2016\/02\/GRAVEREAUX-Raymond-Les-lavoirs-dArgenton-01a-wp.jpg?fit=640%2C839&amp;ssl=1\" class=\"wp-image-205 alignleft\" src=\"https:\/\/i0.wp.com\/lesgravereaux.marret.co\/wp-content\/uploads\/2016\/02\/GRAVEREAUX-Raymond-Les-lavoirs-dArgenton-01a-wp.jpg?resize=267%2C350&#038;ssl=1\" alt=\"GRAVEREAUX, Raymond - Les lavoirs d'Argenton 01a wp\" width=\"267\" height=\"350\" data-wp-pid=\"205\" srcset=\"https:\/\/i0.wp.com\/lesgravereaux.marret.co\/wp-content\/uploads\/2016\/02\/GRAVEREAUX-Raymond-Les-lavoirs-dArgenton-01a-wp.jpg?resize=781%2C1024&amp;ssl=1 781w, https:\/\/i0.wp.com\/lesgravereaux.marret.co\/wp-content\/uploads\/2016\/02\/GRAVEREAUX-Raymond-Les-lavoirs-dArgenton-01a-wp.jpg?resize=229%2C300&amp;ssl=1 229w, https:\/\/i0.wp.com\/lesgravereaux.marret.co\/wp-content\/uploads\/2016\/02\/GRAVEREAUX-Raymond-Les-lavoirs-dArgenton-01a-wp.jpg?resize=768%2C1006&amp;ssl=1 768w, https:\/\/i0.wp.com\/lesgravereaux.marret.co\/wp-content\/uploads\/2016\/02\/GRAVEREAUX-Raymond-Les-lavoirs-dArgenton-01a-wp.jpg?resize=458%2C600&amp;ssl=1 458w, https:\/\/i0.wp.com\/lesgravereaux.marret.co\/wp-content\/uploads\/2016\/02\/GRAVEREAUX-Raymond-Les-lavoirs-dArgenton-01a-wp.jpg?resize=800%2C1048&amp;ssl=1 800w, https:\/\/i0.wp.com\/lesgravereaux.marret.co\/wp-content\/uploads\/2016\/02\/GRAVEREAUX-Raymond-Les-lavoirs-dArgenton-01a-wp.jpg?w=1202&amp;ssl=1 1202w\" sizes=\"auto, (max-width: 267px) 100vw, 267px\" \/><\/a><\/p>\n<p>&nbsp;<\/p>\n<p>&nbsp;<\/p>\n<p>Les lavoirs d&rsquo;Argenton<\/p>\n<p><a href=\"https:\/\/i0.wp.com\/lesgravereaux.marret.co\/wp-content\/uploads\/2016\/02\/GRAVEREAUX-Raymond-La-Creuse-wp.jpg?ssl=1\"><img data-recalc-dims=\"1\" loading=\"lazy\" decoding=\"async\" data-attachment-id=\"204\" data-permalink=\"https:\/\/lesgravereaux.marret.co\/index.php\/la-famille-gravereaux\/raymond-gravereaux\/raymond-gravereaux-dessins-et-peintures\/gravereaux-raymond-la-creuse-wp\/\" data-orig-file=\"https:\/\/i0.wp.com\/lesgravereaux.marret.co\/wp-content\/uploads\/2016\/02\/GRAVEREAUX-Raymond-La-Creuse-wp.jpg?fit=1080%2C1575&amp;ssl=1\" data-orig-size=\"1080,1575\" data-comments-opened=\"1\" data-image-meta=\"{&quot;aperture&quot;:&quot;0&quot;,&quot;credit&quot;:&quot;&quot;,&quot;camera&quot;:&quot;&quot;,&quot;caption&quot;:&quot;&quot;,&quot;created_timestamp&quot;:&quot;0&quot;,&quot;copyright&quot;:&quot;&quot;,&quot;focal_length&quot;:&quot;0&quot;,&quot;iso&quot;:&quot;0&quot;,&quot;shutter_speed&quot;:&quot;0&quot;,&quot;title&quot;:&quot;&quot;,&quot;orientation&quot;:&quot;1&quot;}\" data-image-title=\"GRAVEREAUX, Raymond &amp;#8211; La Creuse wp\" data-image-description=\"\" data-image-caption=\"\" data-medium-file=\"https:\/\/i0.wp.com\/lesgravereaux.marret.co\/wp-content\/uploads\/2016\/02\/GRAVEREAUX-Raymond-La-Creuse-wp.jpg?fit=206%2C300&amp;ssl=1\" data-large-file=\"https:\/\/i0.wp.com\/lesgravereaux.marret.co\/wp-content\/uploads\/2016\/02\/GRAVEREAUX-Raymond-La-Creuse-wp.jpg?fit=640%2C934&amp;ssl=1\" class=\"wp-image-204 alignright\" src=\"https:\/\/i0.wp.com\/lesgravereaux.marret.co\/wp-content\/uploads\/2016\/02\/GRAVEREAUX-Raymond-La-Creuse-wp.jpg?resize=267%2C350&#038;ssl=1\" alt=\"GRAVEREAUX, Raymond - La Creuse wp\" width=\"267\" height=\"350\" data-wp-pid=\"204\" \/><\/a><\/p>\n<p>&nbsp;<\/p>\n<p>&nbsp;<\/p>\n<p style=\"text-align: right;\">La Creuse<\/p>\n<hr \/>\n<p><strong>en Normandie<\/strong><\/p>\n<p><a href=\"https:\/\/i0.wp.com\/lesgravereaux.marret.co\/wp-content\/uploads\/2016\/02\/1931-08-Gravereaux-R-Environ-Houlgate-wp.jpg?ssl=1\"><img data-recalc-dims=\"1\" loading=\"lazy\" decoding=\"async\" data-attachment-id=\"203\" data-permalink=\"https:\/\/lesgravereaux.marret.co\/index.php\/la-famille-gravereaux\/une-famille-dartistes\/1931-08-gravereaux-r-environ-houlgate-wp\/\" data-orig-file=\"https:\/\/i0.wp.com\/lesgravereaux.marret.co\/wp-content\/uploads\/2016\/02\/1931-08-Gravereaux-R-Environ-Houlgate-wp.jpg?fit=1575%2C1295&amp;ssl=1\" data-orig-size=\"1575,1295\" data-comments-opened=\"1\" data-image-meta=\"{&quot;aperture&quot;:&quot;0&quot;,&quot;credit&quot;:&quot;&quot;,&quot;camera&quot;:&quot;&quot;,&quot;caption&quot;:&quot;&quot;,&quot;created_timestamp&quot;:&quot;0&quot;,&quot;copyright&quot;:&quot;&quot;,&quot;focal_length&quot;:&quot;0&quot;,&quot;iso&quot;:&quot;0&quot;,&quot;shutter_speed&quot;:&quot;0&quot;,&quot;title&quot;:&quot;&quot;,&quot;orientation&quot;:&quot;1&quot;}\" data-image-title=\"1931-08 Gravereaux, R &amp;#8211; Environ Houlgate wp\" data-image-description=\"\" data-image-caption=\"\" data-medium-file=\"https:\/\/i0.wp.com\/lesgravereaux.marret.co\/wp-content\/uploads\/2016\/02\/1931-08-Gravereaux-R-Environ-Houlgate-wp.jpg?fit=300%2C247&amp;ssl=1\" data-large-file=\"https:\/\/i0.wp.com\/lesgravereaux.marret.co\/wp-content\/uploads\/2016\/02\/1931-08-Gravereaux-R-Environ-Houlgate-wp.jpg?fit=640%2C526&amp;ssl=1\" class=\"wp-image-203 alignleft\" src=\"https:\/\/i0.wp.com\/lesgravereaux.marret.co\/wp-content\/uploads\/2016\/02\/1931-08-Gravereaux-R-Environ-Houlgate-wp.jpg?resize=350%2C294&#038;ssl=1\" alt=\"1931-08 Gravereaux, R - Environ Houlgate wp\" width=\"350\" height=\"294\" data-wp-pid=\"203\" \/><\/a><\/p>\n<p>&nbsp;<\/p>\n<p>&nbsp;<\/p>\n<p>&nbsp;<\/p>\n<p>ao\u00fbt 1931<br \/>\n&#8211; aux environs d&rsquo;Houlgate<\/p>\n<p>&nbsp;<\/p>\n<p><a href=\"https:\/\/i0.wp.com\/lesgravereaux.marret.co\/wp-content\/uploads\/2016\/02\/1931-Gravereaux-R-Aquarelle-1-wp.jpg?ssl=1\"><img data-recalc-dims=\"1\" loading=\"lazy\" decoding=\"async\" data-attachment-id=\"202\" data-permalink=\"https:\/\/lesgravereaux.marret.co\/index.php\/la-famille-gravereaux\/raymond-gravereaux\/raymond-gravereaux-dessins-et-peintures\/1931-gravereaux-r-aquarelle-1-wp\/\" data-orig-file=\"https:\/\/i0.wp.com\/lesgravereaux.marret.co\/wp-content\/uploads\/2016\/02\/1931-Gravereaux-R-Aquarelle-1-wp.jpg?fit=1575%2C1150&amp;ssl=1\" data-orig-size=\"1575,1150\" data-comments-opened=\"1\" data-image-meta=\"{&quot;aperture&quot;:&quot;0&quot;,&quot;credit&quot;:&quot;&quot;,&quot;camera&quot;:&quot;&quot;,&quot;caption&quot;:&quot;&quot;,&quot;created_timestamp&quot;:&quot;0&quot;,&quot;copyright&quot;:&quot;&quot;,&quot;focal_length&quot;:&quot;0&quot;,&quot;iso&quot;:&quot;0&quot;,&quot;shutter_speed&quot;:&quot;0&quot;,&quot;title&quot;:&quot;&quot;,&quot;orientation&quot;:&quot;1&quot;}\" data-image-title=\"1931 Gravereaux, R &amp;#8211; Aquarelle 1 wp\" data-image-description=\"\" data-image-caption=\"\" data-medium-file=\"https:\/\/i0.wp.com\/lesgravereaux.marret.co\/wp-content\/uploads\/2016\/02\/1931-Gravereaux-R-Aquarelle-1-wp.jpg?fit=300%2C219&amp;ssl=1\" data-large-file=\"https:\/\/i0.wp.com\/lesgravereaux.marret.co\/wp-content\/uploads\/2016\/02\/1931-Gravereaux-R-Aquarelle-1-wp.jpg?fit=640%2C468&amp;ssl=1\" class=\"wp-image-202 alignright\" src=\"https:\/\/i0.wp.com\/lesgravereaux.marret.co\/wp-content\/uploads\/2016\/02\/1931-Gravereaux-R-Aquarelle-1-wp.jpg?resize=350%2C294&#038;ssl=1\" alt=\"1931 Gravereaux, R - Aquarelle 1 wp\" width=\"350\" height=\"294\" data-wp-pid=\"202\" \/><\/a><\/p>\n<p>&nbsp;<\/p>\n<p>&nbsp;<\/p>\n<p>&nbsp;<\/p>\n<p style=\"text-align: right;\">1931<\/p>\n","protected":false},"excerpt":{"rendered":"<p>Dans les ann\u00e9es 1920, Raymond Gravereaux se pr\u00e9pare \u00e0 devenir architecte et l&rsquo;\u00c9cole des Beaux-Arts est sa porte d&rsquo;entr\u00e9e. Il d\u00e9veloppe d\u00e9j\u00e0 ses talents de dessinateur en crayonnant et peignant, chaque fois que l&rsquo;occasion se pr\u00e9sente. La propri\u00e9t\u00e9 de ses &hellip; <a href=\"https:\/\/lesgravereaux.marret.co\/index.php\/la-famille-gravereaux\/raymond-gravereaux\/raymond-gravereaux-dessins-et-peintures\/\">Continuer la lecture <span class=\"meta-nav\">&rarr;<\/span><\/a><\/p>\n","protected":false},"author":1,"featured_media":0,"parent":3625,"menu_order":0,"comment_status":"closed","ping_status":"closed","template":"","meta":{"ngg_post_thumbnail":0,"jetpack_post_was_ever_published":false,"footnotes":""},"class_list":["post-3640","page","type-page","status-publish","hentry"],"jetpack_sharing_enabled":true,"jetpack_shortlink":"https:\/\/wp.me\/P7ERyi-WI","jetpack-related-posts":[{"id":603,"url":"https:\/\/lesgravereaux.marret.co\/index.php\/la-famille-gravereaux\/croissy-la-propriete-ancelot-gravereaux\/","url_meta":{"origin":3640,"position":0},"title":"Croissy &#8211; la propri\u00e9t\u00e9 Ancelot-Gravereaux","author":"marretgravereaux","date":"7 mars 2016","format":false,"excerpt":"En 1883, Beno\u00eet-Donatien Caillau fait l\u2019acquisition d\u2019une maison \u00e0 Croissy-sur-Seine. \u00ab\u00a0D'une propri\u00e9t\u00e9 sise \u00e0 Croissy, canton de Saint-Germain-en-Laye, arrondissement de Versailles (Seine-et-Oise, le long de la Seine, berge de la Prairie, comprenant\u00a0: une maison d'habitation \u00e9lev\u00e9e sur caves, d'un rez-de-chauss\u00e9e, d'un premier \u00e9tage carr\u00e9 et d\u2019un deuxi\u00e8me \u00e9tage mansard\u00e9\u00a0: Corps\u2026","rel":"","context":"Article similaire","block_context":{"text":"Article similaire","link":""},"img":{"alt_text":"Croissy - Vue prise dans l'ile_wp","src":"https:\/\/i0.wp.com\/marret.co\/wp-content\/uploads\/2016\/03\/Croissy-Vue-prise-dans-lile_wp-1024x661.jpg?resize=350%2C200","width":350,"height":200},"classes":[]},{"id":1238,"url":"https:\/\/lesgravereaux.marret.co\/index.php\/la-famille-gravereaux\/croissy-la-propriete-ancelot-gravereaux\/la-propriete-de-croissy-vu-par\/","url_meta":{"origin":3640,"position":1},"title":"Croissy, vu par&#8230; Raymond Gravereaux et Gilles Thin","author":"marretgravereaux","date":"19 mars 2016","format":false,"excerpt":"Raymond Gravereaux et Gilles Thin, son gendre, ont peint \u2014 chacun \u00e0 leur \u00e9poque et \u00e0 leur fa\u00e7on \u2014 une partie de la propri\u00e9t\u00e9 de Croissy... . La grande maison par\u00a0Raymond Gravereaux juin 1925 (collection Jean-Luc Marret) . Le salon par\u00a0Raymond Gravereaux 1930 (collection Jean-Luc Marret) \u00a0 . Le billard\u2026","rel":"","context":"Article similaire","block_context":{"text":"Article similaire","link":""},"img":{"alt_text":"1925-06 GRAVEREAUX, Raymond - La grande maison de Croissy a wp","src":"https:\/\/i0.wp.com\/marret.co\/wp-content\/uploads\/2016\/02\/1925-06-GRAVEREAUX-Raymond-La-grande-maison-de-Croissy-a-wp-1024x860.jpg?resize=350%2C200","width":350,"height":200},"classes":[]},{"id":3625,"url":"https:\/\/lesgravereaux.marret.co\/index.php\/la-famille-gravereaux\/raymond-gravereaux\/","url_meta":{"origin":3640,"position":2},"title":"Raymond Gravereaux","author":"marretgravereaux","date":"15 juin 2016","format":false,"excerpt":"Raymond Gravereaux na\u00eet le 31 ao\u00fbt 1905 \u00e0 Croissy-sur-Seine. Il entre \u00e0 l\u2019\u00c9cole des Beaux-Arts en 1924 et y obtient son dipl\u00f4me en 1930. Le concours du Prix de Rome le passionne et il s\u2019y pr\u00e9sente en 1929 (th\u00e8me\u00a0: Un palais de l\u2019Institut), 1930 (th\u00e8me\u00a0: Une \u00e9cole sup\u00e9rieure des beaux-arts)\u2026","rel":"","context":"Article similaire","block_context":{"text":"Article similaire","link":""},"img":{"alt_text":"1931 Gravereaux, Raymond - Dessin Prix de Rome (2011-10_048)_wp","src":"https:\/\/i0.wp.com\/lesgravereaux.marret.co\/wp-content\/uploads\/2016\/06\/1931-Gravereaux-Raymond-Dessin-Prix-de-Rome-2011-10_048_wp-1024x424.jpg?resize=350%2C200","width":350,"height":200},"classes":[]},{"id":3110,"url":"https:\/\/lesgravereaux.marret.co\/index.php\/les-etablissements-gravereaux\/petite-chronologie\/","url_meta":{"origin":3640,"position":3},"title":"Petite chronologie","author":"marretgravereaux","date":"24 mai 2016","format":false,"excerpt":"1910 (21 juin) Gaston Chastel et Ren\u00e9 Gravereaux cr\u00e9ent une soci\u00e9t\u00e9 en nom collectif. Ren\u00e9 Gravereaux apporte 150\u00a0000\u00a0francs et Gaston Chastel 370\u00a0000\u00a0francs. Cette entreprise - dont le si\u00e8ge social est situ\u00e9 rue du faubourg Poissonni\u00e8re - est sp\u00e9cialis\u00e9e dans la fabrication de faux-cols, manchettes, et autres articles de lingerie, ainsi\u2026","rel":"","context":"Article similaire","block_context":{"text":"Article similaire","link":""},"img":{"alt_text":"R Gravereaux - Lettre-re\u00e7u (en-t\u00eate)_wp","src":"https:\/\/i0.wp.com\/lesgravereaux.marret.co\/wp-content\/uploads\/2016\/05\/R-Gravereaux-Lettre-re%C3%A7u-en-t%C3%AAte_wp.jpg?resize=350%2C200","width":350,"height":200},"classes":[]},{"id":790,"url":"https:\/\/lesgravereaux.marret.co\/index.php\/la-roseraie-de-lhay\/souvenirs-de-lhay\/","url_meta":{"origin":3640,"position":4},"title":"Souvenirs de L&rsquo;Ha\u00ff","author":"marretgravereaux","date":"10 mars 2016","format":false,"excerpt":"Article publi\u00e9\u00a0 dans le Bulletin de l'Association des Amis du Vieux L'Ha\u00ff en juin 2011 Souvenirs de L'Ha\u00ff [1] [2] par H\u00e9l\u00e8ne Ballu, petite-fille de Jules Gravereaux. Un vieillard qui s\u2019\u00e9teint, c\u2019est une biblioth\u00e8que qui br\u00fble, dit-on. Comme il est encore temps, moi, H\u00e9l\u00e8ne Ballu, n\u00e9e le 11 juin 1910\u2026","rel":"","context":"Article similaire","block_context":{"text":"Article similaire","link":""},"img":{"alt_text":"GV018 - L'HAY MAISON PRINCIPALE_wp","src":"https:\/\/i0.wp.com\/marret.co\/wp-content\/uploads\/2016\/03\/GV018-LHAY-MAISON-PRINCIPALE_wp-1024x1012.jpg?resize=350%2C200","width":350,"height":200},"classes":[]},{"id":3102,"url":"https:\/\/lesgravereaux.marret.co\/index.php\/les-etablissements-gravereaux\/les-etablissements-gravereaux-a-la-foire-de-paris\/","url_meta":{"origin":3640,"position":5},"title":"Les \u00c9tablissements Gravereaux \u00e0 la Foire de Paris","author":"marretgravereaux","date":"24 mai 2016","format":false,"excerpt":"D\u00e8s la cr\u00e9ation de son entreprise, en 1910, Ren\u00e9 Gravereaux cherche \u00e0 fabriquer des cols et des manchettes de haute qualit\u00e9 qu'il destine\u00a0\u00e0 une\u00a0client\u00e8le qui saura l'appr\u00e9cier.\u00a0C'est dans cette perspective que\u00a0les \u00c9tablissements Gravereaux pr\u00e9sentent leurs produits \u00e0 la Foire de Paris, en 1917 et en 1919... les journalistes ne manquent\u2026","rel":"","context":"Article similaire","block_context":{"text":"Article similaire","link":""},"img":{"alt_text":"1917-05-17 Le Gaulois p2 (d\u00e9tail)_wp","src":"https:\/\/i0.wp.com\/lesgravereaux.marret.co\/wp-content\/uploads\/2016\/05\/1917-05-17-Le-Gaulois-p2-d%C3%A9tail_wp.jpg?resize=350%2C200","width":350,"height":200},"classes":[]}],"_links":{"self":[{"href":"https:\/\/lesgravereaux.marret.co\/index.php\/wp-json\/wp\/v2\/pages\/3640","targetHints":{"allow":["GET"]}}],"collection":[{"href":"https:\/\/lesgravereaux.marret.co\/index.php\/wp-json\/wp\/v2\/pages"}],"about":[{"href":"https:\/\/lesgravereaux.marret.co\/index.php\/wp-json\/wp\/v2\/types\/page"}],"author":[{"embeddable":true,"href":"https:\/\/lesgravereaux.marret.co\/index.php\/wp-json\/wp\/v2\/users\/1"}],"replies":[{"embeddable":true,"href":"https:\/\/lesgravereaux.marret.co\/index.php\/wp-json\/wp\/v2\/comments?post=3640"}],"version-history":[{"count":0,"href":"https:\/\/lesgravereaux.marret.co\/index.php\/wp-json\/wp\/v2\/pages\/3640\/revisions"}],"up":[{"embeddable":true,"href":"https:\/\/lesgravereaux.marret.co\/index.php\/wp-json\/wp\/v2\/pages\/3625"}],"wp:attachment":[{"href":"https:\/\/lesgravereaux.marret.co\/index.php\/wp-json\/wp\/v2\/media?parent=3640"}],"curies":[{"name":"wp","href":"https:\/\/api.w.org\/{rel}","templated":true}]}}