{"id":3625,"date":"2016-06-15T15:36:04","date_gmt":"2016-06-15T14:36:04","guid":{"rendered":"http:\/\/lesgravereaux.marret.co\/?page_id=3625"},"modified":"2016-07-03T23:44:51","modified_gmt":"2016-07-03T22:44:51","slug":"raymond-gravereaux","status":"publish","type":"page","link":"https:\/\/lesgravereaux.marret.co\/index.php\/la-famille-gravereaux\/raymond-gravereaux\/","title":{"rendered":"Raymond Gravereaux"},"content":{"rendered":"<p>Raymond Gravereaux na\u00eet le 31 ao\u00fbt 1905 \u00e0 Croissy-sur-Seine.<\/p>\n<p>Il entre \u00e0 l\u2019\u00c9cole des Beaux-Arts en 1924 et y obtient son dipl\u00f4me en 1930.<\/p>\n<p><a href=\"https:\/\/i0.wp.com\/lesgravereaux.marret.co\/wp-content\/uploads\/2016\/06\/1931-Gravereaux-Raymond-Dessin-Prix-de-Rome-2011-10_048_wp.jpg?ssl=1\"><img data-recalc-dims=\"1\" loading=\"lazy\" decoding=\"async\" data-attachment-id=\"3619\" data-permalink=\"https:\/\/lesgravereaux.marret.co\/index.php\/la-famille-gravereaux\/raymond-gravereaux\/1931-gravereaux-raymond-dessin-prix-de-rome-2011-10_048_wp\/\" data-orig-file=\"https:\/\/i0.wp.com\/lesgravereaux.marret.co\/wp-content\/uploads\/2016\/06\/1931-Gravereaux-Raymond-Dessin-Prix-de-Rome-2011-10_048_wp.jpg?fit=1476%2C611&amp;ssl=1\" data-orig-size=\"1476,611\" data-comments-opened=\"1\" data-image-meta=\"{&quot;aperture&quot;:&quot;4&quot;,&quot;credit&quot;:&quot;&quot;,&quot;camera&quot;:&quot;Canon EOS DIGITAL REBEL XSi&quot;,&quot;caption&quot;:&quot;&quot;,&quot;created_timestamp&quot;:&quot;1306931888&quot;,&quot;copyright&quot;:&quot;&quot;,&quot;focal_length&quot;:&quot;18&quot;,&quot;iso&quot;:&quot;400&quot;,&quot;shutter_speed&quot;:&quot;0.016666666666667&quot;,&quot;title&quot;:&quot;&quot;,&quot;orientation&quot;:&quot;1&quot;}\" data-image-title=\"1931 Gravereaux, Raymond &amp;#8211; Dessin Prix de Rome (2011-10_048)_wp\" data-image-description=\"\" data-image-caption=\"\" data-medium-file=\"https:\/\/i0.wp.com\/lesgravereaux.marret.co\/wp-content\/uploads\/2016\/06\/1931-Gravereaux-Raymond-Dessin-Prix-de-Rome-2011-10_048_wp.jpg?fit=300%2C124&amp;ssl=1\" data-large-file=\"https:\/\/i0.wp.com\/lesgravereaux.marret.co\/wp-content\/uploads\/2016\/06\/1931-Gravereaux-Raymond-Dessin-Prix-de-Rome-2011-10_048_wp.jpg?fit=640%2C265&amp;ssl=1\" class=\"wp-image-3619 alignleft\" src=\"https:\/\/i0.wp.com\/lesgravereaux.marret.co\/wp-content\/uploads\/2016\/06\/1931-Gravereaux-Raymond-Dessin-Prix-de-Rome-2011-10_048_wp.jpg?resize=420%2C174&#038;ssl=1\" alt=\"1931 Gravereaux, Raymond - Dessin Prix de Rome (2011-10_048)_wp\" width=\"420\" height=\"174\" data-wp-pid=\"3619\" srcset=\"https:\/\/i0.wp.com\/lesgravereaux.marret.co\/wp-content\/uploads\/2016\/06\/1931-Gravereaux-Raymond-Dessin-Prix-de-Rome-2011-10_048_wp.jpg?resize=1024%2C424&amp;ssl=1 1024w, https:\/\/i0.wp.com\/lesgravereaux.marret.co\/wp-content\/uploads\/2016\/06\/1931-Gravereaux-Raymond-Dessin-Prix-de-Rome-2011-10_048_wp.jpg?resize=300%2C124&amp;ssl=1 300w, https:\/\/i0.wp.com\/lesgravereaux.marret.co\/wp-content\/uploads\/2016\/06\/1931-Gravereaux-Raymond-Dessin-Prix-de-Rome-2011-10_048_wp.jpg?resize=768%2C318&amp;ssl=1 768w, https:\/\/i0.wp.com\/lesgravereaux.marret.co\/wp-content\/uploads\/2016\/06\/1931-Gravereaux-Raymond-Dessin-Prix-de-Rome-2011-10_048_wp.jpg?resize=800%2C331&amp;ssl=1 800w, https:\/\/i0.wp.com\/lesgravereaux.marret.co\/wp-content\/uploads\/2016\/06\/1931-Gravereaux-Raymond-Dessin-Prix-de-Rome-2011-10_048_wp.jpg?resize=600%2C248&amp;ssl=1 600w, https:\/\/i0.wp.com\/lesgravereaux.marret.co\/wp-content\/uploads\/2016\/06\/1931-Gravereaux-Raymond-Dessin-Prix-de-Rome-2011-10_048_wp.jpg?w=1476&amp;ssl=1 1476w, https:\/\/i0.wp.com\/lesgravereaux.marret.co\/wp-content\/uploads\/2016\/06\/1931-Gravereaux-Raymond-Dessin-Prix-de-Rome-2011-10_048_wp.jpg?w=1280&amp;ssl=1 1280w\" sizes=\"auto, (max-width: 420px) 100vw, 420px\" \/><\/a>Le concours du Prix de Rome le passionne et il s\u2019y pr\u00e9sente en 1929 (th\u00e8me\u00a0: <em>Un palais de l\u2019Institut<\/em>), 1930 (th\u00e8me\u00a0: <em>Une \u00e9cole sup\u00e9rieure des beaux-arts<\/em>) et 1931 (th\u00e8me\u00a0: <em>Un centre fran\u00e7ais de propagande intellectuelle \u00e0 l\u2019\u00e9tranger<\/em>); pour ce dernier concours, Raymond Gravereaux s\u2019inspire\u00a0d\u2019un d\u00e9cor du XVIII<sup>e<\/sup> si\u00e8cle.<\/p>\n<p><strong><u>Ses principales r\u00e9alisations<\/u><\/strong><\/p>\n<p>1936 &#8211; \u00c9cole h\u00f4teli\u00e8re Jean Drouant (Paris, rue M\u00e9d\u00e9ric).<\/p>\n<p><a href=\"https:\/\/i0.wp.com\/lesgravereaux.marret.co\/wp-content\/uploads\/2016\/06\/Pavillon-de-lalimentation-1937_wp.jpg?ssl=1\"><img data-recalc-dims=\"1\" loading=\"lazy\" decoding=\"async\" data-attachment-id=\"3624\" data-permalink=\"https:\/\/lesgravereaux.marret.co\/index.php\/la-famille-gravereaux\/raymond-gravereaux\/pavillon-de-lalimentation-1937_wp\/\" data-orig-file=\"https:\/\/i0.wp.com\/lesgravereaux.marret.co\/wp-content\/uploads\/2016\/06\/Pavillon-de-lalimentation-1937_wp.jpg?fit=886%2C869&amp;ssl=1\" data-orig-size=\"886,869\" data-comments-opened=\"1\" data-image-meta=\"{&quot;aperture&quot;:&quot;0&quot;,&quot;credit&quot;:&quot;&quot;,&quot;camera&quot;:&quot;&quot;,&quot;caption&quot;:&quot;&quot;,&quot;created_timestamp&quot;:&quot;0&quot;,&quot;copyright&quot;:&quot;&quot;,&quot;focal_length&quot;:&quot;0&quot;,&quot;iso&quot;:&quot;0&quot;,&quot;shutter_speed&quot;:&quot;0&quot;,&quot;title&quot;:&quot;&quot;,&quot;orientation&quot;:&quot;1&quot;}\" data-image-title=\"Pavillon de l&amp;rsquo;alimentation 1937_wp\" data-image-description=\"\" data-image-caption=\"\" data-medium-file=\"https:\/\/i0.wp.com\/lesgravereaux.marret.co\/wp-content\/uploads\/2016\/06\/Pavillon-de-lalimentation-1937_wp.jpg?fit=300%2C294&amp;ssl=1\" data-large-file=\"https:\/\/i0.wp.com\/lesgravereaux.marret.co\/wp-content\/uploads\/2016\/06\/Pavillon-de-lalimentation-1937_wp.jpg?fit=640%2C628&amp;ssl=1\" class=\"wp-image-3624 alignleft\" src=\"https:\/\/i0.wp.com\/lesgravereaux.marret.co\/wp-content\/uploads\/2016\/06\/Pavillon-de-lalimentation-1937_wp.jpg?resize=250%2C245&#038;ssl=1\" alt=\"Pavillon de l'alimentation 1937_wp\" width=\"250\" height=\"245\" data-wp-pid=\"3624\" srcset=\"https:\/\/i0.wp.com\/lesgravereaux.marret.co\/wp-content\/uploads\/2016\/06\/Pavillon-de-lalimentation-1937_wp.jpg?w=886&amp;ssl=1 886w, https:\/\/i0.wp.com\/lesgravereaux.marret.co\/wp-content\/uploads\/2016\/06\/Pavillon-de-lalimentation-1937_wp.jpg?resize=300%2C294&amp;ssl=1 300w, https:\/\/i0.wp.com\/lesgravereaux.marret.co\/wp-content\/uploads\/2016\/06\/Pavillon-de-lalimentation-1937_wp.jpg?resize=768%2C753&amp;ssl=1 768w, https:\/\/i0.wp.com\/lesgravereaux.marret.co\/wp-content\/uploads\/2016\/06\/Pavillon-de-lalimentation-1937_wp.jpg?resize=800%2C785&amp;ssl=1 800w, https:\/\/i0.wp.com\/lesgravereaux.marret.co\/wp-content\/uploads\/2016\/06\/Pavillon-de-lalimentation-1937_wp.jpg?resize=600%2C588&amp;ssl=1 600w\" sizes=\"auto, (max-width: 250px) 100vw, 250px\" \/><\/a>1936 &#8211; Pavillon de l&rsquo;Alimentation \u00e0 l&rsquo;exposition internationale des arts techniques \u00e0 Paris.<\/p>\n<p>1936 &#8211; Pavillon du Comit\u00e9 des vins \u00e0 l&rsquo;exposition internationale des arts techniques \u00e0 Paris.<\/p>\n<p>&nbsp;<\/p>\n<p><span style=\"font-size: 10pt;\"><em>Le pavillon de l&rsquo;Alimentation &#8211; Champ de Mars<\/em><\/span><br \/>\n<span style=\"font-size: 10pt;\"><em>Aquarelle de A. Bernet<\/em><\/span><\/p>\n<p><a href=\"https:\/\/i0.wp.com\/lesgravereaux.marret.co\/wp-content\/uploads\/2016\/06\/Brest-Hopital-Augustin-Morvan_wp.jpg?ssl=1\"><img data-recalc-dims=\"1\" loading=\"lazy\" decoding=\"async\" data-attachment-id=\"3623\" data-permalink=\"https:\/\/lesgravereaux.marret.co\/index.php\/la-famille-gravereaux\/raymond-gravereaux\/brest-hopital-augustin-morvan_wp\/\" data-orig-file=\"https:\/\/i0.wp.com\/lesgravereaux.marret.co\/wp-content\/uploads\/2016\/06\/Brest-Hopital-Augustin-Morvan_wp.jpg?fit=886%2C617&amp;ssl=1\" data-orig-size=\"886,617\" data-comments-opened=\"1\" data-image-meta=\"{&quot;aperture&quot;:&quot;0&quot;,&quot;credit&quot;:&quot;&quot;,&quot;camera&quot;:&quot;&quot;,&quot;caption&quot;:&quot;&quot;,&quot;created_timestamp&quot;:&quot;0&quot;,&quot;copyright&quot;:&quot;&quot;,&quot;focal_length&quot;:&quot;0&quot;,&quot;iso&quot;:&quot;0&quot;,&quot;shutter_speed&quot;:&quot;0&quot;,&quot;title&quot;:&quot;&quot;,&quot;orientation&quot;:&quot;1&quot;}\" data-image-title=\"Brest &amp;#8211; Hopital Augustin Morvan_wp\" data-image-description=\"\" data-image-caption=\"\" data-medium-file=\"https:\/\/i0.wp.com\/lesgravereaux.marret.co\/wp-content\/uploads\/2016\/06\/Brest-Hopital-Augustin-Morvan_wp.jpg?fit=300%2C209&amp;ssl=1\" data-large-file=\"https:\/\/i0.wp.com\/lesgravereaux.marret.co\/wp-content\/uploads\/2016\/06\/Brest-Hopital-Augustin-Morvan_wp.jpg?fit=640%2C446&amp;ssl=1\" class=\"wp-image-3623 alignright\" src=\"https:\/\/i0.wp.com\/lesgravereaux.marret.co\/wp-content\/uploads\/2016\/06\/Brest-Hopital-Augustin-Morvan_wp.jpg?resize=256%2C178&#038;ssl=1\" alt=\"Brest - Hopital Augustin Morvan_wp\" width=\"256\" height=\"178\" data-wp-pid=\"3623\" srcset=\"https:\/\/i0.wp.com\/lesgravereaux.marret.co\/wp-content\/uploads\/2016\/06\/Brest-Hopital-Augustin-Morvan_wp.jpg?w=886&amp;ssl=1 886w, https:\/\/i0.wp.com\/lesgravereaux.marret.co\/wp-content\/uploads\/2016\/06\/Brest-Hopital-Augustin-Morvan_wp.jpg?resize=300%2C209&amp;ssl=1 300w, https:\/\/i0.wp.com\/lesgravereaux.marret.co\/wp-content\/uploads\/2016\/06\/Brest-Hopital-Augustin-Morvan_wp.jpg?resize=768%2C535&amp;ssl=1 768w, https:\/\/i0.wp.com\/lesgravereaux.marret.co\/wp-content\/uploads\/2016\/06\/Brest-Hopital-Augustin-Morvan_wp.jpg?resize=800%2C557&amp;ssl=1 800w, https:\/\/i0.wp.com\/lesgravereaux.marret.co\/wp-content\/uploads\/2016\/06\/Brest-Hopital-Augustin-Morvan_wp.jpg?resize=600%2C418&amp;ssl=1 600w\" sizes=\"auto, (max-width: 256px) 100vw, 256px\" \/><\/a><\/p>\n<p>1937-1949 &#8211; H\u00f4pital Augustin Morvan de Brest (Finist\u00e8re) avec Raymond Lopez.<\/p>\n<p>1959 &#8211; \u00c9coles primaire et maternelle &#8211; Groupe scolaire \u00c9douard Branly ou Ouest, maternelle La Fontaine, \u00e0 Athis-Mons (Essonne) avec les architectes Ren\u00e9 Blanchot, Fayette, Pr\u00e9vert et Jacques Thivier.<\/p>\n<p style=\"padding-left: 30px;\"><em>Dossier du Minist\u00e8re de la Culture et de la Communication<\/em> &#8211;\u00a0<a href=\"http:\/\/www.culture.gouv.fr\/documentation\/memoire\/HTML\/IVR11\/IA91000525\/index.htm\" target=\"_blank\">M\u00e9rim\u00e9e IA91000525<\/a>;<\/p>\n<p>1959 &#8211; Groupe scolaire Camille Flammarion ou Est, maternelle Charles Perrault \u00e0 Athis-Mons (Essonne) avec les architectes Ren\u00e9 Blanchot, Fayette, Pr\u00e9vert et Jacques Thivier.<\/p>\n<p style=\"padding-left: 30px;\"><em>Dossier du Minist\u00e8re de la Culture et de la Communication<\/em> &#8211;\u00a0<a href=\"http:\/\/www.culture.gouv.fr\/documentation\/memoire\/HTML\/IVR11\/IA91000524\/index.htm\" target=\"_blank\">M\u00e9rim\u00e9e IA91000524<\/a>;<\/p>\n<p><a href=\"https:\/\/i0.wp.com\/lesgravereaux.marret.co\/wp-content\/uploads\/2016\/06\/Athis-Mons-SUMA-CP_wp.jpg?ssl=1\"><img data-recalc-dims=\"1\" loading=\"lazy\" decoding=\"async\" data-attachment-id=\"3622\" data-permalink=\"https:\/\/lesgravereaux.marret.co\/index.php\/la-famille-gravereaux\/raymond-gravereaux\/athis-mons-suma-cp_wp\/\" data-orig-file=\"https:\/\/i0.wp.com\/lesgravereaux.marret.co\/wp-content\/uploads\/2016\/06\/Athis-Mons-SUMA-CP_wp.jpg?fit=886%2C606&amp;ssl=1\" data-orig-size=\"886,606\" data-comments-opened=\"1\" data-image-meta=\"{&quot;aperture&quot;:&quot;0&quot;,&quot;credit&quot;:&quot;&quot;,&quot;camera&quot;:&quot;&quot;,&quot;caption&quot;:&quot;&quot;,&quot;created_timestamp&quot;:&quot;0&quot;,&quot;copyright&quot;:&quot;&quot;,&quot;focal_length&quot;:&quot;0&quot;,&quot;iso&quot;:&quot;0&quot;,&quot;shutter_speed&quot;:&quot;0&quot;,&quot;title&quot;:&quot;&quot;,&quot;orientation&quot;:&quot;1&quot;}\" data-image-title=\"Athis-Mons &amp;#8211; SUMA (CP)_wp\" data-image-description=\"\" data-image-caption=\"\" data-medium-file=\"https:\/\/i0.wp.com\/lesgravereaux.marret.co\/wp-content\/uploads\/2016\/06\/Athis-Mons-SUMA-CP_wp.jpg?fit=300%2C205&amp;ssl=1\" data-large-file=\"https:\/\/i0.wp.com\/lesgravereaux.marret.co\/wp-content\/uploads\/2016\/06\/Athis-Mons-SUMA-CP_wp.jpg?fit=640%2C438&amp;ssl=1\" class=\"wp-image-3622 alignleft\" src=\"https:\/\/i0.wp.com\/lesgravereaux.marret.co\/wp-content\/uploads\/2016\/06\/Athis-Mons-SUMA-CP_wp.jpg?resize=257%2C176&#038;ssl=1\" alt=\"Athis-Mons - SUMA (CP)_wp\" width=\"257\" height=\"176\" data-wp-pid=\"3622\" srcset=\"https:\/\/i0.wp.com\/lesgravereaux.marret.co\/wp-content\/uploads\/2016\/06\/Athis-Mons-SUMA-CP_wp.jpg?w=886&amp;ssl=1 886w, https:\/\/i0.wp.com\/lesgravereaux.marret.co\/wp-content\/uploads\/2016\/06\/Athis-Mons-SUMA-CP_wp.jpg?resize=300%2C205&amp;ssl=1 300w, https:\/\/i0.wp.com\/lesgravereaux.marret.co\/wp-content\/uploads\/2016\/06\/Athis-Mons-SUMA-CP_wp.jpg?resize=768%2C525&amp;ssl=1 768w, https:\/\/i0.wp.com\/lesgravereaux.marret.co\/wp-content\/uploads\/2016\/06\/Athis-Mons-SUMA-CP_wp.jpg?resize=800%2C547&amp;ssl=1 800w, https:\/\/i0.wp.com\/lesgravereaux.marret.co\/wp-content\/uploads\/2016\/06\/Athis-Mons-SUMA-CP_wp.jpg?resize=600%2C410&amp;ssl=1 600w\" sizes=\"auto, (max-width: 257px) 100vw, 257px\" \/><\/a><\/p>\n<p>1959-1962 &#8211; Centre commercial \u2013 <em>SUMA, devenu ATAC<\/em> &#8211; d&rsquo;Athis-Mons (Essonne), avec les architectes Heckly, Claude Marty, Claude Parent et l&rsquo;ing\u00e9nieur D. Jawerth.<\/p>\n<p style=\"padding-left: 30px;\"><em>Dossier du Minist\u00e8re de la Culture et de la Communication<\/em> &#8211;\u00a0<a href=\"http:\/\/www.culture.gouv.fr\/documentation\/memoire\/HTML\/IVR11\/IA91000523\/index.htm\" target=\"_blank\">M\u00e9rim\u00e9e IA91000523<\/a>;<\/p>\n<p>&nbsp;<\/p>\n<p><a href=\"https:\/\/i0.wp.com\/lesgravereaux.marret.co\/wp-content\/uploads\/2016\/06\/Athis-Mons-Cit%C3%A9-du-Foyer-du-Fonctionnaire-ville-dAthis-Mons_wp.jpg?ssl=1\"><img data-recalc-dims=\"1\" loading=\"lazy\" decoding=\"async\" data-attachment-id=\"3621\" data-permalink=\"https:\/\/lesgravereaux.marret.co\/index.php\/la-famille-gravereaux\/raymond-gravereaux\/athis-mons-cite-du-foyer-du-fonctionnaire-ville-dathis-mons_wp\/\" data-orig-file=\"https:\/\/i0.wp.com\/lesgravereaux.marret.co\/wp-content\/uploads\/2016\/06\/Athis-Mons-Cit%C3%A9-du-Foyer-du-Fonctionnaire-ville-dAthis-Mons_wp.jpg?fit=886%2C638&amp;ssl=1\" data-orig-size=\"886,638\" data-comments-opened=\"1\" data-image-meta=\"{&quot;aperture&quot;:&quot;0&quot;,&quot;credit&quot;:&quot;&quot;,&quot;camera&quot;:&quot;&quot;,&quot;caption&quot;:&quot;&quot;,&quot;created_timestamp&quot;:&quot;0&quot;,&quot;copyright&quot;:&quot;&quot;,&quot;focal_length&quot;:&quot;0&quot;,&quot;iso&quot;:&quot;0&quot;,&quot;shutter_speed&quot;:&quot;0&quot;,&quot;title&quot;:&quot;&quot;,&quot;orientation&quot;:&quot;1&quot;}\" data-image-title=\"Athis-Mons &amp;#8211; Cit\u00e9 du Foyer du Fonctionnaire (ville d&amp;rsquo;Athis-Mons)_wp\" data-image-description=\"\" data-image-caption=\"\" data-medium-file=\"https:\/\/i0.wp.com\/lesgravereaux.marret.co\/wp-content\/uploads\/2016\/06\/Athis-Mons-Cit%C3%A9-du-Foyer-du-Fonctionnaire-ville-dAthis-Mons_wp.jpg?fit=300%2C216&amp;ssl=1\" data-large-file=\"https:\/\/i0.wp.com\/lesgravereaux.marret.co\/wp-content\/uploads\/2016\/06\/Athis-Mons-Cit%C3%A9-du-Foyer-du-Fonctionnaire-ville-dAthis-Mons_wp.jpg?fit=640%2C461&amp;ssl=1\" class=\"wp-image-3621 alignright\" src=\"https:\/\/i0.wp.com\/lesgravereaux.marret.co\/wp-content\/uploads\/2016\/06\/Athis-Mons-Cit%C3%A9-du-Foyer-du-Fonctionnaire-ville-dAthis-Mons_wp.jpg?resize=256%2C184&#038;ssl=1\" alt=\"Athis-Mons - Cit\u00e9 du Foyer du Fonctionnaire (ville d'Athis-Mons)_wp\" width=\"256\" height=\"184\" data-wp-pid=\"3621\" srcset=\"https:\/\/i0.wp.com\/lesgravereaux.marret.co\/wp-content\/uploads\/2016\/06\/Athis-Mons-Cit%C3%A9-du-Foyer-du-Fonctionnaire-ville-dAthis-Mons_wp.jpg?w=886&amp;ssl=1 886w, https:\/\/i0.wp.com\/lesgravereaux.marret.co\/wp-content\/uploads\/2016\/06\/Athis-Mons-Cit%C3%A9-du-Foyer-du-Fonctionnaire-ville-dAthis-Mons_wp.jpg?resize=300%2C216&amp;ssl=1 300w, https:\/\/i0.wp.com\/lesgravereaux.marret.co\/wp-content\/uploads\/2016\/06\/Athis-Mons-Cit%C3%A9-du-Foyer-du-Fonctionnaire-ville-dAthis-Mons_wp.jpg?resize=768%2C553&amp;ssl=1 768w, https:\/\/i0.wp.com\/lesgravereaux.marret.co\/wp-content\/uploads\/2016\/06\/Athis-Mons-Cit%C3%A9-du-Foyer-du-Fonctionnaire-ville-dAthis-Mons_wp.jpg?resize=800%2C576&amp;ssl=1 800w, https:\/\/i0.wp.com\/lesgravereaux.marret.co\/wp-content\/uploads\/2016\/06\/Athis-Mons-Cit%C3%A9-du-Foyer-du-Fonctionnaire-ville-dAthis-Mons_wp.jpg?resize=600%2C432&amp;ssl=1 600w\" sizes=\"auto, (max-width: 256px) 100vw, 256px\" \/><\/a><\/p>\n<p>&nbsp;<\/p>\n<p>1962-1964 &#8211; Cit\u00e9 du Foyer du Fonctionnaire et de la Famille ou du Noyer Renard \u00e0 Athis-Mons (Essonne), avec les architectes Jean Claude Daufresne, Fauvette, Heckly, Marty et Pr\u00e9vert.<\/p>\n<p style=\"padding-left: 30px;\"><em>Dossier du Minist\u00e8re de la Culture et de la Communication<\/em> &#8211;\u00a0<a href=\"http:\/\/www.culture.gouv.fr\/documentation\/memoire\/HTML\/IVR11\/IA91000506\/index.htm\" target=\"_blank\">M\u00e9rim\u00e9e IA91000506<\/a>;<\/p>\n<p>1969 &#8211; Grand Hall du Parc des Expositions \u00e0 Paris, avec Gilles Thin.<\/p>\n<p>&#8211; F\u00e9d\u00e9ration du B\u00e2timent (Paris, rue Lap\u00e9rouse).<\/p>\n<p>&#8211; Immeubles B.P. et E.D.F. \u00e0 La D\u00e9fense.<\/p>\n<p><strong><span style=\"text-decoration: underline;\">Titres<\/span><\/strong><\/p>\n<ul>\n<li>Architecte en chef des B\u00e2timents civils et Palais nationaux &#8211; il s\u2019occupe du ch\u00e2teau de Versailles.<\/li>\n<li>Chevalier de la L\u00e9gion d\u2019honneur<\/li>\n<\/ul>\n<p>&nbsp;<\/p>\n<p>Raymond Gravereaux aimait dessiner. \u00c0 l&rsquo;\u00c9cole des Beaux-Arts, il avait obtenu une m\u00e9daille en\u00a0Dessin ornemental (1924) et une autre en Esquisse (1926). Rien d&rsquo;\u00e9tonnant par cons\u00e9quent, \u00e0 ce qu&rsquo;il ait fait des <a href=\"https:\/\/lesgravereaux.marret.co\/index.php\/raymond-gravereaux-dessins-et-peintures\/\">esquisses et peintures <\/a>dans la propri\u00e9t\u00e9 de ses parents ou lors de ses voyages&#8230;<\/p>\n","protected":false},"excerpt":{"rendered":"<p>Raymond Gravereaux na\u00eet le 31 ao\u00fbt 1905 \u00e0 Croissy-sur-Seine. Il entre \u00e0 l\u2019\u00c9cole des Beaux-Arts en 1924 et y obtient son dipl\u00f4me en 1930. Le concours du Prix de Rome le passionne et il s\u2019y pr\u00e9sente en 1929 (th\u00e8me\u00a0: Un &hellip; <a href=\"https:\/\/lesgravereaux.marret.co\/index.php\/la-famille-gravereaux\/raymond-gravereaux\/\">Continuer la lecture <span class=\"meta-nav\">&rarr;<\/span><\/a><\/p>\n","protected":false},"author":1,"featured_media":0,"parent":645,"menu_order":0,"comment_status":"closed","ping_status":"closed","template":"","meta":{"ngg_post_thumbnail":0,"jetpack_post_was_ever_published":false,"footnotes":""},"class_list":["post-3625","page","type-page","status-publish","hentry"],"jetpack_sharing_enabled":true,"jetpack_shortlink":"https:\/\/wp.me\/P7ERyi-Wt","jetpack-related-posts":[{"id":3640,"url":"https:\/\/lesgravereaux.marret.co\/index.php\/la-famille-gravereaux\/raymond-gravereaux\/raymond-gravereaux-dessins-et-peintures\/","url_meta":{"origin":3625,"position":0},"title":"Raymond Gravereaux &#8211; Dessins et peintures","author":"marretgravereaux","date":"16 juin 2016","format":false,"excerpt":"Dans les ann\u00e9es 1920, Raymond Gravereaux se pr\u00e9pare \u00e0 devenir architecte et l'\u00c9cole des Beaux-Arts est sa porte d'entr\u00e9e. Il d\u00e9veloppe d\u00e9j\u00e0 ses talents de dessinateur en crayonnant et peignant, chaque fois que l'occasion se pr\u00e9sente. La propri\u00e9t\u00e9 de ses parents ou les lieux qu'il visite sont autant d'opportunit\u00e9s pour\u2026","rel":"","context":"Article similaire","block_context":{"text":"Article similaire","link":""},"img":{"alt_text":"1925-06 GRAVEREAUX, Raymond - La grande maison de Croissy a wp","src":"https:\/\/i0.wp.com\/lesgravereaux.marret.co\/wp-content\/uploads\/2016\/02\/1925-06-GRAVEREAUX-Raymond-La-grande-maison-de-Croissy-a-wp-1024x860.jpg?resize=350%2C200","width":350,"height":200},"classes":[]},{"id":1238,"url":"https:\/\/lesgravereaux.marret.co\/index.php\/la-famille-gravereaux\/croissy-la-propriete-ancelot-gravereaux\/la-propriete-de-croissy-vu-par\/","url_meta":{"origin":3625,"position":1},"title":"Croissy, vu par&#8230; Raymond Gravereaux et Gilles Thin","author":"marretgravereaux","date":"19 mars 2016","format":false,"excerpt":"Raymond Gravereaux et Gilles Thin, son gendre, ont peint \u2014 chacun \u00e0 leur \u00e9poque et \u00e0 leur fa\u00e7on \u2014 une partie de la propri\u00e9t\u00e9 de Croissy... . La grande maison par\u00a0Raymond Gravereaux juin 1925 (collection Jean-Luc Marret) . Le salon par\u00a0Raymond Gravereaux 1930 (collection Jean-Luc Marret) \u00a0 . Le billard\u2026","rel":"","context":"Article similaire","block_context":{"text":"Article similaire","link":""},"img":{"alt_text":"1925-06 GRAVEREAUX, Raymond - La grande maison de Croissy a wp","src":"https:\/\/i0.wp.com\/marret.co\/wp-content\/uploads\/2016\/02\/1925-06-GRAVEREAUX-Raymond-La-grande-maison-de-Croissy-a-wp-1024x860.jpg?resize=350%2C200","width":350,"height":200},"classes":[]},{"id":1344,"url":"https:\/\/lesgravereaux.marret.co\/index.php\/la-famille-gravereaux\/une-famille-dartistes\/","url_meta":{"origin":3625,"position":2},"title":"Une famille d&rsquo;artistes","author":"marretgravereaux","date":"12 juin 2016","format":false,"excerpt":"\u00a0 Ren\u00e9 Gravereaux (1875-1960) et Marthe Ancelot (1881-1972) ont eu dix enfants. On ne sait si leur grand-p\u00e8re, Jules Gravereaux (1844-1916) les a encourag\u00e9s ou s\u2019il les a inspir\u00e9s, mais ils ont, tous ou presque, d\u00e9montr\u00e9 des talents de dessinateurs! \u00a0 Philippe Gravereaux (1904-1987) aurait r\u00e9alis\u00e9 quelques dessins, dont celui\u2026","rel":"","context":"Article similaire","block_context":{"text":"Article similaire","link":""},"img":{"alt_text":"Gravereaux, Philippe (2011-12_012)_wp","src":"https:\/\/i0.wp.com\/lesgravereaux.marret.co\/wp-content\/uploads\/2016\/06\/Gravereaux-Philippe-2011-12_012_wp.jpg?resize=350%2C200","width":350,"height":200},"classes":[]},{"id":904,"url":"https:\/\/lesgravereaux.marret.co\/index.php\/la-famille-gravereaux\/narcisse-gravereaux-larchitecte\/","url_meta":{"origin":3625,"position":3},"title":"Germain-L\u00e9andre Gravereaux, l&rsquo;architecte","author":"marretgravereaux","date":"12 mars 2016","format":false,"excerpt":"N\u00e9 le 28 mai 1856 \u00e0 Paris, Germain-L\u00e9andre Gravereaux \u00e9tait le 5e enfant de L\u00e9andre Fran\u00e7ois Gravereaux, ma\u00eetre menuisier, et \u00c9lisabeth Vlietynck. Il \u00e9pousa Aline Epron le 1er septembre 1885 avec laquelle il eut deux enfants\u00a0: L\u00e9andre et Germain. Germain-L\u00e9andre Gravereaux effectua ses \u00e9tudes \u00e0 l'\u00c9cole Sp\u00e9ciale d'Architecture o\u00f9 il\u2026","rel":"","context":"Article similaire","block_context":{"text":"Article similaire","link":""},"img":{"alt_text":"","src":"https:\/\/i0.wp.com\/lesgravereaux.marret.co\/wp-content\/uploads\/2019\/02\/Gravereaux-Germain-L%C3%A9andre-01.jpg?resize=350%2C200","width":350,"height":200},"classes":[]},{"id":1302,"url":"https:\/\/lesgravereaux.marret.co\/index.php\/jules-gravereaux\/1294-2\/des-roses\/la-rose-madame-raymond-poincare\/","url_meta":{"origin":3625,"position":4},"title":"La rose \u00abMadame Raymond Poincar\u00e9\u00bb","author":"marretgravereaux","date":"21 mars 2016","format":false,"excerpt":"L\u2019Association des Amis du Vieux L\u2019Ha\u00ff a pr\u00e9sent\u00e9, dans son num\u00e9ro de juin 2014, un article que nous reproduisons ici. 1913-1914 - Au nom de la rose par Jean-Luc Marret. Cr\u00e9\u00e9e par \u00c9douard Andr\u00e9 en 1899, la roseraie de L\u2019Ha\u00ff conna\u00eetra son apog\u00e9e dans les ann\u00e9es 1910. La cr\u00e9ation du\u2026","rel":"","context":"Article similaire","block_context":{"text":"Article similaire","link":""},"img":{"alt_text":"Rose Madame Raymond Poincare RdVM_4-3_wp","src":"https:\/\/i0.wp.com\/marret.co\/wp-content\/uploads\/2016\/03\/Rose-Madame-Raymond-Poincare-RdVM_4-3_wp-1024x819.jpg?resize=350%2C200","width":350,"height":200},"classes":[]},{"id":863,"url":"https:\/\/lesgravereaux.marret.co\/index.php\/jules-gravereaux\/jules-gravereaux-ses-ancetres\/jean-narcisse-mathurin-gravereaux\/narcisse-gravereaux\/","url_meta":{"origin":3625,"position":5},"title":"Narcisse Gravereaux","author":"marretgravereaux","date":"11 mars 2016","format":false,"excerpt":"Louis Narcisse Gravereaux \u00e9tait le deuxi\u00e8me enfant (hormis les mort-n\u00e9s) de Jean-Narcisse Mathurin Gravereaux et Marie Henriette Gervais. Il est n\u00e9 le 4 d\u00e9cembre 1837 \u00e0 Vitry-sur-Seine. Le 7 d\u00e9cembre 1871, il \u00e9pousait Mathilde Thuillier; deux ans apr\u00e8s son fr\u00e8re, Jules \u00e9pousait sa belle-s\u0153ur Laure\u2026 Dipl\u00f4m\u00e9 des Beaux-Arts, il est\u2026","rel":"","context":"Article similaire","block_context":{"text":"Article similaire","link":""},"img":{"alt_text":"","src":"https:\/\/i0.wp.com\/lesgravereaux.marret.co\/wp-content\/uploads\/2019\/02\/Gravereaux-Narcisse-01a_wp.jpg?resize=350%2C200","width":350,"height":200},"classes":[]}],"_links":{"self":[{"href":"https:\/\/lesgravereaux.marret.co\/index.php\/wp-json\/wp\/v2\/pages\/3625","targetHints":{"allow":["GET"]}}],"collection":[{"href":"https:\/\/lesgravereaux.marret.co\/index.php\/wp-json\/wp\/v2\/pages"}],"about":[{"href":"https:\/\/lesgravereaux.marret.co\/index.php\/wp-json\/wp\/v2\/types\/page"}],"author":[{"embeddable":true,"href":"https:\/\/lesgravereaux.marret.co\/index.php\/wp-json\/wp\/v2\/users\/1"}],"replies":[{"embeddable":true,"href":"https:\/\/lesgravereaux.marret.co\/index.php\/wp-json\/wp\/v2\/comments?post=3625"}],"version-history":[{"count":0,"href":"https:\/\/lesgravereaux.marret.co\/index.php\/wp-json\/wp\/v2\/pages\/3625\/revisions"}],"up":[{"embeddable":true,"href":"https:\/\/lesgravereaux.marret.co\/index.php\/wp-json\/wp\/v2\/pages\/645"}],"wp:attachment":[{"href":"https:\/\/lesgravereaux.marret.co\/index.php\/wp-json\/wp\/v2\/media?parent=3625"}],"curies":[{"name":"wp","href":"https:\/\/api.w.org\/{rel}","templated":true}]}}