{"id":2377,"date":"2016-05-09T17:45:13","date_gmt":"2016-05-09T16:45:13","guid":{"rendered":"http:\/\/lesgravereaux.marret.co\/?page_id=2377"},"modified":"2022-02-19T18:53:03","modified_gmt":"2022-02-19T17:53:03","slug":"la-famille-gravereaux-au-theatre","status":"publish","type":"page","link":"https:\/\/lesgravereaux.marret.co\/index.php\/la-famille-gravereaux\/la-famille-gravereaux-au-theatre\/","title":{"rendered":"La famille Gravereaux au th\u00e9\u00e2tre"},"content":{"rendered":"<p>En se mariant avec <a href=\"https:\/\/lesgravereaux.marret.co\/index.php\/jules-gravereaux\/des-evenements-de-sa-vie\/jules-gravereaux-son-mariage\/laure-thuillier\/\">Laure Thuillier<\/a>, Jules Gravereaux entrait dans une famille au talent artistique ind\u00e9niable. Sa belle-s\u0153ur, <a href=\"https:\/\/lesgravereaux.marret.co\/index.php\/louise-thuillier\/\">Louise Victoire Thuillier<\/a> avait remport\u00e9 un premier prix de piano et un 1<sup>er<\/sup> prix de solf\u00e8ge au Conservatoire; elle fit d\u2019ailleurs carri\u00e8re \u00e0 l\u2019Op\u00e9ra-Comique et \u00e0 la Gait\u00e9 Lyrique, o\u00f9 elle cr\u00e9a et elle joue plusieurs op\u00e9rettes.<\/p>\n<p><a href=\"https:\/\/i0.wp.com\/lesgravereaux.marret.co\/wp-content\/uploads\/2016\/05\/1903-03-30-Gravereaux-Jules-Spectacle-Journal-des-debats-2_wp.jpg?ssl=1\"><img data-recalc-dims=\"1\" loading=\"lazy\" decoding=\"async\" data-attachment-id=\"2353\" data-permalink=\"https:\/\/lesgravereaux.marret.co\/index.php\/la-famille-gravereaux\/la-famille-gravereaux-au-theatre\/1903-03-30-gravereaux-jules-spectacle-journal-des-debats-2_wp\/\" data-orig-file=\"https:\/\/i0.wp.com\/lesgravereaux.marret.co\/wp-content\/uploads\/2016\/05\/1903-03-30-Gravereaux-Jules-Spectacle-Journal-des-debats-2_wp.jpg?fit=1102%2C735&amp;ssl=1\" data-orig-size=\"1102,735\" data-comments-opened=\"1\" data-image-meta=\"{&quot;aperture&quot;:&quot;0&quot;,&quot;credit&quot;:&quot;&quot;,&quot;camera&quot;:&quot;&quot;,&quot;caption&quot;:&quot;&quot;,&quot;created_timestamp&quot;:&quot;0&quot;,&quot;copyright&quot;:&quot;&quot;,&quot;focal_length&quot;:&quot;0&quot;,&quot;iso&quot;:&quot;0&quot;,&quot;shutter_speed&quot;:&quot;0&quot;,&quot;title&quot;:&quot;&quot;,&quot;orientation&quot;:&quot;1&quot;}\" data-image-title=\"1903-03-30 Gravereaux, Jules &amp;#8211; Spectacle (Journal des debats) 2_wp\" data-image-description=\"\" data-image-caption=\"\" data-medium-file=\"https:\/\/i0.wp.com\/lesgravereaux.marret.co\/wp-content\/uploads\/2016\/05\/1903-03-30-Gravereaux-Jules-Spectacle-Journal-des-debats-2_wp.jpg?fit=300%2C200&amp;ssl=1\" data-large-file=\"https:\/\/i0.wp.com\/lesgravereaux.marret.co\/wp-content\/uploads\/2016\/05\/1903-03-30-Gravereaux-Jules-Spectacle-Journal-des-debats-2_wp.jpg?fit=640%2C427&amp;ssl=1\" class=\"wp-image-2353 alignright\" src=\"https:\/\/i0.wp.com\/lesgravereaux.marret.co\/wp-content\/uploads\/2016\/05\/1903-03-30-Gravereaux-Jules-Spectacle-Journal-des-debats-2_wp.jpg?resize=326%2C217&#038;ssl=1\" alt=\"1903-03-30 Gravereaux, Jules - Spectacle (Journal des debats) 2_wp\" width=\"326\" height=\"217\" data-wp-pid=\"2353\" srcset=\"https:\/\/i0.wp.com\/lesgravereaux.marret.co\/wp-content\/uploads\/2016\/05\/1903-03-30-Gravereaux-Jules-Spectacle-Journal-des-debats-2_wp.jpg?resize=1024%2C683&amp;ssl=1 1024w, https:\/\/i0.wp.com\/lesgravereaux.marret.co\/wp-content\/uploads\/2016\/05\/1903-03-30-Gravereaux-Jules-Spectacle-Journal-des-debats-2_wp.jpg?resize=300%2C200&amp;ssl=1 300w, https:\/\/i0.wp.com\/lesgravereaux.marret.co\/wp-content\/uploads\/2016\/05\/1903-03-30-Gravereaux-Jules-Spectacle-Journal-des-debats-2_wp.jpg?resize=768%2C512&amp;ssl=1 768w, https:\/\/i0.wp.com\/lesgravereaux.marret.co\/wp-content\/uploads\/2016\/05\/1903-03-30-Gravereaux-Jules-Spectacle-Journal-des-debats-2_wp.jpg?resize=800%2C534&amp;ssl=1 800w, https:\/\/i0.wp.com\/lesgravereaux.marret.co\/wp-content\/uploads\/2016\/05\/1903-03-30-Gravereaux-Jules-Spectacle-Journal-des-debats-2_wp.jpg?resize=600%2C400&amp;ssl=1 600w, https:\/\/i0.wp.com\/lesgravereaux.marret.co\/wp-content\/uploads\/2016\/05\/1903-03-30-Gravereaux-Jules-Spectacle-Journal-des-debats-2_wp.jpg?w=1102&amp;ssl=1 1102w\" sizes=\"auto, (max-width: 326px) 100vw, 326px\" \/><\/a>En outre, <a href=\"https:\/\/lesgravereaux.marret.co\/index.php\/louise-thuillier\/\">Louise Thuillier<\/a> avait \u00e9pous\u00e9 Louis Leloir, soci\u00e9taire de la Com\u00e9die-Fran\u00e7aise. On comprendra ais\u00e9ment l\u2019int\u00e9r\u00eat que Jules Gravereaux porta aux spectacles et, en particulier, au th\u00e9\u00e2tre. Dans <a href=\"https:\/\/lesgravereaux.marret.co\/index.php\/etablissement-gravereaux\/jules-gravereaux\/4-avenue-de-villars\/\">l\u2019h\u00f4tel particulier <\/a>qu\u2019il poss\u00e9dait, avenue de Villars, il avait fait am\u00e9nager un th\u00e9\u00e2tre, probablement par Alexandre Marcel (l\u2019architecte du Cin\u00e9ma La Pagode). On y joua plusieurs pi\u00e8ces, les membres de la famille ou les amis y contribuant, en \u00e9crivant les textes, en y jouant ou en faisant la mise en sc\u00e8ne.<\/p>\n<p><a href=\"https:\/\/i0.wp.com\/lesgravereaux.marret.co\/wp-content\/uploads\/2016\/03\/1910-09-01-Le-theatre_wp.jpg?ssl=1\"><img data-recalc-dims=\"1\" loading=\"lazy\" decoding=\"async\" data-attachment-id=\"303\" data-permalink=\"https:\/\/lesgravereaux.marret.co\/index.php\/571-2\/23-juin-1907-au-theatres-des-roses\/1910-09-01-le-theatre_wp\/\" data-orig-file=\"https:\/\/i0.wp.com\/lesgravereaux.marret.co\/wp-content\/uploads\/2016\/03\/1910-09-01-Le-theatre_wp.jpg?fit=4000%2C2694&amp;ssl=1\" data-orig-size=\"4000,2694\" data-comments-opened=\"1\" data-image-meta=\"{&quot;aperture&quot;:&quot;0&quot;,&quot;credit&quot;:&quot;&quot;,&quot;camera&quot;:&quot;&quot;,&quot;caption&quot;:&quot;&quot;,&quot;created_timestamp&quot;:&quot;0&quot;,&quot;copyright&quot;:&quot;&quot;,&quot;focal_length&quot;:&quot;0&quot;,&quot;iso&quot;:&quot;0&quot;,&quot;shutter_speed&quot;:&quot;0&quot;,&quot;title&quot;:&quot;&quot;,&quot;orientation&quot;:&quot;1&quot;}\" data-image-title=\"1910-09-01 Le theatre_wp\" data-image-description=\"\" data-image-caption=\"\" data-medium-file=\"https:\/\/i0.wp.com\/lesgravereaux.marret.co\/wp-content\/uploads\/2016\/03\/1910-09-01-Le-theatre_wp.jpg?fit=300%2C202&amp;ssl=1\" data-large-file=\"https:\/\/i0.wp.com\/lesgravereaux.marret.co\/wp-content\/uploads\/2016\/03\/1910-09-01-Le-theatre_wp.jpg?fit=640%2C431&amp;ssl=1\" class=\"wp-image-303 alignleft\" src=\"https:\/\/i0.wp.com\/lesgravereaux.marret.co\/wp-content\/uploads\/2016\/03\/1910-09-01-Le-theatre_wp.jpg?resize=364%2C245&#038;ssl=1\" alt=\"1910-09-01 Le theatre_wp\" width=\"364\" height=\"245\" data-wp-pid=\"303\" srcset=\"https:\/\/i0.wp.com\/lesgravereaux.marret.co\/wp-content\/uploads\/2016\/03\/1910-09-01-Le-theatre_wp.jpg?resize=1024%2C690&amp;ssl=1 1024w, https:\/\/i0.wp.com\/lesgravereaux.marret.co\/wp-content\/uploads\/2016\/03\/1910-09-01-Le-theatre_wp.jpg?resize=300%2C202&amp;ssl=1 300w, https:\/\/i0.wp.com\/lesgravereaux.marret.co\/wp-content\/uploads\/2016\/03\/1910-09-01-Le-theatre_wp.jpg?resize=768%2C517&amp;ssl=1 768w, https:\/\/i0.wp.com\/lesgravereaux.marret.co\/wp-content\/uploads\/2016\/03\/1910-09-01-Le-theatre_wp.jpg?resize=800%2C539&amp;ssl=1 800w, https:\/\/i0.wp.com\/lesgravereaux.marret.co\/wp-content\/uploads\/2016\/03\/1910-09-01-Le-theatre_wp.jpg?resize=600%2C404&amp;ssl=1 600w, https:\/\/i0.wp.com\/lesgravereaux.marret.co\/wp-content\/uploads\/2016\/03\/1910-09-01-Le-theatre_wp.jpg?w=1280&amp;ssl=1 1280w, https:\/\/i0.wp.com\/lesgravereaux.marret.co\/wp-content\/uploads\/2016\/03\/1910-09-01-Le-theatre_wp.jpg?w=1920&amp;ssl=1 1920w\" sizes=\"auto, (max-width: 364px) 100vw, 364px\" \/><\/a>Jules Gravereaux aimait tout autant que des spectacles soient pr\u00e9sent\u00e9s dans sa propri\u00e9t\u00e9 de L\u2019Ha\u00ff, m\u00ealant dans ceux-ci les artistes professionnels,&nbsp;les membres de la famille et les amis de celle-ci. Ce fut le cas le <a href=\"https:\/\/lesgravereaux.marret.co\/index.php\/23-juin-1907-au-theatres-des-roses\/\">23 juin 1907<\/a>, alors qu\u2019\u00e0 l\u2019occasion du bapt\u00eame de G\u00e9rard Gravereaux et Fran\u00e7ois Ballu, deux de ses petits-enfants, Jules Gravereaux avait organis\u00e9 la repr\u00e9sentation d\u2019un op\u00e9ra-ballet&nbsp;: <em>Le triomphe du Dieu Pan<\/em>.<\/p>\n<p>La tradition s&rsquo;est poursuivie dans la famille, apr\u00e8s le d\u00e9c\u00e8s de Jules Gravereaux, et l&rsquo;on trouve des documents ou photos associ\u00e9s \u00e0 des pi\u00e8ces qui ont \u00e9t\u00e9 jou\u00e9es avenue de S\u00e9gur, avenue de Breteuil, ou ailleurs, parmi lesquelles&nbsp;:<\/p>\n<ul>\n<li><a href=\"https:\/\/lesgravereaux.marret.co\/index.php\/limpromptu-de-grenelle-6-mai-1922\/\">L&rsquo;Imprompu de Grenelle<\/a> (1922)<\/li>\n<li><a href=\"https:\/\/lesgravereaux.marret.co\/index.php\/la-famille-gravereaux\/la-famille-gravereaux-au-theatre\/passons-nos-clous-avril-mai-1931\/\" target=\"_blank\" rel=\"noopener\">Passons nos clous <\/a>(1931)<\/li>\n<\/ul>\n<p><a href=\"https:\/\/i0.wp.com\/lesgravereaux.marret.co\/wp-content\/uploads\/2016\/03\/1952-La-Dame-aux-camelias-p11-wp.jpg?ssl=1\"><img data-recalc-dims=\"1\" loading=\"lazy\" decoding=\"async\" data-attachment-id=\"309\" data-permalink=\"https:\/\/lesgravereaux.marret.co\/index.php\/jean-claude-pascal\/jean-claude-pascal-le-comedien\/la-dame-aux-camelias-1952\/1952-la-dame-aux-camelias-p11-wp\/\" data-orig-file=\"https:\/\/i0.wp.com\/lesgravereaux.marret.co\/wp-content\/uploads\/2016\/03\/1952-La-Dame-aux-camelias-p11-wp.jpg?fit=824%2C1181&amp;ssl=1\" data-orig-size=\"824,1181\" data-comments-opened=\"1\" data-image-meta=\"{&quot;aperture&quot;:&quot;0&quot;,&quot;credit&quot;:&quot;&quot;,&quot;camera&quot;:&quot;&quot;,&quot;caption&quot;:&quot;&quot;,&quot;created_timestamp&quot;:&quot;0&quot;,&quot;copyright&quot;:&quot;&quot;,&quot;focal_length&quot;:&quot;0&quot;,&quot;iso&quot;:&quot;0&quot;,&quot;shutter_speed&quot;:&quot;0&quot;,&quot;title&quot;:&quot;&quot;,&quot;orientation&quot;:&quot;1&quot;}\" data-image-title=\"1952 La Dame aux camelias p11 wp\" data-image-description=\"\" data-image-caption=\"\" data-medium-file=\"https:\/\/i0.wp.com\/lesgravereaux.marret.co\/wp-content\/uploads\/2016\/03\/1952-La-Dame-aux-camelias-p11-wp.jpg?fit=209%2C300&amp;ssl=1\" data-large-file=\"https:\/\/i0.wp.com\/lesgravereaux.marret.co\/wp-content\/uploads\/2016\/03\/1952-La-Dame-aux-camelias-p11-wp.jpg?fit=640%2C918&amp;ssl=1\" class=\"wp-image-309 alignleft\" src=\"https:\/\/i0.wp.com\/lesgravereaux.marret.co\/wp-content\/uploads\/2016\/03\/1952-La-Dame-aux-camelias-p11-wp.jpg?resize=190%2C272&#038;ssl=1\" alt=\"1952 La Dame aux camelias p11 wp\" width=\"190\" height=\"272\" data-wp-pid=\"309\" srcset=\"https:\/\/i0.wp.com\/lesgravereaux.marret.co\/wp-content\/uploads\/2016\/03\/1952-La-Dame-aux-camelias-p11-wp.jpg?resize=714%2C1024&amp;ssl=1 714w, https:\/\/i0.wp.com\/lesgravereaux.marret.co\/wp-content\/uploads\/2016\/03\/1952-La-Dame-aux-camelias-p11-wp.jpg?resize=209%2C300&amp;ssl=1 209w, https:\/\/i0.wp.com\/lesgravereaux.marret.co\/wp-content\/uploads\/2016\/03\/1952-La-Dame-aux-camelias-p11-wp.jpg?resize=768%2C1101&amp;ssl=1 768w, https:\/\/i0.wp.com\/lesgravereaux.marret.co\/wp-content\/uploads\/2016\/03\/1952-La-Dame-aux-camelias-p11-wp.jpg?resize=800%2C1147&amp;ssl=1 800w, https:\/\/i0.wp.com\/lesgravereaux.marret.co\/wp-content\/uploads\/2016\/03\/1952-La-Dame-aux-camelias-p11-wp.jpg?resize=419%2C600&amp;ssl=1 419w, https:\/\/i0.wp.com\/lesgravereaux.marret.co\/wp-content\/uploads\/2016\/03\/1952-La-Dame-aux-camelias-p11-wp.jpg?w=824&amp;ssl=1 824w\" sizes=\"auto, (max-width: 190px) 100vw, 190px\" \/><\/a><a href=\"https:\/\/i0.wp.com\/lesgravereaux.marret.co\/wp-content\/uploads\/2016\/05\/Gravereaux-Denis-Bashir-Lazhar-2a_wp.jpg?ssl=1\"><img data-recalc-dims=\"1\" loading=\"lazy\" decoding=\"async\" data-attachment-id=\"2372\" data-permalink=\"https:\/\/lesgravereaux.marret.co\/index.php\/la-famille-gravereaux\/la-famille-gravereaux-au-theatre\/gravereaux-denis-bashir-lazhar-2a_wp\/\" data-orig-file=\"https:\/\/i0.wp.com\/lesgravereaux.marret.co\/wp-content\/uploads\/2016\/05\/Gravereaux-Denis-Bashir-Lazhar-2a_wp.jpg?fit=648%2C886&amp;ssl=1\" data-orig-size=\"648,886\" data-comments-opened=\"1\" data-image-meta=\"{&quot;aperture&quot;:&quot;0&quot;,&quot;credit&quot;:&quot;&quot;,&quot;camera&quot;:&quot;&quot;,&quot;caption&quot;:&quot;&quot;,&quot;created_timestamp&quot;:&quot;0&quot;,&quot;copyright&quot;:&quot;&quot;,&quot;focal_length&quot;:&quot;0&quot;,&quot;iso&quot;:&quot;0&quot;,&quot;shutter_speed&quot;:&quot;0&quot;,&quot;title&quot;:&quot;&quot;,&quot;orientation&quot;:&quot;1&quot;}\" data-image-title=\"Gravereaux, Denis &amp;#8211; Bashir Lazhar 2a_wp\" data-image-description=\"\" data-image-caption=\"\" data-medium-file=\"https:\/\/i0.wp.com\/lesgravereaux.marret.co\/wp-content\/uploads\/2016\/05\/Gravereaux-Denis-Bashir-Lazhar-2a_wp.jpg?fit=219%2C300&amp;ssl=1\" data-large-file=\"https:\/\/i0.wp.com\/lesgravereaux.marret.co\/wp-content\/uploads\/2016\/05\/Gravereaux-Denis-Bashir-Lazhar-2a_wp.jpg?fit=640%2C875&amp;ssl=1\" class=\"wp-image-2372 alignright\" src=\"https:\/\/i0.wp.com\/lesgravereaux.marret.co\/wp-content\/uploads\/2016\/05\/Gravereaux-Denis-Bashir-Lazhar-2a_wp.jpg?resize=190%2C272&#038;ssl=1\" alt=\"Gravereaux, Denis - Bashir Lazhar 2a_wp\" width=\"190\" height=\"272\" data-wp-pid=\"2372\"><\/a><\/p>\n<p>\u00c0&nbsp;croire que la famille Gravereaux avait l\u2019\u00e2me au spectacle. Et peut-\u00eatre trouvera-t-on l\u00e0 l\u2019origine des carri\u00e8res artistiques de <a href=\"https:\/\/lesgravereaux.marret.co\/index.php\/jean-claude-pascal-le-comedien\/\">Jean-Claude Pascal <\/a>ou Denis Gravereaux&#8230;<\/p>\n<p>&nbsp;<\/p>\n<p>&nbsp;<\/p>\n<p>&nbsp;<\/p>\n<p>&nbsp;<\/p>\n<p>&nbsp;<\/p>\n<p>&nbsp;<\/p>\n","protected":false},"excerpt":{"rendered":"<p>En se mariant avec Laure Thuillier, Jules Gravereaux entrait dans une famille au talent artistique ind\u00e9niable. Sa belle-s\u0153ur, Louise Victoire Thuillier avait remport\u00e9 un premier prix de piano et un 1er prix de solf\u00e8ge au Conservatoire; elle fit d\u2019ailleurs carri\u00e8re &hellip; <a href=\"https:\/\/lesgravereaux.marret.co\/index.php\/la-famille-gravereaux\/la-famille-gravereaux-au-theatre\/\">Continuer la lecture <span class=\"meta-nav\">&rarr;<\/span><\/a><\/p>\n","protected":false},"author":1,"featured_media":0,"parent":645,"menu_order":0,"comment_status":"closed","ping_status":"closed","template":"","meta":{"ngg_post_thumbnail":0,"jetpack_post_was_ever_published":false,"footnotes":""},"class_list":["post-2377","page","type-page","status-publish","hentry"],"jetpack_sharing_enabled":true,"jetpack_shortlink":"https:\/\/wp.me\/P7ERyi-Cl","jetpack-related-posts":[{"id":5067,"url":"https:\/\/lesgravereaux.marret.co\/index.php\/jules-gravereaux\/des-evenements-de-sa-vie\/jules-gravereaux-son-mariage\/louise-thuillier\/","url_meta":{"origin":2377,"position":0},"title":"Louise Thuillier","author":"marretgravereaux","date":"20 avril 2017","format":false,"excerpt":"Fille d\u2019Alexis Eug\u00e8ne Thuillier (1816-1893) et de H\u00e9lo\u00efse Philiberte Gautier (1825-1893), Louise Victoire Thuillier na\u00eet \u00e0 Paris (5e arrondissement) le 8 mars 1859. Elle d\u00e9veloppe tr\u00e8s jeune ses talents artistiques et se fait remarquer alors qu\u2019elle n\u2019a pas 18\u00a0ans. Dans sa petite chronique du 28\u00a0juillet\u00a01877, Le Monde artiste \u00e9crit\u00a0: \u00ab\u00a0Le\u2026","rel":"","context":"Article similaire","block_context":{"text":"Article similaire","link":""},"img":{"alt_text":"","src":"https:\/\/i0.wp.com\/lesgravereaux.marret.co\/wp-content\/uploads\/2016\/10\/Thuillier-Louise-2a_wp-769x1024.jpg?resize=350%2C200","width":350,"height":200},"classes":[]},{"id":5282,"url":"https:\/\/lesgravereaux.marret.co\/index.php\/jules-gravereaux\/des-evenements-de-sa-vie\/jules-gravereaux-son-mariage\/laure-thuillier\/","url_meta":{"origin":2377,"position":1},"title":"Laure Thuillier","author":"marretgravereaux","date":"21 avril 2017","format":false,"excerpt":"Fille d\u2019Alexis Eug\u00e8ne Thuillier et de H\u00e9lo\u00efse Philiberte Gautier, Laure Marie Alexandrine THUILLIER na\u00eet le jeudi 30 d\u00e9cembre 1852 \u00e0 Paris. Elle vient d\u2019avoir 21\u00a0ans lorsqu\u2019elle \u00e9pouse Jules Gravereaux, le 9\u00a0ao\u00fbt 1873. Ce serait \u00e0 elle que l\u2019on doit la carri\u00e8re de Jules Gravereaux dans le monde des rosi\u00e9ristes. Sa\u2026","rel":"","context":"Article similaire","block_context":{"text":"Article similaire","link":""},"img":{"alt_text":"","src":"https:\/\/i0.wp.com\/lesgravereaux.marret.co\/wp-content\/uploads\/2015\/10\/Jules-Gravereaux-et-Laure-Thuillier-GV0066b-1024x882.jpg?resize=350%2C200","width":350,"height":200},"classes":[]},{"id":2108,"url":"https:\/\/lesgravereaux.marret.co\/index.php\/la-famille-gravereaux\/1983-la-famille-gravereaux-h-ballu\/","url_meta":{"origin":2377,"position":2},"title":"1983 &#8211; La famille Gravereaux  (H. Ballu)","author":"marretgravereaux","date":"1 mai 2016","format":false,"excerpt":"La famille de Jules Gravereaux et Laure Thuillier\u00a0en 1983 \u00a0 En 1983, H\u00e9l\u00e8ne Ballu fait \u00e9diter, \u00e0 compte d'auteur, une brochure sur la famille Gravereaux qu'elle distribue \u00e0 tous les descendants de Jules Gravereaux ainsi qu'\u00e0 quelques collat\u00e9raux.\u00a0Henri Gravereaux - son oncle -\u00a0avait r\u00e9dig\u00e9 des notes g\u00e9n\u00e9alogiques en 1943; H\u00e9l\u00e8ne\u2026","rel":"","context":"Article similaire","block_context":{"text":"Article similaire","link":""},"img":{"alt_text":"1983 Ballu, H\u00e9l\u00e8ne - Brochure c0","src":"https:\/\/i0.wp.com\/lesgravereaux.marret.co\/wp-content\/uploads\/2016\/05\/1983-Ballu-H%C3%A9l%C3%A8ne-Brochure-c0.jpg?resize=350%2C200","width":350,"height":200},"classes":[]},{"id":946,"url":"https:\/\/lesgravereaux.marret.co\/index.php\/jules-gravereaux\/4-avenue-de-villars\/","url_meta":{"origin":2377,"position":3},"title":"4, avenue de Villars","author":"marretgravereaux","date":"13 mars 2016","format":false,"excerpt":"Le 25 novembre 1894, Jules Gravereaux ach\u00e8te l\u2019immeuble \u00ab\u00a0de Monsieur Guillaume Grohe, fabricant de meubles, et Madame-Emilie Anna Prehy, son \u00e9pouse, demeurant ensemble \u00e0 Paris, Avenue de Villars num\u00e9ro 4. Suivant proc\u00e8s-verbal d'adjudication dress\u00e9 le vingt cinq novembre mil huit cent quatre vingt quatre par Me Meighein, Notaire \u00e0 Paris\u2026","rel":"","context":"Article similaire","block_context":{"text":"Article similaire","link":""},"img":{"alt_text":"4 Av de Villars - YH020_wp","src":"https:\/\/i0.wp.com\/marret.co\/wp-content\/uploads\/2016\/03\/4-Av-de-Villars-YH020_wp-644x1024.jpg?resize=350%2C200","width":350,"height":200},"classes":[]},{"id":2001,"url":"https:\/\/lesgravereaux.marret.co\/index.php\/jules-gravereaux\/1294-2\/des-roses\/aux-noms-de-la-rose\/","url_meta":{"origin":2377,"position":4},"title":"Aux noms de la rose&#8230;","author":"marretgravereaux","date":"25 avril 2016","format":false,"excerpt":"Jules Gravereaux a cr\u00e9\u00e9 plus d'une centaine de roses et il a donn\u00e9 \u00e0 celles-ci le nom de membres de sa famille, d'amis ou de personnes connues, ainsi que de certains lieux ou \u00e9v\u00e8nements. Diverses recherches ont permis d'identifier, de fa\u00e7on certaine ou probable, les personnes vis\u00e9es... Si vous avez\u2026","rel":"","context":"Article similaire","block_context":{"text":"Article similaire","link":""},"img":{"alt_text":"1902 RdlH - Catalogue p91A_wp","src":"https:\/\/i0.wp.com\/lesgravereaux.marret.co\/wp-content\/uploads\/2016\/04\/1902-RdlH-Catalogue-p91A_wp-628x1024.jpg?resize=350%2C200","width":350,"height":200},"classes":[]},{"id":583,"url":"https:\/\/lesgravereaux.marret.co\/index.php\/jules-gravereaux\/jules-gravereaux-artiste-peintre\/","url_meta":{"origin":2377,"position":5},"title":"Jules Gravereaux, artiste-peintre","author":"marretgravereaux","date":"7 mars 2016","format":false,"excerpt":"Jules GRAVEREAUX s\u2019est longtemps int\u00e9ress\u00e9 \u00e0 la photographie. On sait qu\u2019en 1888 \u2014 au moment o\u00f9 il a pris sa retraite du Bon March\u00e9 \u2014, il est devenu membre de la Soci\u00e9t\u00e9 fran\u00e7aise de photographie; et qu\u2019il s\u2019est am\u00e9nag\u00e9 une chambre noire \u00e0 L\u2019Ha\u00ff peu apr\u00e8s son installation. Son \u00e9pouse,\u2026","rel":"","context":"Article similaire","block_context":{"text":"Article similaire","link":""},"img":{"alt_text":"Gravereaux, Jules (47 J 292)_wp","src":"https:\/\/i0.wp.com\/marret.co\/wp-content\/uploads\/2016\/03\/Gravereaux-Jules-47-J-292_wp-683x1024.jpg?resize=350%2C200","width":350,"height":200},"classes":[]}],"_links":{"self":[{"href":"https:\/\/lesgravereaux.marret.co\/index.php\/wp-json\/wp\/v2\/pages\/2377","targetHints":{"allow":["GET"]}}],"collection":[{"href":"https:\/\/lesgravereaux.marret.co\/index.php\/wp-json\/wp\/v2\/pages"}],"about":[{"href":"https:\/\/lesgravereaux.marret.co\/index.php\/wp-json\/wp\/v2\/types\/page"}],"author":[{"embeddable":true,"href":"https:\/\/lesgravereaux.marret.co\/index.php\/wp-json\/wp\/v2\/users\/1"}],"replies":[{"embeddable":true,"href":"https:\/\/lesgravereaux.marret.co\/index.php\/wp-json\/wp\/v2\/comments?post=2377"}],"version-history":[{"count":1,"href":"https:\/\/lesgravereaux.marret.co\/index.php\/wp-json\/wp\/v2\/pages\/2377\/revisions"}],"predecessor-version":[{"id":22850,"href":"https:\/\/lesgravereaux.marret.co\/index.php\/wp-json\/wp\/v2\/pages\/2377\/revisions\/22850"}],"up":[{"embeddable":true,"href":"https:\/\/lesgravereaux.marret.co\/index.php\/wp-json\/wp\/v2\/pages\/645"}],"wp:attachment":[{"href":"https:\/\/lesgravereaux.marret.co\/index.php\/wp-json\/wp\/v2\/media?parent=2377"}],"curies":[{"name":"wp","href":"https:\/\/api.w.org\/{rel}","templated":true}]}}