{"id":22898,"date":"2022-03-14T18:01:26","date_gmt":"2022-03-14T17:01:26","guid":{"rendered":"https:\/\/lesgravereaux.marret.co\/?page_id=22898"},"modified":"2022-04-28T17:35:49","modified_gmt":"2022-04-28T16:35:49","slug":"henry-gerard-revient-exposer-a-paris-1956","status":"publish","type":"page","link":"https:\/\/lesgravereaux.marret.co\/index.php\/la-famille-gravereaux\/gerard-gravereaux\/henry-gerard-gravereaux-sexpose\/henry-gerard-revient-exposer-a-paris-1956\/","title":{"rendered":"Henry G\u00e9rard revient exposer \u00e0 Paris (1956)"},"content":{"rendered":"<h4 style=\"text-align: center;\"><strong>Galerie Coard, Paris. 4 d\u00e9cembre \u2013 18 d\u00e9cembre 1956<\/strong><\/h4>\n<p><a href=\"https:\/\/i0.wp.com\/lesgravereaux.marret.co\/wp-content\/uploads\/2022\/03\/1956-12-04-Exposition-Henry-Gerard-Gravereaux-Vernissage-2-3a.jpg?ssl=1\"><img data-recalc-dims=\"1\" loading=\"lazy\" decoding=\"async\" data-attachment-id=\"22900\" data-permalink=\"https:\/\/lesgravereaux.marret.co\/index.php\/la-famille-gravereaux\/gerard-gravereaux\/henry-gerard-gravereaux-sexpose\/henry-gerard-revient-exposer-a-paris-1956\/1956-12-04-exposition-henry-gerard-gravereaux-vernissage-2-3a\/\" data-orig-file=\"https:\/\/i0.wp.com\/lesgravereaux.marret.co\/wp-content\/uploads\/2022\/03\/1956-12-04-Exposition-Henry-Gerard-Gravereaux-Vernissage-2-3a.jpg?fit=1698%2C1396&amp;ssl=1\" data-orig-size=\"1698,1396\" data-comments-opened=\"1\" data-image-meta=\"{&quot;aperture&quot;:&quot;0&quot;,&quot;credit&quot;:&quot;&quot;,&quot;camera&quot;:&quot;&quot;,&quot;caption&quot;:&quot;&quot;,&quot;created_timestamp&quot;:&quot;0&quot;,&quot;copyright&quot;:&quot;&quot;,&quot;focal_length&quot;:&quot;0&quot;,&quot;iso&quot;:&quot;0&quot;,&quot;shutter_speed&quot;:&quot;0&quot;,&quot;title&quot;:&quot;&quot;,&quot;orientation&quot;:&quot;1&quot;}\" data-image-title=\"1956-12-04 Exposition Henry G\u00e9rard Gravereaux &amp;#8211; Vernissage 2-3a\" data-image-description=\"\" data-image-caption=\"\" data-medium-file=\"https:\/\/i0.wp.com\/lesgravereaux.marret.co\/wp-content\/uploads\/2022\/03\/1956-12-04-Exposition-Henry-Gerard-Gravereaux-Vernissage-2-3a.jpg?fit=300%2C247&amp;ssl=1\" data-large-file=\"https:\/\/i0.wp.com\/lesgravereaux.marret.co\/wp-content\/uploads\/2022\/03\/1956-12-04-Exposition-Henry-Gerard-Gravereaux-Vernissage-2-3a.jpg?fit=640%2C526&amp;ssl=1\" class=\"alignnone size-medium wp-image-22900\" src=\"https:\/\/i0.wp.com\/lesgravereaux.marret.co\/wp-content\/uploads\/2022\/03\/1956-12-04-Exposition-Henry-Gerard-Gravereaux-Vernissage-2-3a.jpg?resize=300%2C247&#038;ssl=1\" alt=\"\" width=\"300\" height=\"247\" data-wp-pid=\"22900\" srcset=\"https:\/\/i0.wp.com\/lesgravereaux.marret.co\/wp-content\/uploads\/2022\/03\/1956-12-04-Exposition-Henry-Gerard-Gravereaux-Vernissage-2-3a.jpg?resize=300%2C247&amp;ssl=1 300w, https:\/\/i0.wp.com\/lesgravereaux.marret.co\/wp-content\/uploads\/2022\/03\/1956-12-04-Exposition-Henry-Gerard-Gravereaux-Vernissage-2-3a.jpg?resize=1024%2C842&amp;ssl=1 1024w, https:\/\/i0.wp.com\/lesgravereaux.marret.co\/wp-content\/uploads\/2022\/03\/1956-12-04-Exposition-Henry-Gerard-Gravereaux-Vernissage-2-3a.jpg?resize=768%2C631&amp;ssl=1 768w, https:\/\/i0.wp.com\/lesgravereaux.marret.co\/wp-content\/uploads\/2022\/03\/1956-12-04-Exposition-Henry-Gerard-Gravereaux-Vernissage-2-3a.jpg?resize=1536%2C1263&amp;ssl=1 1536w, https:\/\/i0.wp.com\/lesgravereaux.marret.co\/wp-content\/uploads\/2022\/03\/1956-12-04-Exposition-Henry-Gerard-Gravereaux-Vernissage-2-3a.jpg?w=1698&amp;ssl=1 1698w, https:\/\/i0.wp.com\/lesgravereaux.marret.co\/wp-content\/uploads\/2022\/03\/1956-12-04-Exposition-Henry-Gerard-Gravereaux-Vernissage-2-3a.jpg?w=1280&amp;ssl=1 1280w\" sizes=\"auto, (max-width: 300px) 100vw, 300px\" \/><\/a> <a href=\"https:\/\/i0.wp.com\/lesgravereaux.marret.co\/wp-content\/uploads\/2022\/03\/1956-12-04-Exposition-Henry-Gerard-Gravereaux-Vernissage-4-1a.jpg?ssl=1\"><img data-recalc-dims=\"1\" loading=\"lazy\" decoding=\"async\" data-attachment-id=\"22901\" data-permalink=\"https:\/\/lesgravereaux.marret.co\/index.php\/la-famille-gravereaux\/gerard-gravereaux\/henry-gerard-gravereaux-sexpose\/henry-gerard-revient-exposer-a-paris-1956\/1956-12-04-exposition-henry-gerard-gravereaux-vernissage-4-1a\/\" data-orig-file=\"https:\/\/i0.wp.com\/lesgravereaux.marret.co\/wp-content\/uploads\/2022\/03\/1956-12-04-Exposition-Henry-Gerard-Gravereaux-Vernissage-4-1a.jpg?fit=1695%2C1394&amp;ssl=1\" data-orig-size=\"1695,1394\" data-comments-opened=\"1\" data-image-meta=\"{&quot;aperture&quot;:&quot;0&quot;,&quot;credit&quot;:&quot;&quot;,&quot;camera&quot;:&quot;&quot;,&quot;caption&quot;:&quot;&quot;,&quot;created_timestamp&quot;:&quot;0&quot;,&quot;copyright&quot;:&quot;&quot;,&quot;focal_length&quot;:&quot;0&quot;,&quot;iso&quot;:&quot;0&quot;,&quot;shutter_speed&quot;:&quot;0&quot;,&quot;title&quot;:&quot;&quot;,&quot;orientation&quot;:&quot;1&quot;}\" data-image-title=\"1956-12-04 Exposition Henry G\u00e9rard Gravereaux &amp;#8211; Vernissage 4-1a\" data-image-description=\"\" data-image-caption=\"\" data-medium-file=\"https:\/\/i0.wp.com\/lesgravereaux.marret.co\/wp-content\/uploads\/2022\/03\/1956-12-04-Exposition-Henry-Gerard-Gravereaux-Vernissage-4-1a.jpg?fit=300%2C247&amp;ssl=1\" data-large-file=\"https:\/\/i0.wp.com\/lesgravereaux.marret.co\/wp-content\/uploads\/2022\/03\/1956-12-04-Exposition-Henry-Gerard-Gravereaux-Vernissage-4-1a.jpg?fit=640%2C526&amp;ssl=1\" class=\"alignnone size-medium wp-image-22901\" src=\"https:\/\/i0.wp.com\/lesgravereaux.marret.co\/wp-content\/uploads\/2022\/03\/1956-12-04-Exposition-Henry-Gerard-Gravereaux-Vernissage-4-1a.jpg?resize=300%2C247&#038;ssl=1\" alt=\"\" width=\"300\" height=\"247\" data-wp-pid=\"22901\" srcset=\"https:\/\/i0.wp.com\/lesgravereaux.marret.co\/wp-content\/uploads\/2022\/03\/1956-12-04-Exposition-Henry-Gerard-Gravereaux-Vernissage-4-1a.jpg?resize=300%2C247&amp;ssl=1 300w, https:\/\/i0.wp.com\/lesgravereaux.marret.co\/wp-content\/uploads\/2022\/03\/1956-12-04-Exposition-Henry-Gerard-Gravereaux-Vernissage-4-1a.jpg?resize=1024%2C842&amp;ssl=1 1024w, https:\/\/i0.wp.com\/lesgravereaux.marret.co\/wp-content\/uploads\/2022\/03\/1956-12-04-Exposition-Henry-Gerard-Gravereaux-Vernissage-4-1a.jpg?resize=768%2C632&amp;ssl=1 768w, https:\/\/i0.wp.com\/lesgravereaux.marret.co\/wp-content\/uploads\/2022\/03\/1956-12-04-Exposition-Henry-Gerard-Gravereaux-Vernissage-4-1a.jpg?resize=1536%2C1263&amp;ssl=1 1536w, https:\/\/i0.wp.com\/lesgravereaux.marret.co\/wp-content\/uploads\/2022\/03\/1956-12-04-Exposition-Henry-Gerard-Gravereaux-Vernissage-4-1a.jpg?w=1695&amp;ssl=1 1695w, https:\/\/i0.wp.com\/lesgravereaux.marret.co\/wp-content\/uploads\/2022\/03\/1956-12-04-Exposition-Henry-Gerard-Gravereaux-Vernissage-4-1a.jpg?w=1280&amp;ssl=1 1280w\" sizes=\"auto, (max-width: 300px) 100vw, 300px\" \/><\/a><\/p>\n<p style=\"text-align: center;\"><span style=\"text-decoration: underline;\"><strong>Dans la presse<\/strong><\/span><\/p>\n<div id=\"attachment_22902\" style=\"width: 310px\" class=\"wp-caption aligncenter\"><a href=\"https:\/\/i0.wp.com\/lesgravereaux.marret.co\/wp-content\/uploads\/2022\/03\/1956-12-11-Paris-presse-LIntransigeant-p5B.jpg?ssl=1\"><img data-recalc-dims=\"1\" loading=\"lazy\" decoding=\"async\" aria-describedby=\"caption-attachment-22902\" data-attachment-id=\"22902\" data-permalink=\"https:\/\/lesgravereaux.marret.co\/index.php\/la-famille-gravereaux\/gerard-gravereaux\/henry-gerard-gravereaux-sexpose\/henry-gerard-revient-exposer-a-paris-1956\/1956-12-11-paris-presse-lintransigeant-p5b\/\" data-orig-file=\"https:\/\/i0.wp.com\/lesgravereaux.marret.co\/wp-content\/uploads\/2022\/03\/1956-12-11-Paris-presse-LIntransigeant-p5B.jpg?fit=382%2C134&amp;ssl=1\" data-orig-size=\"382,134\" data-comments-opened=\"1\" data-image-meta=\"{&quot;aperture&quot;:&quot;0&quot;,&quot;credit&quot;:&quot;&quot;,&quot;camera&quot;:&quot;&quot;,&quot;caption&quot;:&quot;&quot;,&quot;created_timestamp&quot;:&quot;0&quot;,&quot;copyright&quot;:&quot;&quot;,&quot;focal_length&quot;:&quot;0&quot;,&quot;iso&quot;:&quot;0&quot;,&quot;shutter_speed&quot;:&quot;0&quot;,&quot;title&quot;:&quot;&quot;,&quot;orientation&quot;:&quot;1&quot;}\" data-image-title=\"1956-12-11 Paris-presse L&amp;rsquo;Intransigeant p5B\" data-image-description=\"\" data-image-caption=\"&lt;p&gt;D\u2018une galerie \u00e0 l\u2019autre. Paris-Presse L\u2019intransigeant, 11 d\u00e9cembre 1956&lt;\/p&gt;\n\" data-medium-file=\"https:\/\/i0.wp.com\/lesgravereaux.marret.co\/wp-content\/uploads\/2022\/03\/1956-12-11-Paris-presse-LIntransigeant-p5B.jpg?fit=300%2C105&amp;ssl=1\" data-large-file=\"https:\/\/i0.wp.com\/lesgravereaux.marret.co\/wp-content\/uploads\/2022\/03\/1956-12-11-Paris-presse-LIntransigeant-p5B.jpg?fit=382%2C134&amp;ssl=1\" class=\"size-medium wp-image-22902\" src=\"https:\/\/i0.wp.com\/lesgravereaux.marret.co\/wp-content\/uploads\/2022\/03\/1956-12-11-Paris-presse-LIntransigeant-p5B.jpg?resize=300%2C105&#038;ssl=1\" alt=\"\" width=\"300\" height=\"105\" data-wp-pid=\"22902\" srcset=\"https:\/\/i0.wp.com\/lesgravereaux.marret.co\/wp-content\/uploads\/2022\/03\/1956-12-11-Paris-presse-LIntransigeant-p5B.jpg?resize=300%2C105&amp;ssl=1 300w, https:\/\/i0.wp.com\/lesgravereaux.marret.co\/wp-content\/uploads\/2022\/03\/1956-12-11-Paris-presse-LIntransigeant-p5B.jpg?w=382&amp;ssl=1 382w\" sizes=\"auto, (max-width: 300px) 100vw, 300px\" \/><\/a><p id=\"caption-attachment-22902\" class=\"wp-caption-text\">D\u2018une galerie \u00e0 l\u2019autre. Paris-Presse L\u2019intransigeant, 11 d\u00e9cembre 1956<\/p><\/div>\n","protected":false},"excerpt":{"rendered":"<p>Galerie Coard, Paris. 4 d\u00e9cembre \u2013 18 d\u00e9cembre 1956 Dans la presse<\/p>\n","protected":false},"author":1,"featured_media":0,"parent":1172,"menu_order":0,"comment_status":"closed","ping_status":"closed","template":"","meta":{"ngg_post_thumbnail":0,"jetpack_post_was_ever_published":false,"footnotes":""},"class_list":["post-22898","page","type-page","status-publish","hentry"],"jetpack_sharing_enabled":true,"jetpack_shortlink":"https:\/\/wp.me\/P7ERyi-5Xk","jetpack-related-posts":[{"id":1172,"url":"https:\/\/lesgravereaux.marret.co\/index.php\/la-famille-gravereaux\/gerard-gravereaux\/henry-gerard-gravereaux-sexpose\/","url_meta":{"origin":22898,"position":0},"title":"Henry-G\u00e9rard Gravereaux s&rsquo;expose&#8230;","author":"marretgravereaux","date":"17 mars 2016","format":false,"excerpt":"Henry-G\u00e9rard Gravereaux est passionn\u00e9 par la peinture d\u00e8s sa jeunesse et il effectue plusieurs ann\u00e9es d\u2019\u00e9tude \u00e0 l\u2019Acad\u00e9mie Julian. Tout en \u0153uvrant professionnellement au sein de l\u2019entreprise familiale, il continue \u00e0 peindre - ce qu\u2019il fera toute sa vie \u2013et participe \u00e0 plusieurs expositions. La liste - non exhaustive \u2013\u2026","rel":"","context":"Article similaire","block_context":{"text":"Article similaire","link":""},"img":{"alt_text":"","src":"https:\/\/i0.wp.com\/lesgravereaux.marret.co\/wp-content\/uploads\/2018\/12\/Henry-G%C3%A9rard-Gravereaux-Dessin-177x244_wp.jpg?resize=350%2C200&ssl=1","width":350,"height":200,"srcset":"https:\/\/i0.wp.com\/lesgravereaux.marret.co\/wp-content\/uploads\/2018\/12\/Henry-G%C3%A9rard-Gravereaux-Dessin-177x244_wp.jpg?resize=350%2C200&ssl=1 1x, https:\/\/i0.wp.com\/lesgravereaux.marret.co\/wp-content\/uploads\/2018\/12\/Henry-G%C3%A9rard-Gravereaux-Dessin-177x244_wp.jpg?resize=525%2C300&ssl=1 1.5x, https:\/\/i0.wp.com\/lesgravereaux.marret.co\/wp-content\/uploads\/2018\/12\/Henry-G%C3%A9rard-Gravereaux-Dessin-177x244_wp.jpg?resize=700%2C400&ssl=1 2x"},"classes":[]},{"id":2189,"url":"https:\/\/lesgravereaux.marret.co\/index.php\/jean-claude-pascal\/jean-claude-pascal-le-comedien\/les-francais-a-moscou\/","url_meta":{"origin":22898,"position":1},"title":"Les fran\u00e7ais \u00e0 Moscou","author":"marretgravereaux","date":"5 mai 2016","format":false,"excerpt":"\u00c0 la fin de l\u2019ann\u00e9e 1956, Jean-Claude Pascal se rend \u00e0 Alger pour la premi\u00e8re repr\u00e9sentation de la pi\u00e8ce en trois actes de Pol Quentin\u00a0Les Fran\u00e7ais \u00e0 Moscou (Mise en sc\u00e8ne de Jacques Charon).\u00a0La guerre d\u2019Alg\u00e9rie est en marche et, pendant la repr\u00e9sentation, les bombes \u00e9clatent en ville... L'histoire En\u2026","rel":"","context":"Article similaire","block_context":{"text":"Article similaire","link":""},"img":{"alt_text":"1956 Les francais a Moscou - Programme jpg wp","src":"https:\/\/i0.wp.com\/lesgravereaux.marret.co\/wp-content\/uploads\/2016\/05\/1956-Les-francais-a-Moscou-Programme-jpg-wp-679x1024.jpg?resize=350%2C200","width":350,"height":200},"classes":[]},{"id":829,"url":"https:\/\/lesgravereaux.marret.co\/index.php\/jules-gravereaux\/jules-gravereaux-ses-ancetres\/jean-narcisse-mathurin-gravereaux\/","url_meta":{"origin":22898,"position":2},"title":"Jean Narcisse Mathurin Gravereaux","author":"marretgravereaux","date":"11 mars 2016","format":false,"excerpt":"Jean-Narcisse Mathurin Gravereaux est n\u00e9 \u00e0 Vitry-sur-Seine, le 14 f\u00e9vrier 1806. Tout comme son p\u00e8re, Germain S\u00e9bastien Graverot, \u00a0il travaille comme menuisier. Le 17 f\u00e9vrier 1829, il \u00e9pouse, \u00e0 Vitry-sur-Seine, Marie Henriette Gervais. Ils eurent sept enfants. Malheureusement, les trois premiers moururent \u00e0 l\u2019accouchement. Puis vinrent\u00a0: D\u00e9sir\u00e9e Henriette Marie, n\u00e9e\u2026","rel":"","context":"Article similaire","block_context":{"text":"Article similaire","link":""},"img":{"alt_text":"","src":"","width":0,"height":0},"classes":[]},{"id":557,"url":"https:\/\/lesgravereaux.marret.co\/index.php\/jules-gravereaux\/jules-gravereaux-ses-ecrits\/557-2\/","url_meta":{"origin":22898,"position":3},"title":"Le carnet de Jules Gravereaux","author":"marretgravereaux","date":"7 mars 2016","format":false,"excerpt":"Pendant une grande partie de sa vie, Jules Gravereaux a consign\u00e9, dans un petit carnet, les \u00e9v\u00e8nements qui marquaient son quotidien\u00a0: naissances et d\u00e9c\u00e8s, maladies de ses enfants,\u00a0r\u00e9sultats professionnels, informations financi\u00e8res ou \u00e9v\u00e8nements publics. L'ensemble de ces notes personnelles, consign\u00e9es dans une sorte d'agenda perp\u00e9tuel, permet de suivre le parcours\u2026","rel":"","context":"Article similaire","block_context":{"text":"Article similaire","link":""},"img":{"alt_text":"Carnet - couverture_wp","src":"https:\/\/i0.wp.com\/marret.co\/wp-content\/uploads\/2016\/03\/Carnet-couverture_wp-1024x728.jpg?resize=350%2C200","width":350,"height":200},"classes":[]},{"id":863,"url":"https:\/\/lesgravereaux.marret.co\/index.php\/jules-gravereaux\/jules-gravereaux-ses-ancetres\/jean-narcisse-mathurin-gravereaux\/narcisse-gravereaux\/","url_meta":{"origin":22898,"position":4},"title":"Narcisse Gravereaux","author":"marretgravereaux","date":"11 mars 2016","format":false,"excerpt":"Louis Narcisse Gravereaux \u00e9tait le deuxi\u00e8me enfant (hormis les mort-n\u00e9s) de Jean-Narcisse Mathurin Gravereaux et Marie Henriette Gervais. Il est n\u00e9 le 4 d\u00e9cembre 1837 \u00e0 Vitry-sur-Seine. Le 7 d\u00e9cembre 1871, il \u00e9pousait Mathilde Thuillier; deux ans apr\u00e8s son fr\u00e8re, Jules \u00e9pousait sa belle-s\u0153ur Laure\u2026 Dipl\u00f4m\u00e9 des Beaux-Arts, il est\u2026","rel":"","context":"Article similaire","block_context":{"text":"Article similaire","link":""},"img":{"alt_text":"","src":"https:\/\/i0.wp.com\/lesgravereaux.marret.co\/wp-content\/uploads\/2019\/02\/Gravereaux-Narcisse-01a_wp.jpg?resize=350%2C200","width":350,"height":200},"classes":[]},{"id":1809,"url":"https:\/\/lesgravereaux.marret.co\/index.php\/jules-gravereaux\/jules-gravereaux-ses-ecrits\/1899-collection-botanique\/","url_meta":{"origin":22898,"position":5},"title":"1899 &#8211; Collection botanique","author":"marretgravereaux","date":"23 avril 2016","format":false,"excerpt":"Roseraie de L\u2019Ha\u00ff. Collection botanique de la roseraie de L'Hay au 15 d\u00e9cembre 1899. Classification de F. Cr\u00e9pin.-Paris [1899]. \u2014 19\u00a0p., reli\u00e9; 22\u00a0cm. ~~~~~~~ \u00a0 Catalogue de la Roseraie \u00e0 l\u2019Exposition Universelle. Liste de 500 vari\u00e9t\u00e9s de premier choix. \u00a0 \u00a0 \u00a0 \u00a0 premi\u00e8re et derni\u00e8re page du volume \u00a0\u2026","rel":"","context":"Article similaire","block_context":{"text":"Article similaire","link":""},"img":{"alt_text":"1899 Collection (47J_005_003a)_wp","src":"https:\/\/i0.wp.com\/lesgravereaux.marret.co\/wp-content\/uploads\/2016\/04\/1899-Collection-47J_005_003a_wp.jpg?resize=350%2C200","width":350,"height":200},"classes":[]}],"_links":{"self":[{"href":"https:\/\/lesgravereaux.marret.co\/index.php\/wp-json\/wp\/v2\/pages\/22898","targetHints":{"allow":["GET"]}}],"collection":[{"href":"https:\/\/lesgravereaux.marret.co\/index.php\/wp-json\/wp\/v2\/pages"}],"about":[{"href":"https:\/\/lesgravereaux.marret.co\/index.php\/wp-json\/wp\/v2\/types\/page"}],"author":[{"embeddable":true,"href":"https:\/\/lesgravereaux.marret.co\/index.php\/wp-json\/wp\/v2\/users\/1"}],"replies":[{"embeddable":true,"href":"https:\/\/lesgravereaux.marret.co\/index.php\/wp-json\/wp\/v2\/comments?post=22898"}],"version-history":[{"count":3,"href":"https:\/\/lesgravereaux.marret.co\/index.php\/wp-json\/wp\/v2\/pages\/22898\/revisions"}],"predecessor-version":[{"id":22904,"href":"https:\/\/lesgravereaux.marret.co\/index.php\/wp-json\/wp\/v2\/pages\/22898\/revisions\/22904"}],"up":[{"embeddable":true,"href":"https:\/\/lesgravereaux.marret.co\/index.php\/wp-json\/wp\/v2\/pages\/1172"}],"wp:attachment":[{"href":"https:\/\/lesgravereaux.marret.co\/index.php\/wp-json\/wp\/v2\/media?parent=22898"}],"curies":[{"name":"wp","href":"https:\/\/api.w.org\/{rel}","templated":true}]}}