{"id":2185,"date":"2016-05-05T00:20:08","date_gmt":"2016-05-04T23:20:08","guid":{"rendered":"http:\/\/lesgravereaux.marret.co\/?page_id=2185"},"modified":"2016-06-12T16:11:44","modified_gmt":"2016-06-12T15:11:44","slug":"la-femme-en-blanc","status":"publish","type":"page","link":"https:\/\/lesgravereaux.marret.co\/index.php\/jean-claude-pascal\/jean-claude-pascal-le-comedien\/la-femme-en-blanc\/","title":{"rendered":"La femme en blanc"},"content":{"rendered":"<p>Pi\u00e8ce en trois actes de Marcel Achard, <em><strong>La femme en blanc<\/strong> <\/em>a \u00e9t\u00e9 pr\u00e9sent\u00e9e pour la premi\u00e8re fois en 1933 \u00e0 Paris, au Th\u00e9\u00e2tre Michel.<\/p>\n<p><a href=\"https:\/\/i0.wp.com\/lesgravereaux.marret.co\/wp-content\/uploads\/2016\/05\/Ren%C3%A9e-St-Cyr-RarePixVintageActresses_wp.jpg?ssl=1\"><img data-recalc-dims=\"1\" loading=\"lazy\" decoding=\"async\" data-attachment-id=\"2187\" data-permalink=\"https:\/\/lesgravereaux.marret.co\/index.php\/jean-claude-pascal\/jean-claude-pascal-le-comedien\/la-femme-en-blanc\/renee-st-cyr-rarepixvintageactresses_wp\/\" data-orig-file=\"https:\/\/i0.wp.com\/lesgravereaux.marret.co\/wp-content\/uploads\/2016\/05\/Ren%C3%A9e-St-Cyr-RarePixVintageActresses_wp.jpg?fit=873%2C886&amp;ssl=1\" data-orig-size=\"873,886\" data-comments-opened=\"1\" data-image-meta=\"{&quot;aperture&quot;:&quot;0&quot;,&quot;credit&quot;:&quot;&quot;,&quot;camera&quot;:&quot;&quot;,&quot;caption&quot;:&quot;&quot;,&quot;created_timestamp&quot;:&quot;0&quot;,&quot;copyright&quot;:&quot;&quot;,&quot;focal_length&quot;:&quot;0&quot;,&quot;iso&quot;:&quot;0&quot;,&quot;shutter_speed&quot;:&quot;0&quot;,&quot;title&quot;:&quot;&quot;,&quot;orientation&quot;:&quot;1&quot;}\" data-image-title=\"Ren\u00e9e St-Cyr (RarePixVintageActresses)_wp\" data-image-description=\"\" data-image-caption=\"\" data-medium-file=\"https:\/\/i0.wp.com\/lesgravereaux.marret.co\/wp-content\/uploads\/2016\/05\/Ren%C3%A9e-St-Cyr-RarePixVintageActresses_wp.jpg?fit=296%2C300&amp;ssl=1\" data-large-file=\"https:\/\/i0.wp.com\/lesgravereaux.marret.co\/wp-content\/uploads\/2016\/05\/Ren%C3%A9e-St-Cyr-RarePixVintageActresses_wp.jpg?fit=640%2C650&amp;ssl=1\" class=\"wp-image-2187 alignright\" src=\"https:\/\/i0.wp.com\/lesgravereaux.marret.co\/wp-content\/uploads\/2016\/05\/Ren%C3%A9e-St-Cyr-RarePixVintageActresses_wp.jpg?resize=250%2C253&#038;ssl=1\" alt=\"Ren\u00e9e St-Cyr (RarePixVintageActresses)_wp\" width=\"250\" height=\"253\" data-wp-pid=\"2187\" srcset=\"https:\/\/i0.wp.com\/lesgravereaux.marret.co\/wp-content\/uploads\/2016\/05\/Ren%C3%A9e-St-Cyr-RarePixVintageActresses_wp.jpg?w=873&amp;ssl=1 873w, https:\/\/i0.wp.com\/lesgravereaux.marret.co\/wp-content\/uploads\/2016\/05\/Ren%C3%A9e-St-Cyr-RarePixVintageActresses_wp.jpg?resize=296%2C300&amp;ssl=1 296w, https:\/\/i0.wp.com\/lesgravereaux.marret.co\/wp-content\/uploads\/2016\/05\/Ren%C3%A9e-St-Cyr-RarePixVintageActresses_wp.jpg?resize=768%2C779&amp;ssl=1 768w, https:\/\/i0.wp.com\/lesgravereaux.marret.co\/wp-content\/uploads\/2016\/05\/Ren%C3%A9e-St-Cyr-RarePixVintageActresses_wp.jpg?resize=800%2C812&amp;ssl=1 800w, https:\/\/i0.wp.com\/lesgravereaux.marret.co\/wp-content\/uploads\/2016\/05\/Ren%C3%A9e-St-Cyr-RarePixVintageActresses_wp.jpg?resize=591%2C600&amp;ssl=1 591w\" sizes=\"auto, (max-width: 250px) 100vw, 250px\" \/><\/a>Jean-Claude Pascal et Ren\u00e9e Saint-Cyr l\u2019ont jou\u00e9e ensemble \u00e0 Bruxelles, en octobre 1950, au Th\u00e9\u00e2tre Royal des Galeries St-Hubert. Ils l\u2019ont reprise lors d\u2019une tourn\u00e9e en France qui a commenc\u00e9 au Casino de Dinard, le 20 juillet 1951, et s\u2019est poursuivie pendant deux mois dans les casinos d\u2019\u00e9t\u00e9 et les villes d\u2019eau.<\/p>\n<p style=\"text-align: right;\"><span style=\"font-size: 10pt;\">Ren\u00e9e Saint-Cyr<\/span><br \/>\n<em><span style=\"font-size: 10pt;\">(RarePixVintageActresses)<\/span><\/em><\/p>\n","protected":false},"excerpt":{"rendered":"<p>Pi\u00e8ce en trois actes de Marcel Achard, La femme en blanc a \u00e9t\u00e9 pr\u00e9sent\u00e9e pour la premi\u00e8re fois en 1933 \u00e0 Paris, au Th\u00e9\u00e2tre Michel. Jean-Claude Pascal et Ren\u00e9e Saint-Cyr l\u2019ont jou\u00e9e ensemble \u00e0 Bruxelles, en octobre 1950, au Th\u00e9\u00e2tre &hellip; <a href=\"https:\/\/lesgravereaux.marret.co\/index.php\/jean-claude-pascal\/jean-claude-pascal-le-comedien\/la-femme-en-blanc\/\">Continuer la lecture <span class=\"meta-nav\">&rarr;<\/span><\/a><\/p>\n","protected":false},"author":1,"featured_media":0,"parent":2138,"menu_order":0,"comment_status":"closed","ping_status":"closed","template":"","meta":{"ngg_post_thumbnail":0,"jetpack_post_was_ever_published":false,"footnotes":""},"class_list":["post-2185","page","type-page","status-publish","hentry"],"jetpack_sharing_enabled":true,"jetpack_shortlink":"https:\/\/wp.me\/P7ERyi-zf","jetpack-related-posts":[{"id":2138,"url":"https:\/\/lesgravereaux.marret.co\/index.php\/jean-claude-pascal\/jean-claude-pascal-le-comedien\/","url_meta":{"origin":2185,"position":0},"title":"Jean-Claude Pascal, au th\u00e9\u00e2tre","author":"marretgravereaux","date":"4 mai 2016","format":false,"excerpt":"Jean-Claude Pascal amorce sa carri\u00e8re professionnelle en \u00e9tant styliste chez de grands couturiers. Alors qu\u2019il travaille chez Robert Piguet, on lui demande de r\u00e9aliser des costumes pour le Don Juan que Louis Jouvet met en sc\u00e8ne \u00e0 l\u2019Ath\u00e9n\u00e9e. Ce sera son premier pas dans le monde du th\u00e9\u00e2tre. Le milieu\u2026","rel":"","context":"Article similaire","block_context":{"text":"Article similaire","link":""},"img":{"alt_text":"1956 Les francais a Moscou p03 wp","src":"https:\/\/i0.wp.com\/lesgravereaux.marret.co\/wp-content\/uploads\/2016\/05\/1956-Les-francais-a-Moscou-p03-wp-656x1024.jpg?resize=350%2C200","width":350,"height":200},"classes":[]},{"id":993,"url":"https:\/\/lesgravereaux.marret.co\/index.php\/la-roseraie-de-lhay\/le-theatre-des-roses\/","url_meta":{"origin":2185,"position":1},"title":"Le Th\u00e9\u00e2tre des Roses","author":"marretgravereaux","date":"13 mars 2016","format":false,"excerpt":"Le domaine de L\u2019Ha\u00ff, avec sa roseraie, s\u2019av\u00e9rait un lieu extraordinaire pour les r\u00e9unions familiales ainsi que pour les visites d\u2019amateurs de roses. Et Jules Gravereaux aimait y recevoir\u2026 En 1905, il rencontre les\u00a0Rosati\u00a0- une Soci\u00e9t\u00e9 de gens de lettres qui se r\u00e9unissaient sous l\u2019\u00e9gide des roses \u2013 et en\u2026","rel":"","context":"Article similaire","block_context":{"text":"Article similaire","link":""},"img":{"alt_text":"1911 Delacroix, Henry - La roseraie - GL001_wp","src":"https:\/\/i0.wp.com\/marret.co\/wp-content\/uploads\/2016\/03\/1911-Delacroix-Henry-La-roseraie-GL001_wp-1024x653.jpg?resize=350%2C200","width":350,"height":200},"classes":[]},{"id":2208,"url":"https:\/\/lesgravereaux.marret.co\/index.php\/jean-claude-pascal\/jean-claude-pascal-lecrivain\/","url_meta":{"origin":2185,"position":2},"title":"Jean-Claude Pascal, l&rsquo;\u00e9crivain","author":"marretgravereaux","date":"5 mai 2016","format":false,"excerpt":"Une autobiographie\u2026 Le beau masque T\u00e9moignage autobiographique d\u2019un fils de la grande bourgeoisie fran\u00e7aise qui fut successivement dessinateur-mod\u00e9liste, acteur au th\u00e9\u00e2tre, star de cin\u00e9ma, vedette de la chanson et \u00e9crivain\u2026 \u00c9ditions Robert Laffont. Mars 1986. Trois romans policiers\u2026 Le panier de crabes (L'\u00e9trange aventure de la Baronne von T.) R\u00e9cit\u2026","rel":"","context":"Article similaire","block_context":{"text":"Article similaire","link":""},"img":{"alt_text":"Le beau masque c1 wp","src":"https:\/\/i0.wp.com\/lesgravereaux.marret.co\/wp-content\/uploads\/2016\/02\/Le-beau-masque-c1-wp-649x1024.jpg?resize=350%2C200","width":350,"height":200},"classes":[]},{"id":1302,"url":"https:\/\/lesgravereaux.marret.co\/index.php\/jules-gravereaux\/1294-2\/des-roses\/la-rose-madame-raymond-poincare\/","url_meta":{"origin":2185,"position":3},"title":"La rose \u00abMadame Raymond Poincar\u00e9\u00bb","author":"marretgravereaux","date":"21 mars 2016","format":false,"excerpt":"L\u2019Association des Amis du Vieux L\u2019Ha\u00ff a pr\u00e9sent\u00e9, dans son num\u00e9ro de juin 2014, un article que nous reproduisons ici. 1913-1914 - Au nom de la rose par Jean-Luc Marret. Cr\u00e9\u00e9e par \u00c9douard Andr\u00e9 en 1899, la roseraie de L\u2019Ha\u00ff conna\u00eetra son apog\u00e9e dans les ann\u00e9es 1910. La cr\u00e9ation du\u2026","rel":"","context":"Article similaire","block_context":{"text":"Article similaire","link":""},"img":{"alt_text":"Rose Madame Raymond Poincare RdVM_4-3_wp","src":"https:\/\/i0.wp.com\/marret.co\/wp-content\/uploads\/2016\/03\/Rose-Madame-Raymond-Poincare-RdVM_4-3_wp-1024x819.jpg?resize=350%2C200","width":350,"height":200},"classes":[]},{"id":722,"url":"https:\/\/lesgravereaux.marret.co\/index.php\/jules-gravereaux\/des-evenements-de-sa-vie\/jules-gravereaux-son-mariage\/","url_meta":{"origin":2185,"position":4},"title":"Jules Gravereaux &#8211; son mariage","author":"marretgravereaux","date":"8 mars 2016","format":false,"excerpt":"\u00ab\u00a0Du Samedi neuf Ao\u00fbt mil huit cent soixante treize, onze heures du matin En la Mairie du Neuvi\u00e8me arrondissement de Paris. Acte de Mariage de : Jules GRAVEREAUX, employ\u00e9 de commerce, \u00e2g\u00e9 de vingt-neuf ans, n\u00e9 \u00e0 Vitry sur Seine (Seine) le premier Mai mil huit cent quarante-quatre, demeurant rue\u2026","rel":"","context":"Article similaire","block_context":{"text":"Article similaire","link":""},"img":{"alt_text":"Flash","src":"https:\/\/i0.wp.com\/marret.co\/wp-content\/uploads\/2016\/03\/1873-08-09-Gravereaux-Jules-Thuillier-AMP_wp-701x1024.jpg?resize=350%2C200","width":350,"height":200},"classes":[]},{"id":851,"url":"https:\/\/lesgravereaux.marret.co\/index.php\/jules-gravereaux\/jules-gravereaux-ses-ancetres\/jean-narcisse-mathurin-gravereaux\/le-mariage-de-jean-narcisse-mathurin-gravereaux-et-de-marie-gervais\/","url_meta":{"origin":2185,"position":5},"title":"Le mariage de Jean Narcisse Mathurin Gravereaux et de Marie Gervais","author":"marretgravereaux","date":"11 mars 2016","format":false,"excerpt":"\u00ab\u00a0L An mil huit cent vingt neuf le dix sept f\u00e9vrier heure de midi, Pardevant nous Dominique Louis Sassey adjoint au Maire de la Commune de Vitry-sur-Seine, faisant les fonctions d'officier public de l'\u00e9tat civil : Sont comparus les Sieurs Gravereaux Jean Narcisse Mathurin menuisier domicili\u00e9 \u00e0 Vitry, y n\u00e9\u2026","rel":"","context":"Article similaire","block_context":{"text":"Article similaire","link":""},"img":{"alt_text":"1829-02-17 GRAVEREAUX-GERVAIS - Mariage_wp","src":"https:\/\/i0.wp.com\/marret.co\/wp-content\/uploads\/2016\/03\/1829-02-17-GRAVEREAUX-GERVAIS-Mariage_wp-664x1024.jpg?resize=350%2C200","width":350,"height":200},"classes":[]}],"_links":{"self":[{"href":"https:\/\/lesgravereaux.marret.co\/index.php\/wp-json\/wp\/v2\/pages\/2185","targetHints":{"allow":["GET"]}}],"collection":[{"href":"https:\/\/lesgravereaux.marret.co\/index.php\/wp-json\/wp\/v2\/pages"}],"about":[{"href":"https:\/\/lesgravereaux.marret.co\/index.php\/wp-json\/wp\/v2\/types\/page"}],"author":[{"embeddable":true,"href":"https:\/\/lesgravereaux.marret.co\/index.php\/wp-json\/wp\/v2\/users\/1"}],"replies":[{"embeddable":true,"href":"https:\/\/lesgravereaux.marret.co\/index.php\/wp-json\/wp\/v2\/comments?post=2185"}],"version-history":[{"count":0,"href":"https:\/\/lesgravereaux.marret.co\/index.php\/wp-json\/wp\/v2\/pages\/2185\/revisions"}],"up":[{"embeddable":true,"href":"https:\/\/lesgravereaux.marret.co\/index.php\/wp-json\/wp\/v2\/pages\/2138"}],"wp:attachment":[{"href":"https:\/\/lesgravereaux.marret.co\/index.php\/wp-json\/wp\/v2\/media?parent=2185"}],"curies":[{"name":"wp","href":"https:\/\/api.w.org\/{rel}","templated":true}]}}