{"id":2183,"date":"2016-05-05T00:00:19","date_gmt":"2016-05-04T23:00:19","guid":{"rendered":"http:\/\/lesgravereaux.marret.co\/?page_id=2183"},"modified":"2016-06-12T15:47:28","modified_gmt":"2016-06-12T14:47:28","slug":"adieu-prudence","status":"publish","type":"page","link":"https:\/\/lesgravereaux.marret.co\/index.php\/jean-claude-pascal\/jean-claude-pascal-le-comedien\/adieu-prudence\/","title":{"rendered":"Adieu Prudence"},"content":{"rendered":"<p><a href=\"https:\/\/i0.wp.com\/lesgravereaux.marret.co\/wp-content\/uploads\/2016\/05\/1984-Adieu-Prudence-DVD1-wp.jpg?ssl=1\"><img data-recalc-dims=\"1\" loading=\"lazy\" decoding=\"async\" data-attachment-id=\"2168\" data-permalink=\"https:\/\/lesgravereaux.marret.co\/index.php\/jean-claude-pascal\/jean-claude-pascal-le-comedien\/adieu-prudence\/1984-adieu-prudence-dvd1-wp-2\/\" data-orig-file=\"https:\/\/i0.wp.com\/lesgravereaux.marret.co\/wp-content\/uploads\/2016\/05\/1984-Adieu-Prudence-DVD1-wp.jpg?fit=813%2C1181&amp;ssl=1\" data-orig-size=\"813,1181\" data-comments-opened=\"1\" data-image-meta=\"{&quot;aperture&quot;:&quot;0&quot;,&quot;credit&quot;:&quot;&quot;,&quot;camera&quot;:&quot;&quot;,&quot;caption&quot;:&quot;&quot;,&quot;created_timestamp&quot;:&quot;0&quot;,&quot;copyright&quot;:&quot;&quot;,&quot;focal_length&quot;:&quot;0&quot;,&quot;iso&quot;:&quot;0&quot;,&quot;shutter_speed&quot;:&quot;0&quot;,&quot;title&quot;:&quot;&quot;,&quot;orientation&quot;:&quot;1&quot;}\" data-image-title=\"1984 Adieu Prudence DVD1 wp\" data-image-description=\"\" data-image-caption=\"\" data-medium-file=\"https:\/\/i0.wp.com\/lesgravereaux.marret.co\/wp-content\/uploads\/2016\/05\/1984-Adieu-Prudence-DVD1-wp.jpg?fit=207%2C300&amp;ssl=1\" data-large-file=\"https:\/\/i0.wp.com\/lesgravereaux.marret.co\/wp-content\/uploads\/2016\/05\/1984-Adieu-Prudence-DVD1-wp.jpg?fit=640%2C930&amp;ssl=1\" class=\"wp-image-2168 alignright\" src=\"https:\/\/i0.wp.com\/lesgravereaux.marret.co\/wp-content\/uploads\/2016\/05\/1984-Adieu-Prudence-DVD1-wp.jpg?resize=300%2C436&#038;ssl=1\" alt=\"1984 Adieu Prudence DVD1 wp\" width=\"300\" height=\"436\" data-wp-pid=\"2168\" srcset=\"https:\/\/i0.wp.com\/lesgravereaux.marret.co\/wp-content\/uploads\/2016\/05\/1984-Adieu-Prudence-DVD1-wp.jpg?resize=705%2C1024&amp;ssl=1 705w, https:\/\/i0.wp.com\/lesgravereaux.marret.co\/wp-content\/uploads\/2016\/05\/1984-Adieu-Prudence-DVD1-wp.jpg?resize=207%2C300&amp;ssl=1 207w, https:\/\/i0.wp.com\/lesgravereaux.marret.co\/wp-content\/uploads\/2016\/05\/1984-Adieu-Prudence-DVD1-wp.jpg?resize=768%2C1116&amp;ssl=1 768w, https:\/\/i0.wp.com\/lesgravereaux.marret.co\/wp-content\/uploads\/2016\/05\/1984-Adieu-Prudence-DVD1-wp.jpg?resize=800%2C1162&amp;ssl=1 800w, https:\/\/i0.wp.com\/lesgravereaux.marret.co\/wp-content\/uploads\/2016\/05\/1984-Adieu-Prudence-DVD1-wp.jpg?resize=413%2C600&amp;ssl=1 413w, https:\/\/i0.wp.com\/lesgravereaux.marret.co\/wp-content\/uploads\/2016\/05\/1984-Adieu-Prudence-DVD1-wp.jpg?w=813&amp;ssl=1 813w\" sizes=\"auto, (max-width: 300px) 100vw, 300px\" \/><\/a><\/p>\n<p>Dans sa version fran\u00e7aise, la pi\u00e8ce de Leslie Stevens,\u00a0Adieu Prudence, a \u00e9t\u00e9 cr\u00e9\u00e9e en 1961 au Th\u00e9\u00e2tre du Gymnase.<\/p>\n<p>Elle a \u00e9t\u00e9 reprise \u00e0 la t\u00e9l\u00e9vision dans le cadre d\u2019\u00ab\u00a0Au th\u00e9\u00e2tre ce soir\u00a0\u00bb. Mise en sc\u00e8ne d\u2019Alain Feydeau\u00a0et r\u00e9alisation de Pierre Sabbagh. L\u2019\u00e9mission est enregistr\u00e9e au th\u00e9\u00e2tre Marigny, le 10\u00a0novembre\u00a01984 et diffus\u00e9e\u00a0le samedi 18\u00a0mai\u00a01985 sur la premi\u00e8re cha\u00eene.<\/p>\n<p>La distribution comprenait Jean-Claude Pascal (Fred Russell), Fran\u00e7oise Christophe (Constance), Herma Vos (Karin Sceg) et Alain Feydeau (Jerry Barnett).<\/p>\n<hr \/>\n<p><span style=\"text-decoration: underline;\">L&rsquo;histoire<\/span><\/p>\n<p>Aux \u00c9tats-Unis, un professeur d&rsquo;Universit\u00e9, Fred Russell, et sa femme, Constance, vedette de la t\u00e9l\u00e9vision, d\u00e9fendent, chacun devant son public respectif, la sacro-sainte institution qu&rsquo;est le mariage. Ils illustrent leurs propos par l&rsquo;\u00e9vocation d&rsquo;une exp\u00e9rience qui a, quelque temps, menac\u00e9 leur propre vie conjugale. Cette exp\u00e9rience, c&rsquo;est l&rsquo;arriv\u00e9e impromptue, chez eux, de la fille d&rsquo;un coll\u00e8gue de Fred, Karin&#8230;<\/p>\n<p>Lui est un \u00e9minent sociologue qui a entrepris de d\u00e9montrer \u00e0 ses \u00e9tudiants que le mariage\u00a0est une chose s\u00e9rieuse. Elle, vedette du petit \u00e9cran, enseigne \u00e0 ses t\u00e9l\u00e9spectatrices l&rsquo;art de \u00ab\u00a0dresser\u00a0\u00bb un mari.\u00a0Mais ce couple va \u00eatre confront\u00e9 \u00e0 une crise tr\u00e8s grave ; crise provoqu\u00e9e par l&rsquo; intrusion d&rsquo; une ravissante jeune fille dans leur intimit\u00e9.<\/p>\n","protected":false},"excerpt":{"rendered":"<p>Dans sa version fran\u00e7aise, la pi\u00e8ce de Leslie Stevens,\u00a0Adieu Prudence, a \u00e9t\u00e9 cr\u00e9\u00e9e en 1961 au Th\u00e9\u00e2tre du Gymnase. Elle a \u00e9t\u00e9 reprise \u00e0 la t\u00e9l\u00e9vision dans le cadre d\u2019\u00ab\u00a0Au th\u00e9\u00e2tre ce soir\u00a0\u00bb. Mise en sc\u00e8ne d\u2019Alain Feydeau\u00a0et r\u00e9alisation de &hellip; <a href=\"https:\/\/lesgravereaux.marret.co\/index.php\/jean-claude-pascal\/jean-claude-pascal-le-comedien\/adieu-prudence\/\">Continuer la lecture <span class=\"meta-nav\">&rarr;<\/span><\/a><\/p>\n","protected":false},"author":1,"featured_media":0,"parent":2138,"menu_order":0,"comment_status":"closed","ping_status":"closed","template":"","meta":{"ngg_post_thumbnail":0,"jetpack_post_was_ever_published":false,"footnotes":""},"class_list":["post-2183","page","type-page","status-publish","hentry"],"jetpack_sharing_enabled":true,"jetpack_shortlink":"https:\/\/wp.me\/P7ERyi-zd","jetpack-related-posts":[{"id":2138,"url":"https:\/\/lesgravereaux.marret.co\/index.php\/jean-claude-pascal\/jean-claude-pascal-le-comedien\/","url_meta":{"origin":2183,"position":0},"title":"Jean-Claude Pascal, au th\u00e9\u00e2tre","author":"marretgravereaux","date":"4 mai 2016","format":false,"excerpt":"Jean-Claude Pascal amorce sa carri\u00e8re professionnelle en \u00e9tant styliste chez de grands couturiers. Alors qu\u2019il travaille chez Robert Piguet, on lui demande de r\u00e9aliser des costumes pour le Don Juan que Louis Jouvet met en sc\u00e8ne \u00e0 l\u2019Ath\u00e9n\u00e9e. Ce sera son premier pas dans le monde du th\u00e9\u00e2tre. Le milieu\u2026","rel":"","context":"Article similaire","block_context":{"text":"Article similaire","link":""},"img":{"alt_text":"1956 Les francais a Moscou p03 wp","src":"https:\/\/i0.wp.com\/lesgravereaux.marret.co\/wp-content\/uploads\/2016\/05\/1956-Les-francais-a-Moscou-p03-wp-656x1024.jpg?resize=350%2C200","width":350,"height":200},"classes":[]},{"id":2377,"url":"https:\/\/lesgravereaux.marret.co\/index.php\/la-famille-gravereaux\/la-famille-gravereaux-au-theatre\/","url_meta":{"origin":2183,"position":1},"title":"La famille Gravereaux au th\u00e9\u00e2tre","author":"marretgravereaux","date":"9 mai 2016","format":false,"excerpt":"En se mariant avec Laure Thuillier, Jules Gravereaux entrait dans une famille au talent artistique ind\u00e9niable. Sa belle-s\u0153ur, Louise Victoire Thuillier avait remport\u00e9 un premier prix de piano et un 1er prix de solf\u00e8ge au Conservatoire; elle fit d\u2019ailleurs carri\u00e8re \u00e0 l\u2019Op\u00e9ra-Comique et \u00e0 la Gait\u00e9 Lyrique, o\u00f9 elle cr\u00e9a\u2026","rel":"","context":"Article similaire","block_context":{"text":"Article similaire","link":""},"img":{"alt_text":"1903-03-30 Gravereaux, Jules - Spectacle (Journal des debats) 2_wp","src":"https:\/\/i0.wp.com\/lesgravereaux.marret.co\/wp-content\/uploads\/2016\/05\/1903-03-30-Gravereaux-Jules-Spectacle-Journal-des-debats-2_wp-1024x683.jpg?resize=350%2C200","width":350,"height":200},"classes":[]},{"id":993,"url":"https:\/\/lesgravereaux.marret.co\/index.php\/la-roseraie-de-lhay\/le-theatre-des-roses\/","url_meta":{"origin":2183,"position":2},"title":"Le Th\u00e9\u00e2tre des Roses","author":"marretgravereaux","date":"13 mars 2016","format":false,"excerpt":"Le domaine de L\u2019Ha\u00ff, avec sa roseraie, s\u2019av\u00e9rait un lieu extraordinaire pour les r\u00e9unions familiales ainsi que pour les visites d\u2019amateurs de roses. Et Jules Gravereaux aimait y recevoir\u2026 En 1905, il rencontre les\u00a0Rosati\u00a0- une Soci\u00e9t\u00e9 de gens de lettres qui se r\u00e9unissaient sous l\u2019\u00e9gide des roses \u2013 et en\u2026","rel":"","context":"Article similaire","block_context":{"text":"Article similaire","link":""},"img":{"alt_text":"1911 Delacroix, Henry - La roseraie - GL001_wp","src":"https:\/\/i0.wp.com\/marret.co\/wp-content\/uploads\/2016\/03\/1911-Delacroix-Henry-La-roseraie-GL001_wp-1024x653.jpg?resize=350%2C200","width":350,"height":200},"classes":[]},{"id":2197,"url":"https:\/\/lesgravereaux.marret.co\/index.php\/jean-claude-pascal\/jean-claude-pascal-le-comedien\/les-amants-terribles\/","url_meta":{"origin":2183,"position":3},"title":"Les amants terribles","author":"marretgravereaux","date":"5 mai 2016","format":false,"excerpt":"La pi\u00e8ce de No\u00ebl\u00a0Coward, Les amants terribles, aurait \u00e9t\u00e9 jou\u00e9e pour une premi\u00e8re fois \u00e0 Paris, au Th\u00e9\u00e2tre Michel puis adapt\u00e9e pour le cin\u00e9ma en 1936. \u00a0 Elle a \u00e9t\u00e9 reprise en avril 1973, au Th\u00e9\u00e2tre Montparnasse, alors que Jean-Claude Pascal y jouait aux c\u00f4t\u00e9s de Danielle Darrieux, Agathe Natanson,\u2026","rel":"","context":"Article similaire","block_context":{"text":"Article similaire","link":""},"img":{"alt_text":"1973 - Les amants terribles p05 wp","src":"https:\/\/i0.wp.com\/lesgravereaux.marret.co\/wp-content\/uploads\/2016\/05\/1973-Les-amants-terribles-p05-wp-669x1024.jpg?resize=350%2C200","width":350,"height":200},"classes":[]},{"id":2185,"url":"https:\/\/lesgravereaux.marret.co\/index.php\/jean-claude-pascal\/jean-claude-pascal-le-comedien\/la-femme-en-blanc\/","url_meta":{"origin":2183,"position":4},"title":"La femme en blanc","author":"marretgravereaux","date":"5 mai 2016","format":false,"excerpt":"Pi\u00e8ce en trois actes de Marcel Achard, La femme en blanc a \u00e9t\u00e9 pr\u00e9sent\u00e9e pour la premi\u00e8re fois en 1933 \u00e0 Paris, au Th\u00e9\u00e2tre Michel. Jean-Claude Pascal et Ren\u00e9e Saint-Cyr l\u2019ont jou\u00e9e ensemble \u00e0 Bruxelles, en octobre 1950, au Th\u00e9\u00e2tre Royal des Galeries St-Hubert. Ils l\u2019ont reprise lors d\u2019une tourn\u00e9e\u2026","rel":"","context":"Article similaire","block_context":{"text":"Article similaire","link":""},"img":{"alt_text":"Ren\u00e9e St-Cyr (RarePixVintageActresses)_wp","src":"https:\/\/i0.wp.com\/lesgravereaux.marret.co\/wp-content\/uploads\/2016\/05\/Ren%C3%A9e-St-Cyr-RarePixVintageActresses_wp.jpg?resize=350%2C200","width":350,"height":200},"classes":[]},{"id":2238,"url":"https:\/\/lesgravereaux.marret.co\/index.php\/jean-claude-pascal\/jean-claude-pascal-en-videos\/","url_meta":{"origin":2183,"position":5},"title":"Jean-Claude Pascal sur les vid\u00e9os de l&rsquo;INA","author":"marretgravereaux","date":"12 juin 2016","format":false,"excerpt":"L'Institut National de l'Audiovisuel - L'Ina - est une entreprise publique culturelle de l'audiovisuel charg\u00e9e de la sauvegarde, de la valorisation et de la transmission du patrimoine audiovisuel fran\u00e7ais. Sur son site, on trouve divers enregistrements d'anciennes \u00e9missions de t\u00e9l\u00e9vision, dont plusieurs montrent\u00a0Jean-Claude Pascal; certaines de celles-ci apparaissent ci-apr\u00e8s. Jean\u2026","rel":"","context":"Article similaire","block_context":{"text":"Article similaire","link":""},"img":{"alt_text":"ina-1","src":"https:\/\/i0.wp.com\/lesgravereaux.marret.co\/wp-content\/uploads\/2016\/09\/INA-1.png?resize=350%2C200","width":350,"height":200},"classes":[]}],"_links":{"self":[{"href":"https:\/\/lesgravereaux.marret.co\/index.php\/wp-json\/wp\/v2\/pages\/2183","targetHints":{"allow":["GET"]}}],"collection":[{"href":"https:\/\/lesgravereaux.marret.co\/index.php\/wp-json\/wp\/v2\/pages"}],"about":[{"href":"https:\/\/lesgravereaux.marret.co\/index.php\/wp-json\/wp\/v2\/types\/page"}],"author":[{"embeddable":true,"href":"https:\/\/lesgravereaux.marret.co\/index.php\/wp-json\/wp\/v2\/users\/1"}],"replies":[{"embeddable":true,"href":"https:\/\/lesgravereaux.marret.co\/index.php\/wp-json\/wp\/v2\/comments?post=2183"}],"version-history":[{"count":0,"href":"https:\/\/lesgravereaux.marret.co\/index.php\/wp-json\/wp\/v2\/pages\/2183\/revisions"}],"up":[{"embeddable":true,"href":"https:\/\/lesgravereaux.marret.co\/index.php\/wp-json\/wp\/v2\/pages\/2138"}],"wp:attachment":[{"href":"https:\/\/lesgravereaux.marret.co\/index.php\/wp-json\/wp\/v2\/media?parent=2183"}],"curies":[{"name":"wp","href":"https:\/\/api.w.org\/{rel}","templated":true}]}}