{"id":1595,"date":"2016-04-20T12:35:56","date_gmt":"2016-04-20T11:35:56","guid":{"rendered":"http:\/\/lesgravereaux.marret.co\/?page_id=1595"},"modified":"2016-06-12T15:09:30","modified_gmt":"2016-06-12T14:09:30","slug":"17-juin-1906-la-fete-des-rosati","status":"publish","type":"page","link":"https:\/\/lesgravereaux.marret.co\/index.php\/571-2\/17-juin-1906-la-fete-des-rosati\/","title":{"rendered":"17 juin 1906 &#8211; La f\u00eate des Rosati"},"content":{"rendered":"<p>En 1905, Jules Gravereaux rencontre les Rosati et se lie d\u2019amiti\u00e9 avec eux. Comme ceux-ci ne disposent pas de lieu de repr\u00e9sentation, il d\u00e9cide de faire construire un th\u00e9\u00e2tre de verdure dans la roseraie et de l\u2019inaugurer lors de leur f\u00eate annuelle.<\/p>\n<p><a href=\"https:\/\/i0.wp.com\/lesgravereaux.marret.co\/wp-content\/uploads\/2016\/04\/1906-06-16-Le-Petit-Parisien_wp.jpg?ssl=1\"><img data-recalc-dims=\"1\" loading=\"lazy\" decoding=\"async\" data-attachment-id=\"1597\" data-permalink=\"https:\/\/lesgravereaux.marret.co\/index.php\/571-2\/17-juin-1906-la-fete-des-rosati\/java-printing\/\" data-orig-file=\"https:\/\/i0.wp.com\/lesgravereaux.marret.co\/wp-content\/uploads\/2016\/04\/1906-06-16-Le-Petit-Parisien_wp.jpg?fit=591%2C253&amp;ssl=1\" data-orig-size=\"591,253\" data-comments-opened=\"1\" data-image-meta=\"{&quot;aperture&quot;:&quot;0&quot;,&quot;credit&quot;:&quot;Jean-Luc&quot;,&quot;camera&quot;:&quot;&quot;,&quot;caption&quot;:&quot;&quot;,&quot;created_timestamp&quot;:&quot;0&quot;,&quot;copyright&quot;:&quot;&quot;,&quot;focal_length&quot;:&quot;0&quot;,&quot;iso&quot;:&quot;0&quot;,&quot;shutter_speed&quot;:&quot;0&quot;,&quot;title&quot;:&quot;Java Printing&quot;,&quot;orientation&quot;:&quot;1&quot;}\" data-image-title=\"Java Printing\" data-image-description=\"\" data-image-caption=\"\" data-medium-file=\"https:\/\/i0.wp.com\/lesgravereaux.marret.co\/wp-content\/uploads\/2016\/04\/1906-06-16-Le-Petit-Parisien_wp.jpg?fit=300%2C128&amp;ssl=1\" data-large-file=\"https:\/\/i0.wp.com\/lesgravereaux.marret.co\/wp-content\/uploads\/2016\/04\/1906-06-16-Le-Petit-Parisien_wp.jpg?fit=591%2C253&amp;ssl=1\" class=\"wp-image-1597 alignright\" src=\"https:\/\/i0.wp.com\/lesgravereaux.marret.co\/wp-content\/uploads\/2016\/04\/1906-06-16-Le-Petit-Parisien_wp.jpg?resize=199%2C85&#038;ssl=1\" alt=\"Java Printing\" width=\"199\" height=\"85\" data-wp-pid=\"1597\" srcset=\"https:\/\/i0.wp.com\/lesgravereaux.marret.co\/wp-content\/uploads\/2016\/04\/1906-06-16-Le-Petit-Parisien_wp.jpg?w=591&amp;ssl=1 591w, https:\/\/i0.wp.com\/lesgravereaux.marret.co\/wp-content\/uploads\/2016\/04\/1906-06-16-Le-Petit-Parisien_wp.jpg?resize=300%2C128&amp;ssl=1 300w\" sizes=\"auto, (max-width: 199px) 100vw, 199px\" \/><\/a>Le 17 juin 1906, les Rosati se retrouvent donc \u00e0 L\u2019Ha\u00ff pour leur F\u00eate des Roses et sur la sc\u00e8ne du Th\u00e9\u00e2tre les artistes pr\u00e9sentent un conte persan en un acte\u00a0: <em>Les Rosiers de Zaala<\/em>.<\/p>\n<p><a href=\"https:\/\/i0.wp.com\/lesgravereaux.marret.co\/wp-content\/uploads\/2016\/03\/1906-RdlH-La-Rose-dans-les-Sciences-c0_wp.jpg?ssl=1\"><img data-recalc-dims=\"1\" loading=\"lazy\" decoding=\"async\" data-attachment-id=\"1059\" data-permalink=\"https:\/\/lesgravereaux.marret.co\/index.php\/la-roseraie-de-lhay\/le-musee-de-la-rose\/1906-rdlh-la-rose-dans-les-sciences-c0_wp\/\" data-orig-file=\"https:\/\/i0.wp.com\/lesgravereaux.marret.co\/wp-content\/uploads\/2016\/03\/1906-RdlH-La-Rose-dans-les-Sciences-c0_wp.jpg?fit=993%2C1575&amp;ssl=1\" data-orig-size=\"993,1575\" data-comments-opened=\"1\" data-image-meta=\"{&quot;aperture&quot;:&quot;0&quot;,&quot;credit&quot;:&quot;&quot;,&quot;camera&quot;:&quot;&quot;,&quot;caption&quot;:&quot;&quot;,&quot;created_timestamp&quot;:&quot;0&quot;,&quot;copyright&quot;:&quot;&quot;,&quot;focal_length&quot;:&quot;0&quot;,&quot;iso&quot;:&quot;0&quot;,&quot;shutter_speed&quot;:&quot;0&quot;,&quot;title&quot;:&quot;&quot;,&quot;orientation&quot;:&quot;1&quot;}\" data-image-title=\"1906 RdlH &amp;#8211;  La Rose dans les Sciences c0_wp\" data-image-description=\"\" data-image-caption=\"\" data-medium-file=\"https:\/\/i0.wp.com\/lesgravereaux.marret.co\/wp-content\/uploads\/2016\/03\/1906-RdlH-La-Rose-dans-les-Sciences-c0_wp.jpg?fit=189%2C300&amp;ssl=1\" data-large-file=\"https:\/\/i0.wp.com\/lesgravereaux.marret.co\/wp-content\/uploads\/2016\/03\/1906-RdlH-La-Rose-dans-les-Sciences-c0_wp.jpg?fit=640%2C1014&amp;ssl=1\" class=\"wp-image-1059 alignleft\" src=\"https:\/\/i0.wp.com\/lesgravereaux.marret.co\/wp-content\/uploads\/2016\/03\/1906-RdlH-La-Rose-dans-les-Sciences-c0_wp.jpg?resize=187%2C296&#038;ssl=1\" alt=\"1906 RdlH - La Rose dans les Sciences c0_wp\" width=\"187\" height=\"296\" data-wp-pid=\"1059\" srcset=\"https:\/\/i0.wp.com\/lesgravereaux.marret.co\/wp-content\/uploads\/2016\/03\/1906-RdlH-La-Rose-dans-les-Sciences-c0_wp.jpg?resize=646%2C1024&amp;ssl=1 646w, https:\/\/i0.wp.com\/lesgravereaux.marret.co\/wp-content\/uploads\/2016\/03\/1906-RdlH-La-Rose-dans-les-Sciences-c0_wp.jpg?resize=189%2C300&amp;ssl=1 189w, https:\/\/i0.wp.com\/lesgravereaux.marret.co\/wp-content\/uploads\/2016\/03\/1906-RdlH-La-Rose-dans-les-Sciences-c0_wp.jpg?resize=768%2C1218&amp;ssl=1 768w, https:\/\/i0.wp.com\/lesgravereaux.marret.co\/wp-content\/uploads\/2016\/03\/1906-RdlH-La-Rose-dans-les-Sciences-c0_wp.jpg?resize=757%2C1200&amp;ssl=1 757w, https:\/\/i0.wp.com\/lesgravereaux.marret.co\/wp-content\/uploads\/2016\/03\/1906-RdlH-La-Rose-dans-les-Sciences-c0_wp.jpg?resize=378%2C600&amp;ssl=1 378w, https:\/\/i0.wp.com\/lesgravereaux.marret.co\/wp-content\/uploads\/2016\/03\/1906-RdlH-La-Rose-dans-les-Sciences-c0_wp.jpg?w=993&amp;ssl=1 993w\" sizes=\"auto, (max-width: 187px) 100vw, 187px\" \/><\/a><a href=\"https:\/\/i0.wp.com\/lesgravereaux.marret.co\/wp-content\/uploads\/2016\/04\/1994-DdVdM-M%C3%A9moires-de-Roses-p33-Les-Rosati_wp.jpg?ssl=1\"><img data-recalc-dims=\"1\" loading=\"lazy\" decoding=\"async\" data-attachment-id=\"1593\" data-permalink=\"https:\/\/lesgravereaux.marret.co\/index.php\/571-2\/17-juin-1906-la-fete-des-rosati\/1994-ddvdm-memoires-de-roses-p33-les-rosati_wp\/\" data-orig-file=\"https:\/\/i0.wp.com\/lesgravereaux.marret.co\/wp-content\/uploads\/2016\/04\/1994-DdVdM-M%C3%A9moires-de-Roses-p33-Les-Rosati_wp.jpg?fit=839%2C1181&amp;ssl=1\" data-orig-size=\"839,1181\" data-comments-opened=\"1\" data-image-meta=\"{&quot;aperture&quot;:&quot;0&quot;,&quot;credit&quot;:&quot;&quot;,&quot;camera&quot;:&quot;&quot;,&quot;caption&quot;:&quot;&quot;,&quot;created_timestamp&quot;:&quot;0&quot;,&quot;copyright&quot;:&quot;&quot;,&quot;focal_length&quot;:&quot;0&quot;,&quot;iso&quot;:&quot;0&quot;,&quot;shutter_speed&quot;:&quot;0&quot;,&quot;title&quot;:&quot;&quot;,&quot;orientation&quot;:&quot;1&quot;}\" data-image-title=\"1994 DdVdM &amp;#8211; M\u00e9moires de Roses p33 &amp;#8211; Les Rosati_wp\" data-image-description=\"\" data-image-caption=\"\" data-medium-file=\"https:\/\/i0.wp.com\/lesgravereaux.marret.co\/wp-content\/uploads\/2016\/04\/1994-DdVdM-M%C3%A9moires-de-Roses-p33-Les-Rosati_wp.jpg?fit=213%2C300&amp;ssl=1\" data-large-file=\"https:\/\/i0.wp.com\/lesgravereaux.marret.co\/wp-content\/uploads\/2016\/04\/1994-DdVdM-M%C3%A9moires-de-Roses-p33-Les-Rosati_wp.jpg?fit=640%2C901&amp;ssl=1\" class=\"wp-image-1593 alignright\" src=\"https:\/\/i0.wp.com\/lesgravereaux.marret.co\/wp-content\/uploads\/2016\/04\/1994-DdVdM-M%C3%A9moires-de-Roses-p33-Les-Rosati_wp.jpg?resize=187%2C296&#038;ssl=1\" alt=\"1994 DdVdM - M\u00e9moires de Roses p33 - Les Rosati_wp\" width=\"187\" height=\"296\" data-wp-pid=\"1593\" \/><\/a>\u00c0 cette occasion, Jules Gravereaux offre \u00e0 ses invit\u00e9s un exemplaire de son livre\u00a0: <em><a href=\"https:\/\/lesgravereaux.marret.co\/index.php\/1906-la-rose-dans-les-sciences\/\">La Rose dans les sciences, dans les lettres et dans les arts<\/a>. Documents pour servir \u00e0 l&rsquo;histoire de la rose r\u00e9unis au 1er mai 1906<\/em>. Il leur pr\u00e9sente \u00e9galement une rose qu\u2019il vient de cr\u00e9er \u2013 une Pernetiana \u2013 \u00a0et la leur d\u00e9dicace en l\u2019appelant <em>Les Rosati<\/em>.<\/p>\n<p style=\"text-align: center;\"><a href=\"https:\/\/i0.wp.com\/lesgravereaux.marret.co\/wp-content\/uploads\/2016\/02\/1906-07-15-Femina-b.jpg?ssl=1\"><img data-recalc-dims=\"1\" loading=\"lazy\" decoding=\"async\" data-attachment-id=\"169\" data-permalink=\"https:\/\/lesgravereaux.marret.co\/index.php\/571-2\/17-juin-1906-la-fete-des-rosati\/1906-07-15-femina-b\/\" data-orig-file=\"https:\/\/i0.wp.com\/lesgravereaux.marret.co\/wp-content\/uploads\/2016\/02\/1906-07-15-Femina-b.jpg?fit=4698%2C3000&amp;ssl=1\" data-orig-size=\"4698,3000\" data-comments-opened=\"1\" data-image-meta=\"{&quot;aperture&quot;:&quot;0&quot;,&quot;credit&quot;:&quot;&quot;,&quot;camera&quot;:&quot;&quot;,&quot;caption&quot;:&quot;&quot;,&quot;created_timestamp&quot;:&quot;0&quot;,&quot;copyright&quot;:&quot;&quot;,&quot;focal_length&quot;:&quot;0&quot;,&quot;iso&quot;:&quot;0&quot;,&quot;shutter_speed&quot;:&quot;0&quot;,&quot;title&quot;:&quot;&quot;,&quot;orientation&quot;:&quot;1&quot;}\" data-image-title=\"1906-07-15 Femina b\" data-image-description=\"\" data-image-caption=\"\" data-medium-file=\"https:\/\/i0.wp.com\/lesgravereaux.marret.co\/wp-content\/uploads\/2016\/02\/1906-07-15-Femina-b.jpg?fit=300%2C192&amp;ssl=1\" data-large-file=\"https:\/\/i0.wp.com\/lesgravereaux.marret.co\/wp-content\/uploads\/2016\/02\/1906-07-15-Femina-b.jpg?fit=640%2C409&amp;ssl=1\" class=\"alignnone size-large wp-image-169\" src=\"https:\/\/i0.wp.com\/lesgravereaux.marret.co\/wp-content\/uploads\/2016\/02\/1906-07-15-Femina-b.jpg?resize=640%2C409&#038;ssl=1\" alt=\"1906-07-15 Femina b\" width=\"640\" height=\"409\" data-wp-pid=\"169\" srcset=\"https:\/\/i0.wp.com\/lesgravereaux.marret.co\/wp-content\/uploads\/2016\/02\/1906-07-15-Femina-b.jpg?resize=1024%2C654&amp;ssl=1 1024w, https:\/\/i0.wp.com\/lesgravereaux.marret.co\/wp-content\/uploads\/2016\/02\/1906-07-15-Femina-b.jpg?resize=300%2C192&amp;ssl=1 300w, https:\/\/i0.wp.com\/lesgravereaux.marret.co\/wp-content\/uploads\/2016\/02\/1906-07-15-Femina-b.jpg?resize=768%2C490&amp;ssl=1 768w, https:\/\/i0.wp.com\/lesgravereaux.marret.co\/wp-content\/uploads\/2016\/02\/1906-07-15-Femina-b.jpg?resize=600%2C383&amp;ssl=1 600w, https:\/\/i0.wp.com\/lesgravereaux.marret.co\/wp-content\/uploads\/2016\/02\/1906-07-15-Femina-b.jpg?resize=800%2C511&amp;ssl=1 800w, https:\/\/i0.wp.com\/lesgravereaux.marret.co\/wp-content\/uploads\/2016\/02\/1906-07-15-Femina-b.jpg?w=1280&amp;ssl=1 1280w, https:\/\/i0.wp.com\/lesgravereaux.marret.co\/wp-content\/uploads\/2016\/02\/1906-07-15-Femina-b.jpg?w=1920&amp;ssl=1 1920w\" sizes=\"auto, (max-width: 640px) 100vw, 640px\" \/><\/a><span style=\"font-size: 10pt;\"><em><span style=\"color: #333333;\">Source : F\u00e9mina, 15 juillet 1906<\/span><\/em><span style=\"text-align: center; color: #333333; text-transform: none; line-height: 17.5px; text-indent: 0px; letter-spacing: normal; font-family: Georgia, 'Times New Roman', serif; font-style: normal; font-variant: normal; font-weight: normal; word-spacing: 0px; float: none; display: inline !important; white-space: normal; font-size-adjust: none; font-stretch: normal; background-color: #eee8dd; -webkit-text-stroke-width: 0px;\">\u00a0<\/span><\/span><\/p>\n<p style=\"padding-left: 30px;\">\u00ab\u00a0En un parc merveilleux, \u00e9vocateur des splendeurs pass\u00e9es du petit Trianon, sous des tilleuls centenaires, dans l\u2019atmosph\u00e8re embaum\u00e9e de la premi\u00e8re roseraie du monde, qui ne contient pas moins de dix mille esp\u00e8ces des plus rares et des plus pr\u00e9cieuses, M. et Mme\u00a0J.\u00a0Graveraux offraient, hier, avec le concours des \u00ab\u00a0Rosati\u00a0\u00bb, \u00e0 une assembl\u00e9e aussi nombreuse que choisie, une f\u00eate qui a d\u00e9pass\u00e9 en splendeur les manifestations les plus r\u00e9ussies de tous les \u00ab\u00a0th\u00e9\u00e2tres de la nature\u00a0\u00bb.<\/p>\n<p style=\"padding-left: 30px;\">Sur une sc\u00e8ne admirablement fleurie, en un d\u00e9cor qui \u00e9tait une merveille de go\u00fbt et de reconstitution pittoresque, nous avons vu d\u00e9filer tour \u00e0 tour, dans la partie concert, des artistes tels que Mme\u00a0Auguez de Montalant, M.\u00a0Riddez, Mlle\u00a0Sandrini de l\u2019Op\u00e9ra, Mlle\u00a0Harlay, du Vaudeville, M.\u00a0Ch.\u00a0Lamy dans ses curieux po\u00e8mes en patois picard.<\/p>\n<p style=\"padding-left: 30px;\">Trois pi\u00e8ces in\u00e9dites de circonstances, qui toutes trois m\u00e9riteraient les honneurs des grandes sc\u00e8nes parisiennes, ont re\u00e7u du public le plus favorable accueil. Ce fut l\u2019<em>\u00c2me des Roses<\/em>, une com\u00e9die en vers de Mlle\u00a0Lya Berger, musique de sc\u00e8ne de M.\u00a0Fraggi, brillamment enlev\u00e9e par Mmes\u00a0Marcilly et Carmen Deraisy. Ce fut aussi un brillant ballet-pantomime de M. Le Cholleux, musique originale, d\u2019un coloris puissant de l\u2019excellent compositeur Maurice de Villers, le <em>Triomphe de la Rose<\/em>, qui valut des rappels sans nombre, au mime Georges Wague, \u00e0 Mmes\u00a0Sandrini, R\u00e9gnier, Kubler, Cochin et Schwartz. Mais le v\u00e9ritable r\u00e9gal litt\u00e9raire de la journ\u00e9e, nous le devons aux beaux vers, aux rimes sonores de notre confr\u00e8re et ami, le po\u00e8te \u00c9mile Langlade qui, en renouvelant, sous forme d\u2019un conte persan, l\u2019apologue fameux du \u00ab\u00a0ver amoureux d\u2019une \u00e9toile\u00a0\u00bb, a su, tour \u00e0 tour, nous faire rire, nous \u00e9mouvoir et nous attendrir.<\/p>\n<p style=\"padding-left: 30px;\">L\u2019interpr\u00e9tation des <em>Roses de Zaala<\/em> \u00e9tait assur\u00e9e, du reste, d\u2019une mani\u00e8re triomphale, par Mlle\u00a0Madeleine Roch, la brillante artiste de la Com\u00e9die-Fran\u00e7aise qui s\u2019est surpass\u00e9e dans un r\u00f4le assez difficile de travesti; par Mmes\u00a0Th\u00e9r\u00e8se Borgos, Jeanne Chatelain, Mlle\u00a0Marguerite Roch; MM.\u00a0Albert Dulery et Ch. Pouralle.<\/p>\n<p style=\"padding-left: 30px;\">En somme, excellente journ\u00e9e pour les \u00ab\u00a0Rosati\u00a0\u00bb qui nous ont prouv\u00e9, hier, que c\u2019\u00e9tait parfois du Nord que nous venait la lumi\u00e8re.\u00a0\u00a0\u00bb<\/p>\n<p style=\"text-align: right;\"><span style=\"font-size: 10pt;\"><em>Cabs, Maurice. \u00ab\u00a0Les Rosati \u2013 La f\u00eate des F\u00e9libres du Nord\u00a0\u00bb. Gil Blas, 18 juin 1906.<\/em><\/span><\/p>\n<p style=\"text-align: left;\"><a href=\"https:\/\/i0.wp.com\/lesgravereaux.marret.co\/wp-content\/uploads\/2016\/04\/1938-Langlade-%C3%89mile-Les-rosiers-de-Zaala-p2-3_wp.jpg?ssl=1\"><img data-recalc-dims=\"1\" loading=\"lazy\" decoding=\"async\" data-attachment-id=\"1599\" data-permalink=\"https:\/\/lesgravereaux.marret.co\/index.php\/571-2\/17-juin-1906-la-fete-des-rosati\/sony-dsc-2\/\" data-orig-file=\"https:\/\/i0.wp.com\/lesgravereaux.marret.co\/wp-content\/uploads\/2016\/04\/1938-Langlade-%C3%89mile-Les-rosiers-de-Zaala-p2-3_wp.jpg?fit=1181%2C772&amp;ssl=1\" data-orig-size=\"1181,772\" data-comments-opened=\"1\" data-image-meta=\"{&quot;aperture&quot;:&quot;5.6&quot;,&quot;credit&quot;:&quot;&quot;,&quot;camera&quot;:&quot;DSLR-A100&quot;,&quot;caption&quot;:&quot;SONY DSC&quot;,&quot;created_timestamp&quot;:&quot;1238504810&quot;,&quot;copyright&quot;:&quot;&quot;,&quot;focal_length&quot;:&quot;22&quot;,&quot;iso&quot;:&quot;400&quot;,&quot;shutter_speed&quot;:&quot;0.016666666666667&quot;,&quot;title&quot;:&quot;SONY DSC&quot;,&quot;orientation&quot;:&quot;1&quot;}\" data-image-title=\"\" data-image-description=\"\" data-image-caption=\"\" data-medium-file=\"https:\/\/i0.wp.com\/lesgravereaux.marret.co\/wp-content\/uploads\/2016\/04\/1938-Langlade-%C3%89mile-Les-rosiers-de-Zaala-p2-3_wp.jpg?fit=300%2C196&amp;ssl=1\" data-large-file=\"https:\/\/i0.wp.com\/lesgravereaux.marret.co\/wp-content\/uploads\/2016\/04\/1938-Langlade-%C3%89mile-Les-rosiers-de-Zaala-p2-3_wp.jpg?fit=640%2C418&amp;ssl=1\" class=\"wp-image-1599 aligncenter\" src=\"https:\/\/i0.wp.com\/lesgravereaux.marret.co\/wp-content\/uploads\/2016\/04\/1938-Langlade-%C3%89mile-Les-rosiers-de-Zaala-p2-3_wp.jpg?resize=450%2C294&#038;ssl=1\" alt=\"\" width=\"450\" height=\"294\" data-wp-pid=\"1599\" srcset=\"https:\/\/i0.wp.com\/lesgravereaux.marret.co\/wp-content\/uploads\/2016\/04\/1938-Langlade-%C3%89mile-Les-rosiers-de-Zaala-p2-3_wp.jpg?resize=1024%2C669&amp;ssl=1 1024w, https:\/\/i0.wp.com\/lesgravereaux.marret.co\/wp-content\/uploads\/2016\/04\/1938-Langlade-%C3%89mile-Les-rosiers-de-Zaala-p2-3_wp.jpg?resize=300%2C196&amp;ssl=1 300w, https:\/\/i0.wp.com\/lesgravereaux.marret.co\/wp-content\/uploads\/2016\/04\/1938-Langlade-%C3%89mile-Les-rosiers-de-Zaala-p2-3_wp.jpg?resize=768%2C502&amp;ssl=1 768w, https:\/\/i0.wp.com\/lesgravereaux.marret.co\/wp-content\/uploads\/2016\/04\/1938-Langlade-%C3%89mile-Les-rosiers-de-Zaala-p2-3_wp.jpg?resize=800%2C523&amp;ssl=1 800w, https:\/\/i0.wp.com\/lesgravereaux.marret.co\/wp-content\/uploads\/2016\/04\/1938-Langlade-%C3%89mile-Les-rosiers-de-Zaala-p2-3_wp.jpg?resize=600%2C392&amp;ssl=1 600w, https:\/\/i0.wp.com\/lesgravereaux.marret.co\/wp-content\/uploads\/2016\/04\/1938-Langlade-%C3%89mile-Les-rosiers-de-Zaala-p2-3_wp.jpg?w=1181&amp;ssl=1 1181w\" sizes=\"auto, (max-width: 450px) 100vw, 450px\" \/><\/a><\/p>\n","protected":false},"excerpt":{"rendered":"<p>En 1905, Jules Gravereaux rencontre les Rosati et se lie d\u2019amiti\u00e9 avec eux. Comme ceux-ci ne disposent pas de lieu de repr\u00e9sentation, il d\u00e9cide de faire construire un th\u00e9\u00e2tre de verdure dans la roseraie et de l\u2019inaugurer lors de leur &hellip; <a href=\"https:\/\/lesgravereaux.marret.co\/index.php\/571-2\/17-juin-1906-la-fete-des-rosati\/\">Continuer la lecture <span class=\"meta-nav\">&rarr;<\/span><\/a><\/p>\n","protected":false},"author":1,"featured_media":0,"parent":571,"menu_order":0,"comment_status":"closed","ping_status":"closed","template":"","meta":{"ngg_post_thumbnail":0,"jetpack_post_was_ever_published":false,"footnotes":""},"class_list":["post-1595","page","type-page","status-publish","hentry"],"jetpack_sharing_enabled":true,"jetpack_shortlink":"https:\/\/wp.me\/P7ERyi-pJ","jetpack-related-posts":[{"id":1616,"url":"https:\/\/lesgravereaux.marret.co\/index.php\/571-2\/13-juin-1909-fete-des-rosati\/","url_meta":{"origin":1595,"position":0},"title":"13 juin 1909 &#8211; F\u00eate des Rosati","author":"marretgravereaux","date":"20 avril 2016","format":false,"excerpt":"Le 13 juin 1909, Jules Gravereaux re\u00e7oit\u00a0les Rosati\u00a0pour la deuxi\u00e8me fois... Ceux-ci donnent, en une matin\u00e9e r\u00e9serv\u00e9e \u00e0 leurs membres et aux Amis des Roses, les premi\u00e8res repr\u00e9sentations de deux actes en vers : l\u2019\u00c9veil, par Albert Acremant, musique de Maurice de Villers, et Adonis, de Mlle de Villers, musique\u2026","rel":"","context":"Article similaire","block_context":{"text":"Article similaire","link":""},"img":{"alt_text":"Les Rosati (FRAD094_47J_001250_0001)_wp","src":"https:\/\/i0.wp.com\/lesgravereaux.marret.co\/wp-content\/uploads\/2016\/04\/Les-Rosati-FRAD094_47J_001250_0001_wp.jpg?resize=350%2C200","width":350,"height":200},"classes":[]},{"id":993,"url":"https:\/\/lesgravereaux.marret.co\/index.php\/la-roseraie-de-lhay\/le-theatre-des-roses\/","url_meta":{"origin":1595,"position":1},"title":"Le Th\u00e9\u00e2tre des Roses","author":"marretgravereaux","date":"13 mars 2016","format":false,"excerpt":"Le domaine de L\u2019Ha\u00ff, avec sa roseraie, s\u2019av\u00e9rait un lieu extraordinaire pour les r\u00e9unions familiales ainsi que pour les visites d\u2019amateurs de roses. Et Jules Gravereaux aimait y recevoir\u2026 En 1905, il rencontre les\u00a0Rosati\u00a0- une Soci\u00e9t\u00e9 de gens de lettres qui se r\u00e9unissaient sous l\u2019\u00e9gide des roses \u2013 et en\u2026","rel":"","context":"Article similaire","block_context":{"text":"Article similaire","link":""},"img":{"alt_text":"1911 Delacroix, Henry - La roseraie - GL001_wp","src":"https:\/\/i0.wp.com\/marret.co\/wp-content\/uploads\/2016\/03\/1911-Delacroix-Henry-La-roseraie-GL001_wp-1024x653.jpg?resize=350%2C200","width":350,"height":200},"classes":[]},{"id":571,"url":"https:\/\/lesgravereaux.marret.co\/index.php\/571-2\/","url_meta":{"origin":1595,"position":2},"title":"Les f\u00eates \u00e0 L&rsquo;Ha\u00ff","author":"marretgravereaux","date":"7 mars 2016","format":false,"excerpt":"Jules Gravereaux aimait recevoir, non seulement sa famille, mais aussi les membres de nombreuses associations auxquelles il ouvrit la porte du domaine de L'Ha\u00ff, pour une simple visite de la roseraie ou pour un spectacle au th\u00e9\u00e2tre de\u00a0verdure. Bien qu'incomplet, le calendrier ci-apr\u00e8s donne une id\u00e9e de ces r\u00e9ceptions qui\u2026","rel":"","context":"Article similaire","block_context":{"text":"Article similaire","link":""},"img":{"alt_text":"","src":"https:\/\/i0.wp.com\/lesgravereaux.marret.co\/wp-content\/uploads\/2016\/04\/LHay-Visite-de-la-roseraie-47-J-843_wp-1024x759.jpg?resize=350%2C200","width":350,"height":200,"srcset":"https:\/\/i0.wp.com\/lesgravereaux.marret.co\/wp-content\/uploads\/2016\/04\/LHay-Visite-de-la-roseraie-47-J-843_wp-1024x759.jpg?resize=350%2C200 1x, https:\/\/i0.wp.com\/lesgravereaux.marret.co\/wp-content\/uploads\/2016\/04\/LHay-Visite-de-la-roseraie-47-J-843_wp-1024x759.jpg?resize=525%2C300 1.5x"},"classes":[]},{"id":1895,"url":"https:\/\/lesgravereaux.marret.co\/index.php\/jules-gravereaux\/jules-gravereaux-ses-ecrits\/1906-la-rose-dans-les-sciences\/","url_meta":{"origin":1595,"position":3},"title":"1906 &#8211; La Rose dans les sciences&#8230;","author":"marretgravereaux","date":"24 avril 2016","format":false,"excerpt":"La Rose dans les sciences, dans les lettres et dans les arts, documents pour servir \u00e0 l'histoire de la rose, r\u00e9unis au 1er mai 1906 [Texte imprim\u00e9]. Paris\u00a0: impr. de Lahure, 1906. In-8 \u00b0, 144 p., fig. ~~~~~~~ \u00a0 Collectionneur dans l\u2019\u00e2me, Jules Gravereaux a voulu rassembler des objets et\u2026","rel":"","context":"Article similaire","block_context":{"text":"Article similaire","link":""},"img":{"alt_text":"1906 RdlH - La Rose dans les Sciences c0_wp","src":"https:\/\/i0.wp.com\/lesgravereaux.marret.co\/wp-content\/uploads\/2016\/03\/1906-RdlH-La-Rose-dans-les-Sciences-c0_wp-646x1024.jpg?resize=350%2C200","width":350,"height":200},"classes":[]},{"id":801,"url":"https:\/\/lesgravereaux.marret.co\/index.php\/jules-gravereaux\/des-evenements-de-sa-vie\/","url_meta":{"origin":1595,"position":4},"title":"Des \u00e9v\u00e8nements de sa vie","author":"marretgravereaux","date":"10 mars 2016","format":false,"excerpt":"\u00a0 1er mai 1844\u00a0: Na\u00eet \u00e0 Vitry-sur-Seine. 16 mars 1856\u00a0: Commence son premier emploi, chez Mr Caillaut rue du Bac. 5 septembre 1864\u00a0: Entre au Bon March\u00e9. 20 f\u00e9vrier 1866\u00a0: Quitte volontairement le Bon March\u00e9 pour entrer au Louvre. 1870\u00a0: Fait son service militaire dans la Garde Nationale de la\u2026","rel":"","context":"Article similaire","block_context":{"text":"Article similaire","link":""},"img":{"alt_text":"Roses de Malmaison - p03_wp","src":"https:\/\/i0.wp.com\/marret.co\/wp-content\/uploads\/2016\/03\/Roses-de-Malmaison-p03_wp.jpg?resize=350%2C200","width":350,"height":200},"classes":[]},{"id":1710,"url":"https:\/\/lesgravereaux.marret.co\/index.php\/571-2\/12-juin-1912-luniversite-des-annales\/","url_meta":{"origin":1595,"position":5},"title":"12 juin 1912 &#8211; L&rsquo;Universit\u00e9 des Annales","author":"marretgravereaux","date":"21 avril 2016","format":false,"excerpt":"\u00a0 Pour la deuxi\u00e8me fois, Jules Gravereaux met son th\u00e9\u00e2tre \u00e0 la disposition de l'Universit\u00e9 des Annales. Celle-ci organise, le 12 juin\u00a01912\u00a0une f\u00eate exceptionnelle et y convoque le Tout-Paris. Com\u00e9diens, po\u00e8tes, soci\u00e9taires de la Com\u00e9die-Fran\u00e7aise ou membres de l'Acad\u00e9mie Fran\u00e7aise sont invit\u00e9s \u00e0 montrer sur sc\u00e8ne... Annales politiques et litt\u00e9raires,\u2026","rel":"","context":"Article similaire","block_context":{"text":"Article similaire","link":""},"img":{"alt_text":"1912-06-09 Annales politiques - d\u00e9tail_wp","src":"https:\/\/i0.wp.com\/lesgravereaux.marret.co\/wp-content\/uploads\/2016\/04\/1912-06-09-Annales-politiques-d%C3%A9tail_wp.jpg?resize=350%2C200","width":350,"height":200},"classes":[]}],"_links":{"self":[{"href":"https:\/\/lesgravereaux.marret.co\/index.php\/wp-json\/wp\/v2\/pages\/1595","targetHints":{"allow":["GET"]}}],"collection":[{"href":"https:\/\/lesgravereaux.marret.co\/index.php\/wp-json\/wp\/v2\/pages"}],"about":[{"href":"https:\/\/lesgravereaux.marret.co\/index.php\/wp-json\/wp\/v2\/types\/page"}],"author":[{"embeddable":true,"href":"https:\/\/lesgravereaux.marret.co\/index.php\/wp-json\/wp\/v2\/users\/1"}],"replies":[{"embeddable":true,"href":"https:\/\/lesgravereaux.marret.co\/index.php\/wp-json\/wp\/v2\/comments?post=1595"}],"version-history":[{"count":0,"href":"https:\/\/lesgravereaux.marret.co\/index.php\/wp-json\/wp\/v2\/pages\/1595\/revisions"}],"up":[{"embeddable":true,"href":"https:\/\/lesgravereaux.marret.co\/index.php\/wp-json\/wp\/v2\/pages\/571"}],"wp:attachment":[{"href":"https:\/\/lesgravereaux.marret.co\/index.php\/wp-json\/wp\/v2\/media?parent=1595"}],"curies":[{"name":"wp","href":"https:\/\/api.w.org\/{rel}","templated":true}]}}