{"id":1536,"date":"2016-04-10T22:31:15","date_gmt":"2016-04-10T21:31:15","guid":{"rendered":"http:\/\/lesgravereaux.marret.co\/?page_id=1536"},"modified":"2016-06-12T15:10:40","modified_gmt":"2016-06-12T14:10:40","slug":"1910-le-19-juin","status":"publish","type":"page","link":"https:\/\/lesgravereaux.marret.co\/index.php\/571-2\/1910-le-19-juin\/","title":{"rendered":"19 juin 1910 &#8211; Bapt\u00eames familiaux"},"content":{"rendered":"<p><a href=\"https:\/\/i0.wp.com\/lesgravereaux.marret.co\/wp-content\/uploads\/2016\/03\/1910-06-19-Gravereaux-Suzanne-JLM0285N_wp.jpg?ssl=1\" rel=\"attachment wp-att-783\"><img data-recalc-dims=\"1\" loading=\"lazy\" decoding=\"async\" data-attachment-id=\"783\" data-permalink=\"https:\/\/lesgravereaux.marret.co\/index.php\/la-roseraie-de-lhay\/souvenirs-de-lhay\/1910-06-19-gravereaux-suzanne-jlm0285n_wp\/\" data-orig-file=\"https:\/\/i0.wp.com\/lesgravereaux.marret.co\/wp-content\/uploads\/2016\/03\/1910-06-19-Gravereaux-Suzanne-JLM0285N_wp.jpg?fit=1102%2C776&amp;ssl=1\" data-orig-size=\"1102,776\" data-comments-opened=\"1\" data-image-meta=\"{&quot;aperture&quot;:&quot;0&quot;,&quot;credit&quot;:&quot;&quot;,&quot;camera&quot;:&quot;&quot;,&quot;caption&quot;:&quot;&quot;,&quot;created_timestamp&quot;:&quot;0&quot;,&quot;copyright&quot;:&quot;&quot;,&quot;focal_length&quot;:&quot;0&quot;,&quot;iso&quot;:&quot;0&quot;,&quot;shutter_speed&quot;:&quot;0&quot;,&quot;title&quot;:&quot;&quot;,&quot;orientation&quot;:&quot;1&quot;}\" data-image-title=\"1910-06-19 Gravereaux, Suzanne &amp;#8211; JLM0285N_wp\" data-image-description=\"\" data-image-caption=\"\" data-medium-file=\"https:\/\/i0.wp.com\/lesgravereaux.marret.co\/wp-content\/uploads\/2016\/03\/1910-06-19-Gravereaux-Suzanne-JLM0285N_wp.jpg?fit=300%2C211&amp;ssl=1\" data-large-file=\"https:\/\/i0.wp.com\/lesgravereaux.marret.co\/wp-content\/uploads\/2016\/03\/1910-06-19-Gravereaux-Suzanne-JLM0285N_wp.jpg?fit=640%2C451&amp;ssl=1\" class=\"wp-image-783 alignleft\" src=\"https:\/\/i0.wp.com\/lesgravereaux.marret.co\/wp-content\/uploads\/2016\/03\/1910-06-19-Gravereaux-Suzanne-JLM0285N_wp.jpg?resize=250%2C176&#038;ssl=1\" alt=\"1910-06-19 Gravereaux, Suzanne - JLM0285N_wp\" width=\"250\" height=\"176\" data-wp-pid=\"783\" srcset=\"https:\/\/i0.wp.com\/lesgravereaux.marret.co\/wp-content\/uploads\/2016\/03\/1910-06-19-Gravereaux-Suzanne-JLM0285N_wp.jpg?resize=1024%2C721&amp;ssl=1 1024w, https:\/\/i0.wp.com\/lesgravereaux.marret.co\/wp-content\/uploads\/2016\/03\/1910-06-19-Gravereaux-Suzanne-JLM0285N_wp.jpg?resize=300%2C211&amp;ssl=1 300w, https:\/\/i0.wp.com\/lesgravereaux.marret.co\/wp-content\/uploads\/2016\/03\/1910-06-19-Gravereaux-Suzanne-JLM0285N_wp.jpg?resize=768%2C541&amp;ssl=1 768w, https:\/\/i0.wp.com\/lesgravereaux.marret.co\/wp-content\/uploads\/2016\/03\/1910-06-19-Gravereaux-Suzanne-JLM0285N_wp.jpg?resize=800%2C563&amp;ssl=1 800w, https:\/\/i0.wp.com\/lesgravereaux.marret.co\/wp-content\/uploads\/2016\/03\/1910-06-19-Gravereaux-Suzanne-JLM0285N_wp.jpg?resize=600%2C423&amp;ssl=1 600w, https:\/\/i0.wp.com\/lesgravereaux.marret.co\/wp-content\/uploads\/2016\/03\/1910-06-19-Gravereaux-Suzanne-JLM0285N_wp.jpg?w=1102&amp;ssl=1 1102w\" sizes=\"auto, (max-width: 250px) 100vw, 250px\" \/><\/a><\/p>\n<p>Le 19 juin 1910, le cardinal L\u00e9on-Adolphe Amette, archev\u00eaque de Paris, c\u00e9l\u00e9brait dans <a href=\"https:\/\/lesgravereaux.marret.co\/index.php\/la-roseraie-de-lhay\/la-chapelle\/\">la chapelle<\/a> de L&rsquo;Ha\u00ff, le bapt\u00eame d\u2019H\u00e9l\u00e8ne Ballu (n\u00e9e \u00e0 L\u2019Ha\u00ff le 11\u00a0juin\u00a01910) et de Suzanne Gravereaux (n\u00e9e \u00e0 Paris VII<sup>e<\/sup> le 22\u00a0novembre\u00a01909). Une r\u00e9ception familiale a suivi la c\u00e9r\u00e9monie religieuse.<\/p>\n<p>&nbsp;<\/p>\n<p><a href=\"https:\/\/i0.wp.com\/lesgravereaux.marret.co\/wp-content\/uploads\/2016\/03\/1910-06-19-Gravereaux-Suzanne-Bapteme-OG003_wp.jpg?ssl=1\" rel=\"attachment wp-att-782\"><img data-recalc-dims=\"1\" loading=\"lazy\" decoding=\"async\" data-attachment-id=\"782\" data-permalink=\"https:\/\/lesgravereaux.marret.co\/index.php\/571-2\/1910-le-19-juin\/1910-06-19-gravereaux-suzanne-bapteme-og003_wp\/\" data-orig-file=\"https:\/\/i0.wp.com\/lesgravereaux.marret.co\/wp-content\/uploads\/2016\/03\/1910-06-19-Gravereaux-Suzanne-Bapteme-OG003_wp.jpg?fit=1575%2C1131&amp;ssl=1\" data-orig-size=\"1575,1131\" data-comments-opened=\"1\" data-image-meta=\"{&quot;aperture&quot;:&quot;0&quot;,&quot;credit&quot;:&quot;&quot;,&quot;camera&quot;:&quot;&quot;,&quot;caption&quot;:&quot;&quot;,&quot;created_timestamp&quot;:&quot;1153519080&quot;,&quot;copyright&quot;:&quot;&quot;,&quot;focal_length&quot;:&quot;0&quot;,&quot;iso&quot;:&quot;0&quot;,&quot;shutter_speed&quot;:&quot;0&quot;,&quot;title&quot;:&quot;&quot;,&quot;orientation&quot;:&quot;1&quot;}\" data-image-title=\"1910-06-19 Gravereaux, Suzanne &amp;#8211; Bapteme &amp;#8211; OG003_wp\" data-image-description=\"\" data-image-caption=\"\" data-medium-file=\"https:\/\/i0.wp.com\/lesgravereaux.marret.co\/wp-content\/uploads\/2016\/03\/1910-06-19-Gravereaux-Suzanne-Bapteme-OG003_wp.jpg?fit=300%2C215&amp;ssl=1\" data-large-file=\"https:\/\/i0.wp.com\/lesgravereaux.marret.co\/wp-content\/uploads\/2016\/03\/1910-06-19-Gravereaux-Suzanne-Bapteme-OG003_wp.jpg?fit=640%2C459&amp;ssl=1\" class=\"wp-image-782 alignleft\" src=\"https:\/\/i0.wp.com\/lesgravereaux.marret.co\/wp-content\/uploads\/2016\/03\/1910-06-19-Gravereaux-Suzanne-Bapteme-OG003_wp.jpg?resize=501%2C359&#038;ssl=1\" alt=\"1910-06-19 Gravereaux, Suzanne - Bapteme - OG003_wp\" width=\"501\" height=\"359\" data-wp-pid=\"782\" srcset=\"https:\/\/i0.wp.com\/lesgravereaux.marret.co\/wp-content\/uploads\/2016\/03\/1910-06-19-Gravereaux-Suzanne-Bapteme-OG003_wp.jpg?resize=1024%2C735&amp;ssl=1 1024w, https:\/\/i0.wp.com\/lesgravereaux.marret.co\/wp-content\/uploads\/2016\/03\/1910-06-19-Gravereaux-Suzanne-Bapteme-OG003_wp.jpg?resize=300%2C215&amp;ssl=1 300w, https:\/\/i0.wp.com\/lesgravereaux.marret.co\/wp-content\/uploads\/2016\/03\/1910-06-19-Gravereaux-Suzanne-Bapteme-OG003_wp.jpg?resize=768%2C551&amp;ssl=1 768w, https:\/\/i0.wp.com\/lesgravereaux.marret.co\/wp-content\/uploads\/2016\/03\/1910-06-19-Gravereaux-Suzanne-Bapteme-OG003_wp.jpg?resize=800%2C574&amp;ssl=1 800w, https:\/\/i0.wp.com\/lesgravereaux.marret.co\/wp-content\/uploads\/2016\/03\/1910-06-19-Gravereaux-Suzanne-Bapteme-OG003_wp.jpg?resize=600%2C431&amp;ssl=1 600w, https:\/\/i0.wp.com\/lesgravereaux.marret.co\/wp-content\/uploads\/2016\/03\/1910-06-19-Gravereaux-Suzanne-Bapteme-OG003_wp.jpg?w=1575&amp;ssl=1 1575w, https:\/\/i0.wp.com\/lesgravereaux.marret.co\/wp-content\/uploads\/2016\/03\/1910-06-19-Gravereaux-Suzanne-Bapteme-OG003_wp.jpg?w=1280&amp;ssl=1 1280w\" sizes=\"auto, (max-width: 501px) 100vw, 501px\" \/><\/a><\/p>\n<p>&nbsp;<\/p>\n<p>&nbsp;<\/p>\n<p>&nbsp;<\/p>\n<p>&nbsp;<\/p>\n<p><em><span style=\"font-size: 10pt;\">Source\u00a0:<br \/>\nOdile (Calder) Gravereaux<\/span><\/em><\/p>\n<p>&nbsp;<\/p>\n<p>&nbsp;<\/p>\n<p><em><span style=\"text-decoration: underline;\">De gauche \u00e0 droite<\/span> :<\/em><\/p>\n<p>En haut : Am\u00e9lie Gravereaux (Ballu), H\u00e9l\u00e8ne Ballu, Ren\u00e9 Ballu, Jeanne Laborie (Gravereaux), Henri Gravereaux, Carlos Alvarez del Campo, Blanche Gravereaux (Alvarez del Campo), Madeleine Gravereaux (Villeminot), Lucien Villeminot, Marthe Ancelot (Gravereaux) et Ren\u00e9 Gravereaux<\/p>\n<p><span style=\"text-decoration: underline;\"><em>Au centre<\/em><\/span>\u00a0: Laure Thuillier (Gravereaux), Jules Gravereaux et Pierre Villeminot<\/p>\n<p><span style=\"text-decoration: underline;\"><em>En bas<\/em><\/span>\u00a0: Nicole Gravereaux (Drouet), Fran\u00e7ois Ballu, Marie-Th\u00e9r\u00e8se Ballu, Philippe Gravereaux, Annette Gravereaux (Humbert), Andr\u00e9 Gravereaux, Suzanne Gravereaux (Marret), G\u00e9rard Gravereaux, Raymond Gravereaux, Henriette Villeminot (Borrom\u00e9e) et Roger Villeminot.<\/p>\n<p><a href=\"https:\/\/i0.wp.com\/lesgravereaux.marret.co\/wp-content\/uploads\/2016\/03\/1910-06-19-Gravereaux-Suzanne-Bapteme-JLM0009_wp.jpg?ssl=1\" rel=\"attachment wp-att-781\"><img data-recalc-dims=\"1\" loading=\"lazy\" decoding=\"async\" data-attachment-id=\"781\" data-permalink=\"https:\/\/lesgravereaux.marret.co\/index.php\/571-2\/1910-le-19-juin\/1910-06-19-gravereaux-suzanne-bapteme-jlm0009_wp\/\" data-orig-file=\"https:\/\/i0.wp.com\/lesgravereaux.marret.co\/wp-content\/uploads\/2016\/03\/1910-06-19-Gravereaux-Suzanne-Bapteme-JLM0009_wp.jpg?fit=660%2C1093&amp;ssl=1\" data-orig-size=\"660,1093\" data-comments-opened=\"1\" data-image-meta=\"{&quot;aperture&quot;:&quot;0&quot;,&quot;credit&quot;:&quot;&quot;,&quot;camera&quot;:&quot;&quot;,&quot;caption&quot;:&quot;&quot;,&quot;created_timestamp&quot;:&quot;0&quot;,&quot;copyright&quot;:&quot;&quot;,&quot;focal_length&quot;:&quot;0&quot;,&quot;iso&quot;:&quot;0&quot;,&quot;shutter_speed&quot;:&quot;0&quot;,&quot;title&quot;:&quot;&quot;,&quot;orientation&quot;:&quot;1&quot;}\" data-image-title=\"1910-06-19 Gravereaux, Suzanne &amp;#8211; Bapteme &amp;#8211; JLM0009_wp\" data-image-description=\"\" data-image-caption=\"\" data-medium-file=\"https:\/\/i0.wp.com\/lesgravereaux.marret.co\/wp-content\/uploads\/2016\/03\/1910-06-19-Gravereaux-Suzanne-Bapteme-JLM0009_wp.jpg?fit=181%2C300&amp;ssl=1\" data-large-file=\"https:\/\/i0.wp.com\/lesgravereaux.marret.co\/wp-content\/uploads\/2016\/03\/1910-06-19-Gravereaux-Suzanne-Bapteme-JLM0009_wp.jpg?fit=618%2C1024&amp;ssl=1\" class=\"wp-image-781 aligncenter\" src=\"https:\/\/i0.wp.com\/lesgravereaux.marret.co\/wp-content\/uploads\/2016\/03\/1910-06-19-Gravereaux-Suzanne-Bapteme-JLM0009_wp.jpg?resize=170%2C282&#038;ssl=1\" alt=\"1910-06-19 Gravereaux, Suzanne - Bapteme - JLM0009_wp\" width=\"170\" height=\"282\" data-wp-pid=\"781\" srcset=\"https:\/\/i0.wp.com\/lesgravereaux.marret.co\/wp-content\/uploads\/2016\/03\/1910-06-19-Gravereaux-Suzanne-Bapteme-JLM0009_wp.jpg?resize=618%2C1024&amp;ssl=1 618w, https:\/\/i0.wp.com\/lesgravereaux.marret.co\/wp-content\/uploads\/2016\/03\/1910-06-19-Gravereaux-Suzanne-Bapteme-JLM0009_wp.jpg?resize=181%2C300&amp;ssl=1 181w, https:\/\/i0.wp.com\/lesgravereaux.marret.co\/wp-content\/uploads\/2016\/03\/1910-06-19-Gravereaux-Suzanne-Bapteme-JLM0009_wp.jpg?resize=362%2C600&amp;ssl=1 362w, https:\/\/i0.wp.com\/lesgravereaux.marret.co\/wp-content\/uploads\/2016\/03\/1910-06-19-Gravereaux-Suzanne-Bapteme-JLM0009_wp.jpg?w=660&amp;ssl=1 660w\" sizes=\"auto, (max-width: 170px) 100vw, 170px\" \/><\/a><\/p>\n","protected":false},"excerpt":{"rendered":"<p>Le 19 juin 1910, le cardinal L\u00e9on-Adolphe Amette, archev\u00eaque de Paris, c\u00e9l\u00e9brait dans la chapelle de L&rsquo;Ha\u00ff, le bapt\u00eame d\u2019H\u00e9l\u00e8ne Ballu (n\u00e9e \u00e0 L\u2019Ha\u00ff le 11\u00a0juin\u00a01910) et de Suzanne Gravereaux (n\u00e9e \u00e0 Paris VIIe le 22\u00a0novembre\u00a01909). Une r\u00e9ception familiale a &hellip; <a href=\"https:\/\/lesgravereaux.marret.co\/index.php\/571-2\/1910-le-19-juin\/\">Continuer la lecture <span class=\"meta-nav\">&rarr;<\/span><\/a><\/p>\n","protected":false},"author":1,"featured_media":0,"parent":571,"menu_order":0,"comment_status":"closed","ping_status":"closed","template":"","meta":{"ngg_post_thumbnail":0,"jetpack_post_was_ever_published":false,"footnotes":""},"class_list":["post-1536","page","type-page","status-publish","hentry"],"jetpack_sharing_enabled":true,"jetpack_shortlink":"https:\/\/wp.me\/P7ERyi-oM","jetpack-related-posts":[{"id":1042,"url":"https:\/\/lesgravereaux.marret.co\/index.php\/la-roseraie-de-lhay\/la-chapelle\/","url_meta":{"origin":1536,"position":0},"title":"La chapelle","author":"marretgravereaux","date":"13 mars 2016","format":false,"excerpt":"\u00c0 l\u2019origine, ce b\u00e2timent servait de grange, voire d\u2019appentis pour entreposer les outils de jardinage servant \u00e0 entretenir le jardin et le potager de la propri\u00e9t\u00e9. Jules Gravereaux a d\u00e9cid\u00e9 de le transformer et d\u2019en faire une chapelle, obtenant de l\u2019Archev\u00each\u00e9, en 1905, que des messes y soient dites\u2026 Apr\u00e8s\u2026","rel":"","context":"Article similaire","block_context":{"text":"Article similaire","link":""},"img":{"alt_text":"1905-01-16 Archeveche de Paris - Autorisation de celebration_wp","src":"https:\/\/i0.wp.com\/marret.co\/wp-content\/uploads\/2016\/03\/1905-01-16-Archeveche-de-Paris-Autorisation-de-celebration_wp-609x1024.jpg?resize=350%2C200","width":350,"height":200},"classes":[]},{"id":1798,"url":"https:\/\/lesgravereaux.marret.co\/index.php\/jules-gravereaux\/jules-gravereaux-ses-ecrits\/","url_meta":{"origin":1536,"position":1},"title":"Jules Gravereaux &#8211; Ses \u00e9crits","author":"marretgravereaux","date":"23 avril 2016","format":false,"excerpt":"Jules Gravereaux\u00a0s'est aussi fait conna\u00eetre dans le monde de la rose comme un auteur. De 1899 \u00e0 1914, il a publi\u00e9 trois inventaires de la roseraie, les r\u00e9sultats de plusieurs de ses recherches ainsi que divers articles dans des revues horticoles. Toutefois,\u00a0par humilit\u00e9 et par respect pour ses collaborateurs, un\u2026","rel":"","context":"Article similaire","block_context":{"text":"Article similaire","link":""},"img":{"alt_text":"File0032a","src":"https:\/\/i0.wp.com\/lesgravereaux.marret.co\/wp-content\/uploads\/2015\/10\/File0032a.jpg?resize=350%2C200","width":350,"height":200},"classes":[]},{"id":801,"url":"https:\/\/lesgravereaux.marret.co\/index.php\/jules-gravereaux\/des-evenements-de-sa-vie\/","url_meta":{"origin":1536,"position":2},"title":"Des \u00e9v\u00e8nements de sa vie","author":"marretgravereaux","date":"10 mars 2016","format":false,"excerpt":"\u00a0 1er mai 1844\u00a0: Na\u00eet \u00e0 Vitry-sur-Seine. 16 mars 1856\u00a0: Commence son premier emploi, chez Mr Caillaut rue du Bac. 5 septembre 1864\u00a0: Entre au Bon March\u00e9. 20 f\u00e9vrier 1866\u00a0: Quitte volontairement le Bon March\u00e9 pour entrer au Louvre. 1870\u00a0: Fait son service militaire dans la Garde Nationale de la\u2026","rel":"","context":"Article similaire","block_context":{"text":"Article similaire","link":""},"img":{"alt_text":"Roses de Malmaison - p03_wp","src":"https:\/\/i0.wp.com\/marret.co\/wp-content\/uploads\/2016\/03\/Roses-de-Malmaison-p03_wp.jpg?resize=350%2C200","width":350,"height":200},"classes":[]},{"id":3745,"url":"https:\/\/lesgravereaux.marret.co\/index.php\/jules-gravereaux\/jules-gravereaux-honneurs-et-medailles\/jules-gravereaux-nomme-a-lordre-de-la-legion-dhonneur\/","url_meta":{"origin":1536,"position":3},"title":"Jules Gravereaux nomm\u00e9 \u00e0 l&rsquo;Ordre de la L\u00e9gion d&rsquo;honneur","author":"marretgravereaux","date":"20 juin 2016","format":false,"excerpt":"Chevalier de la L\u00e9gion d\u2019honneur Par d\u00e9crets du Pr\u00e9sident de la R\u00e9publique en date du 3 juin 1902, rendus sur la proposition du ministre de l'Agriculture, apr\u00e8s d\u00e9claration du Conseil de l'ordre national de la L\u00e9gion d'honneur, en date du 2 juin 1902, portant que les nominations qui font l'objet\u2026","rel":"","context":"Article similaire","block_context":{"text":"Article similaire","link":""},"img":{"alt_text":"L\u00e9gion d'honneur - Chevalier (m\u00e9daille)_wp","src":"https:\/\/i0.wp.com\/lesgravereaux.marret.co\/wp-content\/uploads\/2016\/06\/L%C3%A9gion-dhonneur-Chevalier-m%C3%A9daille_wp.jpg?resize=350%2C200","width":350,"height":200},"classes":[]},{"id":571,"url":"https:\/\/lesgravereaux.marret.co\/index.php\/571-2\/","url_meta":{"origin":1536,"position":4},"title":"Les f\u00eates \u00e0 L&rsquo;Ha\u00ff","author":"marretgravereaux","date":"7 mars 2016","format":false,"excerpt":"Jules Gravereaux aimait recevoir, non seulement sa famille, mais aussi les membres de nombreuses associations auxquelles il ouvrit la porte du domaine de L'Ha\u00ff, pour une simple visite de la roseraie ou pour un spectacle au th\u00e9\u00e2tre de\u00a0verdure. Bien qu'incomplet, le calendrier ci-apr\u00e8s donne une id\u00e9e de ces r\u00e9ceptions qui\u2026","rel":"","context":"Article similaire","block_context":{"text":"Article similaire","link":""},"img":{"alt_text":"","src":"https:\/\/i0.wp.com\/lesgravereaux.marret.co\/wp-content\/uploads\/2016\/04\/LHay-Visite-de-la-roseraie-47-J-843_wp-1024x759.jpg?resize=350%2C200","width":350,"height":200,"srcset":"https:\/\/i0.wp.com\/lesgravereaux.marret.co\/wp-content\/uploads\/2016\/04\/LHay-Visite-de-la-roseraie-47-J-843_wp-1024x759.jpg?resize=350%2C200 1x, https:\/\/i0.wp.com\/lesgravereaux.marret.co\/wp-content\/uploads\/2016\/04\/LHay-Visite-de-la-roseraie-47-J-843_wp-1024x759.jpg?resize=525%2C300 1.5x"},"classes":[]},{"id":972,"url":"https:\/\/lesgravereaux.marret.co\/index.php\/des-roseraies\/la-roseraie-de-bagatelle\/la-visite-du-roi-de-bulgarie\/","url_meta":{"origin":1536,"position":5},"title":"La visite du Roi de Bulgarie","author":"marretgravereaux","date":"13 mars 2016","format":false,"excerpt":"Le 24 juin 1910, le roi Ferdinand de Bulgarie et son \u00e9pouse, la reine \u00c9l\u00e9onora, ont visit\u00e9 la roseraie de Bagatelle. \u00a0 Au premier plan, la reine \u00c9l\u00e9onora et le roi Ferdinand de Bulgarie; derri\u00e8re eux et au centre, Jules Gravereaux Source : archives priv\u00e9es \u00a0 \u00a0 Le Figaro du\u2026","rel":"","context":"Article similaire","block_context":{"text":"Article similaire","link":""},"img":{"alt_text":"1910-06-24 Les souverains bulgares \u00e0 Bagatelle - 132","src":"https:\/\/i0.wp.com\/marret.co\/wp-content\/uploads\/2016\/03\/1910-06-24-Les-souverains-bulgares-a-Bagatelle-132b_wp-1024x719.jpg?resize=350%2C200","width":350,"height":200},"classes":[]}],"_links":{"self":[{"href":"https:\/\/lesgravereaux.marret.co\/index.php\/wp-json\/wp\/v2\/pages\/1536","targetHints":{"allow":["GET"]}}],"collection":[{"href":"https:\/\/lesgravereaux.marret.co\/index.php\/wp-json\/wp\/v2\/pages"}],"about":[{"href":"https:\/\/lesgravereaux.marret.co\/index.php\/wp-json\/wp\/v2\/types\/page"}],"author":[{"embeddable":true,"href":"https:\/\/lesgravereaux.marret.co\/index.php\/wp-json\/wp\/v2\/users\/1"}],"replies":[{"embeddable":true,"href":"https:\/\/lesgravereaux.marret.co\/index.php\/wp-json\/wp\/v2\/comments?post=1536"}],"version-history":[{"count":0,"href":"https:\/\/lesgravereaux.marret.co\/index.php\/wp-json\/wp\/v2\/pages\/1536\/revisions"}],"up":[{"embeddable":true,"href":"https:\/\/lesgravereaux.marret.co\/index.php\/wp-json\/wp\/v2\/pages\/571"}],"wp:attachment":[{"href":"https:\/\/lesgravereaux.marret.co\/index.php\/wp-json\/wp\/v2\/media?parent=1536"}],"curies":[{"name":"wp","href":"https:\/\/api.w.org\/{rel}","templated":true}]}}