{"id":1172,"date":"2016-03-17T19:41:04","date_gmt":"2016-03-17T18:41:04","guid":{"rendered":"http:\/\/marret.co\/?page_id=1172"},"modified":"2022-04-28T17:28:13","modified_gmt":"2022-04-28T16:28:13","slug":"henry-gerard-gravereaux-sexpose","status":"publish","type":"page","link":"https:\/\/lesgravereaux.marret.co\/index.php\/la-famille-gravereaux\/gerard-gravereaux\/henry-gerard-gravereaux-sexpose\/","title":{"rendered":"Henry-G\u00e9rard Gravereaux s&rsquo;expose&#8230;"},"content":{"rendered":"\r\n<div class=\"wp-block-image\">\r\n<figure class=\"alignright is-resized\"><img data-recalc-dims=\"1\" loading=\"lazy\" decoding=\"async\" data-attachment-id=\"5951\" data-permalink=\"https:\/\/lesgravereaux.marret.co\/henry-gerard-gravereaux-dessin-177x244_wp\/\" data-orig-file=\"https:\/\/i0.wp.com\/lesgravereaux.marret.co\/wp-content\/uploads\/2018\/12\/Henry-G%C3%A9rard-Gravereaux-Dessin-177x244_wp.jpg?fit=867%2C1181&amp;ssl=1\" data-orig-size=\"867,1181\" data-comments-opened=\"1\" data-image-meta=\"{&quot;aperture&quot;:&quot;0&quot;,&quot;credit&quot;:&quot;&quot;,&quot;camera&quot;:&quot;&quot;,&quot;caption&quot;:&quot;&quot;,&quot;created_timestamp&quot;:&quot;0&quot;,&quot;copyright&quot;:&quot;&quot;,&quot;focal_length&quot;:&quot;0&quot;,&quot;iso&quot;:&quot;0&quot;,&quot;shutter_speed&quot;:&quot;0&quot;,&quot;title&quot;:&quot;&quot;,&quot;orientation&quot;:&quot;1&quot;}\" data-image-title=\"Henry G\u00e9rard Gravereaux &amp;#8211; Dessin (177&amp;#215;244)_wp\" data-image-description=\"\" data-image-caption=\"&lt;p&gt;Dessin r\u00e9hauss\u00e9 d&amp;rsquo;aquarelle (17,7 x 24,4)&lt;\/p&gt;\n\" data-medium-file=\"https:\/\/i0.wp.com\/lesgravereaux.marret.co\/wp-content\/uploads\/2018\/12\/Henry-G%C3%A9rard-Gravereaux-Dessin-177x244_wp.jpg?fit=220%2C300&amp;ssl=1\" data-large-file=\"https:\/\/i0.wp.com\/lesgravereaux.marret.co\/wp-content\/uploads\/2018\/12\/Henry-G%C3%A9rard-Gravereaux-Dessin-177x244_wp.jpg?fit=640%2C871&amp;ssl=1\" class=\"wp-image-5951\" src=\"https:\/\/i0.wp.com\/lesgravereaux.marret.co\/wp-content\/uploads\/2018\/12\/Henry-G%C3%A9rard-Gravereaux-Dessin-177x244_wp.jpg?resize=138%2C188&#038;ssl=1\" alt=\"\" width=\"138\" height=\"188\" srcset=\"https:\/\/i0.wp.com\/lesgravereaux.marret.co\/wp-content\/uploads\/2018\/12\/Henry-G%C3%A9rard-Gravereaux-Dessin-177x244_wp.jpg?resize=752%2C1024&amp;ssl=1 752w, https:\/\/i0.wp.com\/lesgravereaux.marret.co\/wp-content\/uploads\/2018\/12\/Henry-G%C3%A9rard-Gravereaux-Dessin-177x244_wp.jpg?resize=220%2C300&amp;ssl=1 220w, https:\/\/i0.wp.com\/lesgravereaux.marret.co\/wp-content\/uploads\/2018\/12\/Henry-G%C3%A9rard-Gravereaux-Dessin-177x244_wp.jpg?resize=768%2C1046&amp;ssl=1 768w, https:\/\/i0.wp.com\/lesgravereaux.marret.co\/wp-content\/uploads\/2018\/12\/Henry-G%C3%A9rard-Gravereaux-Dessin-177x244_wp.jpg?resize=800%2C1090&amp;ssl=1 800w, https:\/\/i0.wp.com\/lesgravereaux.marret.co\/wp-content\/uploads\/2018\/12\/Henry-G%C3%A9rard-Gravereaux-Dessin-177x244_wp.jpg?resize=440%2C600&amp;ssl=1 440w, https:\/\/i0.wp.com\/lesgravereaux.marret.co\/wp-content\/uploads\/2018\/12\/Henry-G%C3%A9rard-Gravereaux-Dessin-177x244_wp.jpg?w=867&amp;ssl=1 867w\" sizes=\"auto, (max-width: 138px) 100vw, 138px\" \/>\r\n\r\n<\/figure>\r\n<\/div>\r\n\r\n<p>Henry-G\u00e9rard Gravereaux est passionn\u00e9 par la peinture d\u00e8s sa jeunesse et il effectue plusieurs ann\u00e9es d\u2019\u00e9tude \u00e0 l\u2019Acad\u00e9mie Julian. Tout en \u0153uvrant professionnellement au sein de l\u2019entreprise familiale, il continue \u00e0 peindre &#8211; ce qu\u2019il fera toute sa vie \u2013et participe \u00e0 plusieurs expositions.<\/p>\r\n<p>La liste &#8211; non exhaustive \u2013 pr\u00e9sent\u00e9e ici a \u00e9t\u00e9 \u00e9tablie par Ghislaine Gravereaux, la fille de l\u2019artiste.<\/p>\r\n<p>Participation \u00e0 des expositions sous le nom de <strong>Henry-G\u00e9rard<\/strong><\/p>\r\n<ul>\r\n<li>Pavillon de France de New-York&nbsp;; participation \u00e0 une d\u00e9coration.<\/li>\r\n<li>Salon d\u2019Automne. Paris, 1945.<\/li>\r\n<li>Galerie Drouant-David, <a href=\"https:\/\/lesgravereaux.marret.co\/index.php\/la-famille-gravereaux\/gerard-gravereaux\/henry-gerard-gravereaux-sexpose\/1950-henry-gerard-expose-a-paris\/\">Paris. 18&nbsp;avril au 2&nbsp;mai 1950<\/a>.<\/li>\r\n<li>Salon National Ind\u00e9pendant, Palais des beaux-arts de la ville de Paris&nbsp;; 20&nbsp;avril au 14 mai 1950.<\/li>\r\n<li>Galerie des Saussaies, Paris&nbsp;; octobre 1950 <em>[Exposition de groupe]<\/em>.<\/li>\r\n<li>Galerie Martin-Gruson, <a href=\"https:\/\/lesgravereaux.marret.co\/index.php\/la-famille-gravereaux\/gerard-gravereaux\/henry-gerard-gravereaux-sexpose\/1951-henry-gerard-a-cannes\/\">Cannes&nbsp;; 28&nbsp;mars au 11&nbsp;avril 1951<\/a>.<\/li>\r\n<li>Galerie Drouant-David, Paris&nbsp;; d\u00e9cembre 1952.<\/li>\r\n<li>2<sup>e<\/sup> Biennale de Menton&nbsp;; juillet 1953.<\/li>\r\n<li>Galerie 65, Cannes&nbsp;; 1954. <em>[Exposition de groupe]<\/em>?<\/li>\r\n<li>Galerie A.R.F.A. Paris&nbsp;; mars 1955.<\/li>\r\n<\/ul>\r\n<p>Participation \u00e0 des expositions sous le nom de <strong>Henry- G\u00e9rard Gravereaux<\/strong><\/p>\r\n<ul>\r\n<li>Galerie Coard, <a href=\"https:\/\/lesgravereaux.marret.co\/index.php\/henry-gerard-revient-exposer-a-paris-1956\/\">Paris&nbsp;; 4&nbsp;d\u00e9cembre au 18&nbsp;d\u00e9cembre 1956<\/a>.<\/li>\r\n<li>Galerie 65. Cannes, 1957<\/li>\r\n<li>Galerie Paul C\u00e9zanne, <a href=\"https:\/\/lesgravereaux.marret.co\/index.php\/la-famille-gravereaux\/gerard-gravereaux\/henry-gerard-gravereaux-sexpose\/1959-henry-gerard-gravereaux-expose-a-paris\/\">Paris&nbsp;; 12&nbsp;mars au 28&nbsp;mars 1959<\/a>.&nbsp;<\/li>\r\n<li>Biennale de Menton&nbsp;; juillet 1960.<\/li>\r\n<li>Bijouterie Rosnec, Nancy ; 21 novembre au 10 d\u00e9cembre 1977.<\/li>\r\n<li>17<sup>e<\/sup> Grand prix international de peinture de la C\u00f4te d&rsquo;Azur. Cannes, f\u00e9vrier 1981.<\/li>\r\n<li>18<sup>e<\/sup> Grand prix international de peinture de la C\u00f4te d&rsquo;Azur, Cannes&nbsp;; f\u00e9vrier 1982.<\/li>\r\n<li>La Malmaison, Cannes&nbsp;; 23 d\u00e9cembre 1983 au 29 janvier 1984 : \u00ab&nbsp;Cannes, la C\u00f4te d&rsquo;Azur et leurs peintres&nbsp;\u00bb <em>[Exposition de groupe].<\/em><\/li>\r\n<li>Cannes, rue Bivouac-Napol\u00e9on; 4 juin au 30 juin 1984 : \u00ab Henry-G\u00e9rard Gravereaux \u00bb.<\/li>\r\n<li>La Malmaison, Cannes ; juillet 1984 : \u00ab Dessins et crayons \u00bb <em>[Exposition de groupe].<\/em><\/li>\r\n<li>La Malmaison, Cannes&nbsp;; 13&nbsp;juillet au 22&nbsp;septembre 1985&nbsp;: \u00ab&nbsp;<a href=\"https:\/\/lesgravereaux.marret.co\/index.php\/la-famille-gravereaux\/gerard-gravereaux\/vous-avez-dit-cubistes-cannes-1985\/\">Vous avez dit cubistes&nbsp;?<\/a>&nbsp;\u00bb <em>[Exposition de groupe].<\/em><\/li>\r\n<li>La Malmaison, Cannes&nbsp;; 14&nbsp;d\u00e9cembre au 9&nbsp;f\u00e9vrier 1986&nbsp;: \u00ab&nbsp;<a href=\"https:\/\/lesgravereaux.marret.co\/index.php\/la-famille-gravereaux\/gerard-gravereaux\/femmes-portraits-et-nus-cannes-1985-1986\/\">Femmes\u2026, portraits et nus<\/a>&nbsp;\u00bb<em> [Exposition de groupe].<\/em><\/li>\r\n<li>Art jonction. La Malmaison, Cannes&nbsp;; 1987.<\/li>\r\n<\/ul>\r\n\r\n<div class=\"wp-block-image\">\r\n<figure class=\"aligncenter is-resized\"><img data-recalc-dims=\"1\" loading=\"lazy\" decoding=\"async\" data-attachment-id=\"5868\" data-permalink=\"https:\/\/lesgravereaux.marret.co\/1956-12-04-exposition-henry-gerard-gravereaux-vernissage-1b_wp\/\" data-orig-file=\"https:\/\/i0.wp.com\/lesgravereaux.marret.co\/wp-content\/uploads\/2018\/12\/1956-12-04-Exposition-Henry-G%C3%A9rard-Gravereaux-Vernissage-1b_wp.jpg?fit=787%2C273&amp;ssl=1\" data-orig-size=\"787,273\" data-comments-opened=\"1\" data-image-meta=\"{&quot;aperture&quot;:&quot;0&quot;,&quot;credit&quot;:&quot;&quot;,&quot;camera&quot;:&quot;&quot;,&quot;caption&quot;:&quot;&quot;,&quot;created_timestamp&quot;:&quot;0&quot;,&quot;copyright&quot;:&quot;&quot;,&quot;focal_length&quot;:&quot;0&quot;,&quot;iso&quot;:&quot;0&quot;,&quot;shutter_speed&quot;:&quot;0&quot;,&quot;title&quot;:&quot;&quot;,&quot;orientation&quot;:&quot;1&quot;}\" data-image-title=\"1956-12-04 Exposition Henry G\u00e9rard Gravereaux &amp;#8211; Vernissage 1b_wp\" data-image-description=\"\" data-image-caption=\"\" data-medium-file=\"https:\/\/i0.wp.com\/lesgravereaux.marret.co\/wp-content\/uploads\/2018\/12\/1956-12-04-Exposition-Henry-G%C3%A9rard-Gravereaux-Vernissage-1b_wp.jpg?fit=300%2C104&amp;ssl=1\" data-large-file=\"https:\/\/i0.wp.com\/lesgravereaux.marret.co\/wp-content\/uploads\/2018\/12\/1956-12-04-Exposition-Henry-G%C3%A9rard-Gravereaux-Vernissage-1b_wp.jpg?fit=640%2C222&amp;ssl=1\" class=\"wp-image-5868\" src=\"https:\/\/i0.wp.com\/lesgravereaux.marret.co\/wp-content\/uploads\/2018\/12\/1956-12-04-Exposition-Henry-G%C3%A9rard-Gravereaux-Vernissage-1b_wp.jpg?resize=342%2C119&#038;ssl=1\" alt=\"\" width=\"342\" height=\"119\" srcset=\"https:\/\/i0.wp.com\/lesgravereaux.marret.co\/wp-content\/uploads\/2018\/12\/1956-12-04-Exposition-Henry-G%C3%A9rard-Gravereaux-Vernissage-1b_wp.jpg?w=787&amp;ssl=1 787w, https:\/\/i0.wp.com\/lesgravereaux.marret.co\/wp-content\/uploads\/2018\/12\/1956-12-04-Exposition-Henry-G%C3%A9rard-Gravereaux-Vernissage-1b_wp.jpg?resize=300%2C104&amp;ssl=1 300w, https:\/\/i0.wp.com\/lesgravereaux.marret.co\/wp-content\/uploads\/2018\/12\/1956-12-04-Exposition-Henry-G%C3%A9rard-Gravereaux-Vernissage-1b_wp.jpg?resize=768%2C266&amp;ssl=1 768w, https:\/\/i0.wp.com\/lesgravereaux.marret.co\/wp-content\/uploads\/2018\/12\/1956-12-04-Exposition-Henry-G%C3%A9rard-Gravereaux-Vernissage-1b_wp.jpg?resize=600%2C208&amp;ssl=1 600w\" sizes=\"auto, (max-width: 342px) 100vw, 342px\" \/><\/figure>\r\n<\/div>\r\n","protected":false},"excerpt":{"rendered":"<p>Henry-G\u00e9rard Gravereaux est passionn\u00e9 par la peinture d\u00e8s sa jeunesse et il effectue plusieurs ann\u00e9es d\u2019\u00e9tude \u00e0 l\u2019Acad\u00e9mie Julian. Tout en \u0153uvrant professionnellement au sein de l\u2019entreprise familiale, il continue \u00e0 peindre &#8211; ce qu\u2019il fera toute sa vie \u2013et &hellip; <a href=\"https:\/\/lesgravereaux.marret.co\/index.php\/la-famille-gravereaux\/gerard-gravereaux\/henry-gerard-gravereaux-sexpose\/\">Continuer la lecture <span class=\"meta-nav\">&rarr;<\/span><\/a><\/p>\n","protected":false},"author":1,"featured_media":0,"parent":1159,"menu_order":0,"comment_status":"closed","ping_status":"closed","template":"","meta":{"ngg_post_thumbnail":0,"jetpack_post_was_ever_published":false,"footnotes":""},"class_list":["post-1172","page","type-page","status-publish","hentry"],"jetpack_sharing_enabled":true,"jetpack_shortlink":"https:\/\/wp.me\/P7ERyi-iU","jetpack-related-posts":[{"id":1159,"url":"https:\/\/lesgravereaux.marret.co\/index.php\/la-famille-gravereaux\/gerard-gravereaux\/","url_meta":{"origin":1172,"position":0},"title":"G\u00e9rard Gravereaux","author":"marretgravereaux","date":"17 mars 2016","format":false,"excerpt":"Henry-G\u00e9rard Gravereaux na\u00eet le 31\u00a0octobre 1906. Apr\u00e8s un baccalaur\u00e9at \u00e8s lettres, il \u00e9tudie \u00e0 l\u2019\u00c9cole des Sciences politiques avant de rentrer aux \u00c9tablissements Gravereaux, l\u2019entreprise cr\u00e9\u00e9e par son p\u00e8re. \u00ab\u00a0G\u00e9rard, apr\u00e8s un court passage \u00e0 Sciences-Po, entrait comme apprenti patronnier chez Depond, achet\u00e9 en 1925, dans la petite usine de\u2026","rel":"","context":"Article similaire","block_context":{"text":"Article similaire","link":""},"img":{"alt_text":"Gerard gravereaux - OG1601_wp","src":"https:\/\/i0.wp.com\/marret.co\/wp-content\/uploads\/2016\/03\/Gerard-gravereaux-OG1601_wp-787x1024.jpg?resize=350%2C200","width":350,"height":200},"classes":[]},{"id":2288,"url":"https:\/\/lesgravereaux.marret.co\/index.php\/la-famille-gravereaux\/gerard-gravereaux\/henry-gerard-gravereaux-sexpose\/vous-avez-dit-cubistes-cannes-1985\/","url_meta":{"origin":1172,"position":1},"title":"Vous avez dit cubistes ? (Cannes, 1985)","author":"marretgravereaux","date":"7 mai 2016","format":false,"excerpt":"La Malmaison, Cannes. \u00a013\u00a0juillet \u2013 22\u00a0septembre 1985. \u00ab\u00a0Vous avez dit cubistes\u00a0?\u00a0\u00bb. [Exposition de groupe] \u00a0 m m \u00abPeu de temps avant les ann\u00e9es 50, dans les \u0153uvres de Henry-G\u00e9rard GRAVEREAUX, mythologue et prolongateur des th\u00e8mes tournant autour de la repr\u00e9sentation de la femme mythique d'Eros, le peintre faisait rena\u00eetre par\u2026","rel":"","context":"Article similaire","block_context":{"text":"Article similaire","link":""},"img":{"alt_text":"1985 - Vous avez dit cubistes c0-2_wp","src":"https:\/\/i0.wp.com\/lesgravereaux.marret.co\/wp-content\/uploads\/2016\/03\/1985-Vous-avez-dit-cubistes-c0-2_wp-1024x986.jpg?resize=350%2C200","width":350,"height":200},"classes":[]},{"id":5938,"url":"https:\/\/lesgravereaux.marret.co\/index.php\/la-famille-gravereaux\/gerard-gravereaux\/henry-gerard-gravereaux-sexpose\/1951-henry-gerard-a-cannes\/","url_meta":{"origin":1172,"position":2},"title":"1951 &#8211; Henry-G\u00e9rard expose \u00e0 Cannes","author":"marretgravereaux","date":"24 d\u00e9cembre 2018","format":false,"excerpt":"Galerie Martin-Gruson, Cannes. 28\u00a0mars \u2013 11\u00a0avril 1951. Un extrait de la Critique parisienne\u00a0: L'un des m\u00e9rites d'Henry-G\u00e9rard est d'avoir voulu travailler en solitaire, loin de Paris, sans montrer \u00e0 personne le r\u00e9sultat de ses recherches. Aussi l'\u0153uvre qu'il expose est-elle proprement surprenante... Elle accuse encore et surtout un style, celui\u2026","rel":"","context":"Article similaire","block_context":{"text":"Article similaire","link":""},"img":{"alt_text":"","src":"https:\/\/i0.wp.com\/lesgravereaux.marret.co\/wp-content\/uploads\/2018\/12\/1951-03-28-Exposition-Henry-G%C3%A9rard-Vernissage-1_wp.jpg?resize=350%2C200&ssl=1","width":350,"height":200,"srcset":"https:\/\/i0.wp.com\/lesgravereaux.marret.co\/wp-content\/uploads\/2018\/12\/1951-03-28-Exposition-Henry-G%C3%A9rard-Vernissage-1_wp.jpg?resize=350%2C200&ssl=1 1x, https:\/\/i0.wp.com\/lesgravereaux.marret.co\/wp-content\/uploads\/2018\/12\/1951-03-28-Exposition-Henry-G%C3%A9rard-Vernissage-1_wp.jpg?resize=525%2C300&ssl=1 1.5x, https:\/\/i0.wp.com\/lesgravereaux.marret.co\/wp-content\/uploads\/2018\/12\/1951-03-28-Exposition-Henry-G%C3%A9rard-Vernissage-1_wp.jpg?resize=700%2C400&ssl=1 2x"},"classes":[]},{"id":22928,"url":"https:\/\/lesgravereaux.marret.co\/index.php\/la-famille-gravereaux\/gerard-gravereaux\/les-poemes-illustres\/","url_meta":{"origin":1172,"position":3},"title":"Les po\u00e8mes illustr\u00e9s","author":"marretgravereaux","date":"28 avril 2022","format":false,"excerpt":"Henry-G\u00e9rard Gravereaux a r\u00e9alis\u00e9 diverses \u00e9tudes \u00e0 la mine de plomb, dont la majorit\u00e9 portant sur des nus, ainsi que de nombreuses peintures. Mais il a \u00e9galement effectu\u00e9, pour le plaisir, de petits dessins pour illustrer des menus lors de repas de No\u00ebl familiaux, ainsi que pour accompagner des po\u00e8mes\u2026","rel":"","context":"Article similaire","block_context":{"text":"Article similaire","link":""},"img":{"alt_text":"","src":"https:\/\/i0.wp.com\/lesgravereaux.marret.co\/wp-content\/uploads\/2022\/04\/HGG-Le-pont-Mirabeau-Apollinaire_H150-225x300.jpg?resize=350%2C200","width":350,"height":200},"classes":[]},{"id":5960,"url":"https:\/\/lesgravereaux.marret.co\/index.php\/la-famille-gravereaux\/gerard-gravereaux\/henry-gerard-gravereaux-sexpose\/1959-henry-gerard-gravereaux-expose-a-paris\/","url_meta":{"origin":1172,"position":4},"title":"1959 &#8211; Henry-G\u00e9rard Gravereaux expose \u00e0 Paris","author":"marretgravereaux","date":"26 d\u00e9cembre 2018","format":false,"excerpt":"Galerie Paul C\u00e9zanne, Paris. 12\u00a0mars \u2013 28\u00a0mars 1959.","rel":"","context":"Article similaire","block_context":{"text":"Article similaire","link":""},"img":{"alt_text":"","src":"https:\/\/i0.wp.com\/lesgravereaux.marret.co\/wp-content\/uploads\/2018\/12\/1959-03-12-Exposition-Henry-G%C3%A9rard-Gravereaux-Vernissage-2a_wp.jpg?resize=350%2C200&ssl=1","width":350,"height":200,"srcset":"https:\/\/i0.wp.com\/lesgravereaux.marret.co\/wp-content\/uploads\/2018\/12\/1959-03-12-Exposition-Henry-G%C3%A9rard-Gravereaux-Vernissage-2a_wp.jpg?resize=350%2C200&ssl=1 1x, https:\/\/i0.wp.com\/lesgravereaux.marret.co\/wp-content\/uploads\/2018\/12\/1959-03-12-Exposition-Henry-G%C3%A9rard-Gravereaux-Vernissage-2a_wp.jpg?resize=525%2C300&ssl=1 1.5x, https:\/\/i0.wp.com\/lesgravereaux.marret.co\/wp-content\/uploads\/2018\/12\/1959-03-12-Exposition-Henry-G%C3%A9rard-Gravereaux-Vernissage-2a_wp.jpg?resize=700%2C400&ssl=1 2x, https:\/\/i0.wp.com\/lesgravereaux.marret.co\/wp-content\/uploads\/2018\/12\/1959-03-12-Exposition-Henry-G%C3%A9rard-Gravereaux-Vernissage-2a_wp.jpg?resize=1050%2C600&ssl=1 3x, https:\/\/i0.wp.com\/lesgravereaux.marret.co\/wp-content\/uploads\/2018\/12\/1959-03-12-Exposition-Henry-G%C3%A9rard-Gravereaux-Vernissage-2a_wp.jpg?resize=1400%2C800&ssl=1 4x"},"classes":[]},{"id":2309,"url":"https:\/\/lesgravereaux.marret.co\/index.php\/la-famille-gravereaux\/gerard-gravereaux\/henry-gerard-gravereaux-sexpose\/femmes-portraits-et-nus-cannes-1985-1986\/","url_meta":{"origin":1172,"position":5},"title":"Femmes, portraits et nus (Cannes, 1985-1986)","author":"marretgravereaux","date":"7 mai 2016","format":false,"excerpt":"La Malmaison, Cannes. 14\u00a0d\u00e9cembre 1985 \u00a0\u2013 9\u00a0f\u00e9vrier 1986. \u00ab\u00a0Femmes\u2026, portraits et nus\u00a0\u00bb. [Exposition de groupe] Henry-G\u00e9rard GRAVEREAUX . Paris 1906N\u00e9 \u00e0 Paris dans une famille d'industriels. Etudes secondaires, baccalaur\u00e9at \u00e8s lettres et Ecole des Sciences Politiques.Premi\u00e8res \u00e9tudes de dessin \u00e0 l'Acad\u00e9mie Julian de 1924 \u00e0 1925. En 1937, se consacre\u2026","rel":"","context":"Article similaire","block_context":{"text":"Article similaire","link":""},"img":{"alt_text":"","src":"https:\/\/i0.wp.com\/lesgravereaux.marret.co\/wp-content\/uploads\/2018\/12\/1985-1986-Femmes-Portraits-et-Nus-%C3%89tude_wp.jpg?resize=350%2C200&ssl=1","width":350,"height":200,"srcset":"https:\/\/i0.wp.com\/lesgravereaux.marret.co\/wp-content\/uploads\/2018\/12\/1985-1986-Femmes-Portraits-et-Nus-%C3%89tude_wp.jpg?resize=350%2C200&ssl=1 1x, https:\/\/i0.wp.com\/lesgravereaux.marret.co\/wp-content\/uploads\/2018\/12\/1985-1986-Femmes-Portraits-et-Nus-%C3%89tude_wp.jpg?resize=525%2C300&ssl=1 1.5x"},"classes":[]}],"_links":{"self":[{"href":"https:\/\/lesgravereaux.marret.co\/index.php\/wp-json\/wp\/v2\/pages\/1172","targetHints":{"allow":["GET"]}}],"collection":[{"href":"https:\/\/lesgravereaux.marret.co\/index.php\/wp-json\/wp\/v2\/pages"}],"about":[{"href":"https:\/\/lesgravereaux.marret.co\/index.php\/wp-json\/wp\/v2\/types\/page"}],"author":[{"embeddable":true,"href":"https:\/\/lesgravereaux.marret.co\/index.php\/wp-json\/wp\/v2\/users\/1"}],"replies":[{"embeddable":true,"href":"https:\/\/lesgravereaux.marret.co\/index.php\/wp-json\/wp\/v2\/comments?post=1172"}],"version-history":[{"count":4,"href":"https:\/\/lesgravereaux.marret.co\/index.php\/wp-json\/wp\/v2\/pages\/1172\/revisions"}],"predecessor-version":[{"id":22927,"href":"https:\/\/lesgravereaux.marret.co\/index.php\/wp-json\/wp\/v2\/pages\/1172\/revisions\/22927"}],"up":[{"embeddable":true,"href":"https:\/\/lesgravereaux.marret.co\/index.php\/wp-json\/wp\/v2\/pages\/1159"}],"wp:attachment":[{"href":"https:\/\/lesgravereaux.marret.co\/index.php\/wp-json\/wp\/v2\/media?parent=1172"}],"curies":[{"name":"wp","href":"https:\/\/api.w.org\/{rel}","templated":true}]}}