{"id":1159,"date":"2016-03-17T09:51:55","date_gmt":"2016-03-17T08:51:55","guid":{"rendered":"http:\/\/marret.co\/?page_id=1159"},"modified":"2019-01-15T19:16:18","modified_gmt":"2019-01-15T18:16:18","slug":"gerard-gravereaux","status":"publish","type":"page","link":"https:\/\/lesgravereaux.marret.co\/index.php\/la-famille-gravereaux\/gerard-gravereaux\/","title":{"rendered":"G\u00e9rard Gravereaux"},"content":{"rendered":"<p style=\"text-align: left;\"><a href=\"https:\/\/i0.wp.com\/marret.co\/wp-content\/uploads\/2016\/03\/Gerard-gravereaux-OG1601_wp.jpg\" rel=\"attachment wp-att-1161\"><img data-recalc-dims=\"1\" loading=\"lazy\" decoding=\"async\" data-attachment-id=\"1161\" data-permalink=\"https:\/\/lesgravereaux.marret.co\/index.php\/la-famille-gravereaux\/gerard-gravereaux\/gerard-gravereaux-og1601_wp\/\" data-orig-file=\"https:\/\/i0.wp.com\/lesgravereaux.marret.co\/wp-content\/uploads\/2016\/03\/Gerard-gravereaux-OG1601_wp.jpg?fit=908%2C1181&amp;ssl=1\" data-orig-size=\"908,1181\" data-comments-opened=\"1\" data-image-meta=\"{&quot;aperture&quot;:&quot;0&quot;,&quot;credit&quot;:&quot;&quot;,&quot;camera&quot;:&quot;&quot;,&quot;caption&quot;:&quot;&quot;,&quot;created_timestamp&quot;:&quot;1162148706&quot;,&quot;copyright&quot;:&quot;&quot;,&quot;focal_length&quot;:&quot;0&quot;,&quot;iso&quot;:&quot;0&quot;,&quot;shutter_speed&quot;:&quot;0&quot;,&quot;title&quot;:&quot;&quot;,&quot;orientation&quot;:&quot;1&quot;}\" data-image-title=\"Gerard gravereaux &amp;#8211; OG1601_wp\" data-image-description=\"\" data-image-caption=\"\" data-medium-file=\"https:\/\/i0.wp.com\/lesgravereaux.marret.co\/wp-content\/uploads\/2016\/03\/Gerard-gravereaux-OG1601_wp.jpg?fit=231%2C300&amp;ssl=1\" data-large-file=\"https:\/\/i0.wp.com\/lesgravereaux.marret.co\/wp-content\/uploads\/2016\/03\/Gerard-gravereaux-OG1601_wp.jpg?fit=640%2C833&amp;ssl=1\" width=\"172\" height=\"224\" class=\"wp-image-1161 alignleft\" alt=\"Gerard gravereaux - OG1601_wp\" src=\"https:\/\/i0.wp.com\/marret.co\/wp-content\/uploads\/2016\/03\/Gerard-gravereaux-OG1601_wp-787x1024.jpg?resize=172%2C224\" data-wp-pid=\"1161\" srcset=\"https:\/\/i0.wp.com\/lesgravereaux.marret.co\/wp-content\/uploads\/2016\/03\/Gerard-gravereaux-OG1601_wp.jpg?resize=787%2C1024&amp;ssl=1 787w, https:\/\/i0.wp.com\/lesgravereaux.marret.co\/wp-content\/uploads\/2016\/03\/Gerard-gravereaux-OG1601_wp.jpg?resize=231%2C300&amp;ssl=1 231w, https:\/\/i0.wp.com\/lesgravereaux.marret.co\/wp-content\/uploads\/2016\/03\/Gerard-gravereaux-OG1601_wp.jpg?resize=768%2C999&amp;ssl=1 768w, https:\/\/i0.wp.com\/lesgravereaux.marret.co\/wp-content\/uploads\/2016\/03\/Gerard-gravereaux-OG1601_wp.jpg?resize=800%2C1041&amp;ssl=1 800w, https:\/\/i0.wp.com\/lesgravereaux.marret.co\/wp-content\/uploads\/2016\/03\/Gerard-gravereaux-OG1601_wp.jpg?resize=461%2C600&amp;ssl=1 461w, https:\/\/i0.wp.com\/lesgravereaux.marret.co\/wp-content\/uploads\/2016\/03\/Gerard-gravereaux-OG1601_wp.jpg?w=908&amp;ssl=1 908w\" sizes=\"auto, (max-width: 172px) 100vw, 172px\" \/><\/a>Henry-G\u00e9rard Gravereaux na\u00eet le 31&nbsp;octobre 1906.<\/p>\n<p>Apr\u00e8s un baccalaur\u00e9at \u00e8s lettres, il \u00e9tudie \u00e0 l\u2019\u00c9cole des Sciences politiques avant de rentrer aux \u00c9tablissements Gravereaux, l\u2019entreprise cr\u00e9\u00e9e par son p\u00e8re.<\/p>\n<p style=\"padding-left: 30px;\"><em>\u00ab&nbsp;G\u00e9rard, apr\u00e8s un court passage \u00e0 Sciences-Po, entrait comme apprenti patronnier chez Depond, achet\u00e9 en 1925, dans la petite usine de la rue des M\u00fbriers. Cette petite affaire, sp\u00e9cialis\u00e9e dans les faux-cols sur mesure, \u00e9tait consid\u00e9r\u00e9e par les grands chemisiers, tels que Sulka, Leinen, Peuch, Charvet, comme le super gratin. G\u00e9rard racontait avec humour son arriv\u00e9e parmi les coupeurs-patronniers, affubl\u00e9s d&rsquo;une redingote et d&rsquo;un chapeau melon, selon la tradition de leur m\u00e9tier.&nbsp;\u00bb<\/em><\/p>\n<p style=\"text-align: right;\"><span style=\"font-size: 10pt;\">Source&nbsp;: Gravereaux, Jean-Ren\u00e9. La Maison Gravereaux 1910-1941.<\/span><\/p>\n<p><a href=\"https:\/\/i0.wp.com\/marret.co\/wp-content\/uploads\/2016\/03\/1928-Van-Heusen-Affiche-Charles-Loupot-JLM_wp.jpg\" rel=\"attachment wp-att-1164\"><img data-recalc-dims=\"1\" loading=\"lazy\" decoding=\"async\" data-attachment-id=\"1164\" data-permalink=\"https:\/\/lesgravereaux.marret.co\/index.php\/la-famille-gravereaux\/gerard-gravereaux\/1928-van-heusen-affiche-charles-loupot-jlm_wp\/\" data-orig-file=\"https:\/\/i0.wp.com\/lesgravereaux.marret.co\/wp-content\/uploads\/2016\/03\/1928-Van-Heusen-Affiche-Charles-Loupot-JLM_wp.jpg?fit=1218%2C1575&amp;ssl=1\" data-orig-size=\"1218,1575\" data-comments-opened=\"1\" data-image-meta=\"{&quot;aperture&quot;:&quot;0&quot;,&quot;credit&quot;:&quot;&quot;,&quot;camera&quot;:&quot;&quot;,&quot;caption&quot;:&quot;&quot;,&quot;created_timestamp&quot;:&quot;0&quot;,&quot;copyright&quot;:&quot;&quot;,&quot;focal_length&quot;:&quot;0&quot;,&quot;iso&quot;:&quot;0&quot;,&quot;shutter_speed&quot;:&quot;0&quot;,&quot;title&quot;:&quot;&quot;,&quot;orientation&quot;:&quot;1&quot;}\" data-image-title=\"1928 Van-Heusen &amp;#8211; Affiche Charles Loupot (JLM)_wp\" data-image-description=\"\" data-image-caption=\"\" data-medium-file=\"https:\/\/i0.wp.com\/lesgravereaux.marret.co\/wp-content\/uploads\/2016\/03\/1928-Van-Heusen-Affiche-Charles-Loupot-JLM_wp.jpg?fit=232%2C300&amp;ssl=1\" data-large-file=\"https:\/\/i0.wp.com\/lesgravereaux.marret.co\/wp-content\/uploads\/2016\/03\/1928-Van-Heusen-Affiche-Charles-Loupot-JLM_wp.jpg?fit=640%2C827&amp;ssl=1\" width=\"250\" height=\"324\" class=\"wp-image-1164 alignright\" alt=\"1928 Van-Heusen - Affiche Charles Loupot (JLM)_wp\" src=\"https:\/\/i0.wp.com\/marret.co\/wp-content\/uploads\/2016\/03\/1928-Van-Heusen-Affiche-Charles-Loupot-JLM_wp-792x1024.jpg?resize=250%2C324\" data-wp-pid=\"1164\" srcset=\"https:\/\/i0.wp.com\/lesgravereaux.marret.co\/wp-content\/uploads\/2016\/03\/1928-Van-Heusen-Affiche-Charles-Loupot-JLM_wp.jpg?resize=792%2C1024&amp;ssl=1 792w, https:\/\/i0.wp.com\/lesgravereaux.marret.co\/wp-content\/uploads\/2016\/03\/1928-Van-Heusen-Affiche-Charles-Loupot-JLM_wp.jpg?resize=232%2C300&amp;ssl=1 232w, https:\/\/i0.wp.com\/lesgravereaux.marret.co\/wp-content\/uploads\/2016\/03\/1928-Van-Heusen-Affiche-Charles-Loupot-JLM_wp.jpg?resize=768%2C993&amp;ssl=1 768w, https:\/\/i0.wp.com\/lesgravereaux.marret.co\/wp-content\/uploads\/2016\/03\/1928-Van-Heusen-Affiche-Charles-Loupot-JLM_wp.jpg?resize=800%2C1034&amp;ssl=1 800w, https:\/\/i0.wp.com\/lesgravereaux.marret.co\/wp-content\/uploads\/2016\/03\/1928-Van-Heusen-Affiche-Charles-Loupot-JLM_wp.jpg?resize=464%2C600&amp;ssl=1 464w, https:\/\/i0.wp.com\/lesgravereaux.marret.co\/wp-content\/uploads\/2016\/03\/1928-Van-Heusen-Affiche-Charles-Loupot-JLM_wp.jpg?w=1218&amp;ssl=1 1218w\" sizes=\"auto, (max-width: 250px) 100vw, 250px\" \/><\/a><br \/>\nDans la maison Gravereaux, il occupe divers postes, s\u2019int\u00e9ressant particuli\u00e8rement \u00e0 tout ce qui touche aux domaines artistiques \u2013 la publicit\u00e9 et le marketing, en premier lieu. On lui devrait, avec son fr\u00e8re Philippe \u2013 qui dirigeait alors l\u2019entreprise \u2013 l\u2019id\u00e9e de placarder dans tout Paris l\u2019affiche qu\u2019ils avaient fait r\u00e9aliser par Loupot sur les cols Van Heusen (dont la Maison Gravereaux \u00e9tait le distributeur en France).<\/p>\n<p><a href=\"https:\/\/i0.wp.com\/marret.co\/wp-content\/uploads\/2016\/03\/1953-Plaisir-de-France-Publicite-Gruau-p41_wp.jpg\" rel=\"attachment wp-att-1165\"><img data-recalc-dims=\"1\" loading=\"lazy\" decoding=\"async\" data-attachment-id=\"1165\" data-permalink=\"https:\/\/lesgravereaux.marret.co\/index.php\/la-famille-gravereaux\/gerard-gravereaux\/1953-plaisir-de-france-publicite-gruau-p41_wp\/\" data-orig-file=\"https:\/\/i0.wp.com\/lesgravereaux.marret.co\/wp-content\/uploads\/2016\/03\/1953-Plaisir-de-France-Publicite-Gruau-p41_wp.jpg?fit=1158%2C1575&amp;ssl=1\" data-orig-size=\"1158,1575\" data-comments-opened=\"1\" data-image-meta=\"{&quot;aperture&quot;:&quot;0&quot;,&quot;credit&quot;:&quot;&quot;,&quot;camera&quot;:&quot;&quot;,&quot;caption&quot;:&quot;&quot;,&quot;created_timestamp&quot;:&quot;0&quot;,&quot;copyright&quot;:&quot;&quot;,&quot;focal_length&quot;:&quot;0&quot;,&quot;iso&quot;:&quot;0&quot;,&quot;shutter_speed&quot;:&quot;0&quot;,&quot;title&quot;:&quot;&quot;,&quot;orientation&quot;:&quot;1&quot;}\" data-image-title=\"1953 Plaisir de France &amp;#8211; Publicite Gruau p41_wp\" data-image-description=\"\" data-image-caption=\"\" data-medium-file=\"https:\/\/i0.wp.com\/lesgravereaux.marret.co\/wp-content\/uploads\/2016\/03\/1953-Plaisir-de-France-Publicite-Gruau-p41_wp.jpg?fit=221%2C300&amp;ssl=1\" data-large-file=\"https:\/\/i0.wp.com\/lesgravereaux.marret.co\/wp-content\/uploads\/2016\/03\/1953-Plaisir-de-France-Publicite-Gruau-p41_wp.jpg?fit=640%2C870&amp;ssl=1\" width=\"252\" height=\"342\" class=\"wp-image-1165 alignleft\" alt=\"1953 Plaisir de France - Publicite Gruau p41_wp\" src=\"https:\/\/i0.wp.com\/marret.co\/wp-content\/uploads\/2016\/03\/1953-Plaisir-de-France-Publicite-Gruau-p41_wp-753x1024.jpg?resize=252%2C342\" data-wp-pid=\"1165\" srcset=\"https:\/\/i0.wp.com\/lesgravereaux.marret.co\/wp-content\/uploads\/2016\/03\/1953-Plaisir-de-France-Publicite-Gruau-p41_wp.jpg?resize=753%2C1024&amp;ssl=1 753w, https:\/\/i0.wp.com\/lesgravereaux.marret.co\/wp-content\/uploads\/2016\/03\/1953-Plaisir-de-France-Publicite-Gruau-p41_wp.jpg?resize=221%2C300&amp;ssl=1 221w, https:\/\/i0.wp.com\/lesgravereaux.marret.co\/wp-content\/uploads\/2016\/03\/1953-Plaisir-de-France-Publicite-Gruau-p41_wp.jpg?resize=768%2C1045&amp;ssl=1 768w, https:\/\/i0.wp.com\/lesgravereaux.marret.co\/wp-content\/uploads\/2016\/03\/1953-Plaisir-de-France-Publicite-Gruau-p41_wp.jpg?resize=800%2C1088&amp;ssl=1 800w, https:\/\/i0.wp.com\/lesgravereaux.marret.co\/wp-content\/uploads\/2016\/03\/1953-Plaisir-de-France-Publicite-Gruau-p41_wp.jpg?resize=441%2C600&amp;ssl=1 441w, https:\/\/i0.wp.com\/lesgravereaux.marret.co\/wp-content\/uploads\/2016\/03\/1953-Plaisir-de-France-Publicite-Gruau-p41_wp.jpg?w=1158&amp;ssl=1 1158w\" sizes=\"auto, (max-width: 252px) 100vw, 252px\" \/><\/a><\/p>\n<p>&nbsp;<\/p>\n<p>Il a \u00e9galement contribu\u00e9 \u00e0 la cr\u00e9ation d\u2019une association d\u2019une quinzaine d\u2019industriels du v\u00eatement pour commercialiser leurs produits sous la marque Pierre Cardin; et il copr\u00e9sidera ce groupement pendant plusieurs ann\u00e9es.<\/p>\n<p>La peinture l\u2019avait attir\u00e9 dans sa jeunesse et il avait \u00e9tudi\u00e9 \u00e0 l\u2019Acad\u00e9mie Julian; ses activit\u00e9s professionnelles ne l\u2019emp\u00eacheront pas de poursuivre dans cette voie. G\u00e9rard Gravereaux peignit toute sa vie et participa \u00e0 <a href=\"https:\/\/lesgravereaux.marret.co\/index.php\/etablissement-gravereaux\/gerard-gravereaux\/henry-gerard-gravereaux-sexpose\/\">plusieurs expositions<\/a>.<\/p>\n<p>Henry-G\u00e9rard Gravereaux d\u00e9c\u00e8de le 29&nbsp;mai&nbsp;1989.<\/p>\n<hr>\n<p style=\"text-align: center;\"><u>Notes artistiques<\/u><\/p>\n<p>En 1924-1925, Henry-G\u00e9rard Gravereaux fait ses premi\u00e8res \u00e9tudes de dessin \u00e0 l&rsquo;Acad\u00e9mie Julian.<\/p>\n<p><a href=\"https:\/\/i0.wp.com\/marret.co\/wp-content\/uploads\/2016\/03\/Gravereaux-Gerard-Isabelle-Lesur_wp.jpg\" rel=\"attachment wp-att-1166\"><img data-recalc-dims=\"1\" loading=\"lazy\" decoding=\"async\" data-attachment-id=\"1166\" data-permalink=\"https:\/\/lesgravereaux.marret.co\/index.php\/la-famille-gravereaux\/gerard-gravereaux\/sony-dsc\/\" data-orig-file=\"https:\/\/i0.wp.com\/lesgravereaux.marret.co\/wp-content\/uploads\/2016\/03\/Gravereaux-Gerard-Isabelle-Lesur_wp.jpg?fit=1575%2C1062&amp;ssl=1\" data-orig-size=\"1575,1062\" data-comments-opened=\"1\" data-image-meta=\"{&quot;aperture&quot;:&quot;5.6&quot;,&quot;credit&quot;:&quot;&quot;,&quot;camera&quot;:&quot;DSLR-A100&quot;,&quot;caption&quot;:&quot;SONY DSC&quot;,&quot;created_timestamp&quot;:&quot;1170777345&quot;,&quot;copyright&quot;:&quot;&quot;,&quot;focal_length&quot;:&quot;22&quot;,&quot;iso&quot;:&quot;400&quot;,&quot;shutter_speed&quot;:&quot;0.016666666666667&quot;,&quot;title&quot;:&quot;SONY DSC&quot;,&quot;orientation&quot;:&quot;1&quot;}\" data-image-title=\"Les quatre saisons (collection Isabelle Lesur)\" data-image-description=\"\" data-image-caption=\"\" data-medium-file=\"https:\/\/i0.wp.com\/lesgravereaux.marret.co\/wp-content\/uploads\/2016\/03\/Gravereaux-Gerard-Isabelle-Lesur_wp.jpg?fit=300%2C202&amp;ssl=1\" data-large-file=\"https:\/\/i0.wp.com\/lesgravereaux.marret.co\/wp-content\/uploads\/2016\/03\/Gravereaux-Gerard-Isabelle-Lesur_wp.jpg?fit=640%2C431&amp;ssl=1\" width=\"317\" height=\"214\" class=\"wp-image-1166 alignright\" alt=\"\" src=\"https:\/\/i0.wp.com\/marret.co\/wp-content\/uploads\/2016\/03\/Gravereaux-Gerard-Isabelle-Lesur_wp-1024x690.jpg?resize=317%2C214\" data-wp-pid=\"1166\" srcset=\"https:\/\/i0.wp.com\/lesgravereaux.marret.co\/wp-content\/uploads\/2016\/03\/Gravereaux-Gerard-Isabelle-Lesur_wp.jpg?resize=1024%2C690&amp;ssl=1 1024w, https:\/\/i0.wp.com\/lesgravereaux.marret.co\/wp-content\/uploads\/2016\/03\/Gravereaux-Gerard-Isabelle-Lesur_wp.jpg?resize=300%2C202&amp;ssl=1 300w, https:\/\/i0.wp.com\/lesgravereaux.marret.co\/wp-content\/uploads\/2016\/03\/Gravereaux-Gerard-Isabelle-Lesur_wp.jpg?resize=768%2C518&amp;ssl=1 768w, https:\/\/i0.wp.com\/lesgravereaux.marret.co\/wp-content\/uploads\/2016\/03\/Gravereaux-Gerard-Isabelle-Lesur_wp.jpg?resize=800%2C539&amp;ssl=1 800w, https:\/\/i0.wp.com\/lesgravereaux.marret.co\/wp-content\/uploads\/2016\/03\/Gravereaux-Gerard-Isabelle-Lesur_wp.jpg?resize=600%2C405&amp;ssl=1 600w, https:\/\/i0.wp.com\/lesgravereaux.marret.co\/wp-content\/uploads\/2016\/03\/Gravereaux-Gerard-Isabelle-Lesur_wp.jpg?w=1575&amp;ssl=1 1575w, https:\/\/i0.wp.com\/lesgravereaux.marret.co\/wp-content\/uploads\/2016\/03\/Gravereaux-Gerard-Isabelle-Lesur_wp.jpg?w=1280&amp;ssl=1 1280w\" sizes=\"auto, (max-width: 317px) 100vw, 317px\" \/><\/a>Il se consacre d\u00e9finitivement \u00e0 la peinture en 1937 et entre \u00e0 l&rsquo;Acad\u00e9mie Julian dans l&rsquo;atelier de Jean Souverbie dont il est un des premiers \u00e9l\u00e8ves avec ses camarades Roger Poupon, Claude Idoux et Albert Lenormand.<\/p>\n<p>Il est un tenant de la nouvelle figuration. Sa recherche se d\u00e9finit \u00e0 partir d&rsquo;une donn\u00e9e d&rsquo;Andr\u00e9 Lhote&nbsp;: \u00ab&nbsp;<em>Il faut que le cubisme se raccommode avec ses deux ennemis, la lumi\u00e8re et l&rsquo;espace<\/em>&nbsp;\u00bb et de Jean Cocteau&nbsp;: \u00ab&nbsp;<em>Tout art est abstrait si l&rsquo;artiste sait dominer le pr\u00e9texte de son \u0153uvre et s&rsquo;il l\u2019oublie, il ne nous livre plus que son \u00e2me<\/em>&nbsp;\u00bb.<\/p>\n<p>Son \u0153uvre est un hommage \u00e0 la femme dont il fait son sujet principal.<\/p>\n<p><a href=\"https:\/\/lesgravereaux.marret.co\/index.php\/gerard-gravereaux-quelques-oeuvres\/\"><strong>Quelques-unes de ses \u0153uvres\u00bb\u00bb\u00bb<\/strong><\/a><\/p>\n","protected":false},"excerpt":{"rendered":"<p>Henry-G\u00e9rard Gravereaux na\u00eet le 31&nbsp;octobre 1906. Apr\u00e8s un baccalaur\u00e9at \u00e8s lettres, il \u00e9tudie \u00e0 l\u2019\u00c9cole des Sciences politiques avant de rentrer aux \u00c9tablissements Gravereaux, l\u2019entreprise cr\u00e9\u00e9e par son p\u00e8re. \u00ab&nbsp;G\u00e9rard, apr\u00e8s un court passage \u00e0 Sciences-Po, entrait comme apprenti patronnier &hellip; <a href=\"https:\/\/lesgravereaux.marret.co\/index.php\/la-famille-gravereaux\/gerard-gravereaux\/\">Continuer la lecture <span class=\"meta-nav\">&rarr;<\/span><\/a><\/p>\n","protected":false},"author":1,"featured_media":0,"parent":645,"menu_order":0,"comment_status":"closed","ping_status":"closed","template":"","meta":{"ngg_post_thumbnail":0,"jetpack_post_was_ever_published":false,"footnotes":""},"class_list":["post-1159","page","type-page","status-publish","hentry"],"jetpack_sharing_enabled":true,"jetpack_shortlink":"https:\/\/wp.me\/P7ERyi-iH","jetpack-related-posts":[{"id":5938,"url":"https:\/\/lesgravereaux.marret.co\/index.php\/la-famille-gravereaux\/gerard-gravereaux\/henry-gerard-gravereaux-sexpose\/1951-henry-gerard-a-cannes\/","url_meta":{"origin":1159,"position":0},"title":"1951 &#8211; Henry-G\u00e9rard expose \u00e0 Cannes","author":"marretgravereaux","date":"24 d\u00e9cembre 2018","format":false,"excerpt":"Galerie Martin-Gruson, Cannes. 28\u00a0mars \u2013 11\u00a0avril 1951. Un extrait de la Critique parisienne\u00a0: L'un des m\u00e9rites d'Henry-G\u00e9rard est d'avoir voulu travailler en solitaire, loin de Paris, sans montrer \u00e0 personne le r\u00e9sultat de ses recherches. Aussi l'\u0153uvre qu'il expose est-elle proprement surprenante... Elle accuse encore et surtout un style, celui\u2026","rel":"","context":"Article similaire","block_context":{"text":"Article similaire","link":""},"img":{"alt_text":"","src":"https:\/\/i0.wp.com\/lesgravereaux.marret.co\/wp-content\/uploads\/2018\/12\/1951-03-28-Exposition-Henry-G%C3%A9rard-Vernissage-1_wp.jpg?resize=350%2C200&ssl=1","width":350,"height":200,"srcset":"https:\/\/i0.wp.com\/lesgravereaux.marret.co\/wp-content\/uploads\/2018\/12\/1951-03-28-Exposition-Henry-G%C3%A9rard-Vernissage-1_wp.jpg?resize=350%2C200&ssl=1 1x, https:\/\/i0.wp.com\/lesgravereaux.marret.co\/wp-content\/uploads\/2018\/12\/1951-03-28-Exposition-Henry-G%C3%A9rard-Vernissage-1_wp.jpg?resize=525%2C300&ssl=1 1.5x, https:\/\/i0.wp.com\/lesgravereaux.marret.co\/wp-content\/uploads\/2018\/12\/1951-03-28-Exposition-Henry-G%C3%A9rard-Vernissage-1_wp.jpg?resize=700%2C400&ssl=1 2x"},"classes":[]},{"id":2288,"url":"https:\/\/lesgravereaux.marret.co\/index.php\/la-famille-gravereaux\/gerard-gravereaux\/henry-gerard-gravereaux-sexpose\/vous-avez-dit-cubistes-cannes-1985\/","url_meta":{"origin":1159,"position":1},"title":"Vous avez dit cubistes ? (Cannes, 1985)","author":"marretgravereaux","date":"7 mai 2016","format":false,"excerpt":"La Malmaison, Cannes. \u00a013\u00a0juillet \u2013 22\u00a0septembre 1985. \u00ab\u00a0Vous avez dit cubistes\u00a0?\u00a0\u00bb. [Exposition de groupe] \u00a0 m m \u00abPeu de temps avant les ann\u00e9es 50, dans les \u0153uvres de Henry-G\u00e9rard GRAVEREAUX, mythologue et prolongateur des th\u00e8mes tournant autour de la repr\u00e9sentation de la femme mythique d'Eros, le peintre faisait rena\u00eetre par\u2026","rel":"","context":"Article similaire","block_context":{"text":"Article similaire","link":""},"img":{"alt_text":"1985 - Vous avez dit cubistes c0-2_wp","src":"https:\/\/i0.wp.com\/lesgravereaux.marret.co\/wp-content\/uploads\/2016\/03\/1985-Vous-avez-dit-cubistes-c0-2_wp-1024x986.jpg?resize=350%2C200","width":350,"height":200},"classes":[]},{"id":22928,"url":"https:\/\/lesgravereaux.marret.co\/index.php\/la-famille-gravereaux\/gerard-gravereaux\/les-poemes-illustres\/","url_meta":{"origin":1159,"position":2},"title":"Les po\u00e8mes illustr\u00e9s","author":"marretgravereaux","date":"28 avril 2022","format":false,"excerpt":"Henry-G\u00e9rard Gravereaux a r\u00e9alis\u00e9 diverses \u00e9tudes \u00e0 la mine de plomb, dont la majorit\u00e9 portant sur des nus, ainsi que de nombreuses peintures. Mais il a \u00e9galement effectu\u00e9, pour le plaisir, de petits dessins pour illustrer des menus lors de repas de No\u00ebl familiaux, ainsi que pour accompagner des po\u00e8mes\u2026","rel":"","context":"Article similaire","block_context":{"text":"Article similaire","link":""},"img":{"alt_text":"","src":"https:\/\/i0.wp.com\/lesgravereaux.marret.co\/wp-content\/uploads\/2022\/04\/HGG-Le-pont-Mirabeau-Apollinaire_H150-225x300.jpg?resize=350%2C200","width":350,"height":200},"classes":[]},{"id":581,"url":"https:\/\/lesgravereaux.marret.co\/index.php\/jules-gravereaux\/portraits-de-jules-gravereaux\/le-buste-de-jules-gravereaux\/le-buste-de-jules-gravereaux-sa-renaissance\/","url_meta":{"origin":1159,"position":3},"title":"Le buste de Jules Gravereaux &#8211; sa renaissance","author":"marretgravereaux","date":"7 mars 2016","format":false,"excerpt":"Petite histoire du buste... par\u00a0Jean-Gilles Engerrand ancien pr\u00e9sident des Amis du vieux L'Ha\u00ff Photos\u00a0: Association des Amis du Vieux L'Ha\u00ff \u00ab\u00a0\u00c0 l'origine, le buste de Jules Gravereaux se trouvait sur une st\u00e8le au fond de ce que l'on nomme aujourd'hui le parking du square Allende. \u00c0 cet endroit, tous les\u2026","rel":"","context":"Article similaire","block_context":{"text":"Article similaire","link":""},"img":{"alt_text":"1914 Carillon, Rene - Buste de Jules Gravereaux avant restauration_wp","src":"https:\/\/i0.wp.com\/marret.co\/wp-content\/uploads\/2016\/03\/1914-Carillon-Rene-Buste-de-Jules-Gravereaux-avant-restauration_wp.jpg?resize=350%2C200","width":350,"height":200},"classes":[]},{"id":5902,"url":"https:\/\/lesgravereaux.marret.co\/index.php\/la-famille-gravereaux\/gerard-gravereaux\/henry-gerard-gravereaux-sexpose\/1950-henry-gerard-expose-a-paris\/","url_meta":{"origin":1159,"position":4},"title":"1950 &#8211; Henry-G\u00e9rard expose \u00e0 Paris","author":"marretgravereaux","date":"24 d\u00e9cembre 2018","format":false,"excerpt":"Galerie Drouant-David, Paris. 18\u00a0avril \u2013 2\u00a0mai 1950 Apr\u00e8s avoir travaill\u00e9 seul, pendant des ann\u00e9es, dans ce midi qu'il affectionne particuli\u00e8rement Henry-G\u00e9rard vient chercher \u00e0 Paris une cons\u00e9cration m\u00e9rit\u00e9e. On souhaiterait qu'en une \u00e9poque o\u00f9 il est de bon ton d'arriver vite, souvent m\u00eame avant que d'\u00eatre parti, l'exemple d'Henry-G\u00e9rard, qui\u2026","rel":"","context":"Article similaire","block_context":{"text":"Article similaire","link":""},"img":{"alt_text":"","src":"https:\/\/i0.wp.com\/lesgravereaux.marret.co\/wp-content\/uploads\/2018\/12\/1950-04-18-Exposition-Henry-G%C3%A9rard-Vernissage-1_wp.jpg?resize=350%2C200&ssl=1","width":350,"height":200,"srcset":"https:\/\/i0.wp.com\/lesgravereaux.marret.co\/wp-content\/uploads\/2018\/12\/1950-04-18-Exposition-Henry-G%C3%A9rard-Vernissage-1_wp.jpg?resize=350%2C200&ssl=1 1x, https:\/\/i0.wp.com\/lesgravereaux.marret.co\/wp-content\/uploads\/2018\/12\/1950-04-18-Exposition-Henry-G%C3%A9rard-Vernissage-1_wp.jpg?resize=525%2C300&ssl=1 1.5x, https:\/\/i0.wp.com\/lesgravereaux.marret.co\/wp-content\/uploads\/2018\/12\/1950-04-18-Exposition-Henry-G%C3%A9rard-Vernissage-1_wp.jpg?resize=700%2C400&ssl=1 2x, https:\/\/i0.wp.com\/lesgravereaux.marret.co\/wp-content\/uploads\/2018\/12\/1950-04-18-Exposition-Henry-G%C3%A9rard-Vernissage-1_wp.jpg?resize=1050%2C600&ssl=1 3x, https:\/\/i0.wp.com\/lesgravereaux.marret.co\/wp-content\/uploads\/2018\/12\/1950-04-18-Exposition-Henry-G%C3%A9rard-Vernissage-1_wp.jpg?resize=1400%2C800&ssl=1 4x"},"classes":[]},{"id":2309,"url":"https:\/\/lesgravereaux.marret.co\/index.php\/la-famille-gravereaux\/gerard-gravereaux\/henry-gerard-gravereaux-sexpose\/femmes-portraits-et-nus-cannes-1985-1986\/","url_meta":{"origin":1159,"position":5},"title":"Femmes, portraits et nus (Cannes, 1985-1986)","author":"marretgravereaux","date":"7 mai 2016","format":false,"excerpt":"La Malmaison, Cannes. 14\u00a0d\u00e9cembre 1985 \u00a0\u2013 9\u00a0f\u00e9vrier 1986. \u00ab\u00a0Femmes\u2026, portraits et nus\u00a0\u00bb. [Exposition de groupe] Henry-G\u00e9rard GRAVEREAUX . Paris 1906N\u00e9 \u00e0 Paris dans une famille d'industriels. Etudes secondaires, baccalaur\u00e9at \u00e8s lettres et Ecole des Sciences Politiques.Premi\u00e8res \u00e9tudes de dessin \u00e0 l'Acad\u00e9mie Julian de 1924 \u00e0 1925. En 1937, se consacre\u2026","rel":"","context":"Article similaire","block_context":{"text":"Article similaire","link":""},"img":{"alt_text":"","src":"https:\/\/i0.wp.com\/lesgravereaux.marret.co\/wp-content\/uploads\/2018\/12\/1985-1986-Femmes-Portraits-et-Nus-%C3%89tude_wp.jpg?resize=350%2C200&ssl=1","width":350,"height":200,"srcset":"https:\/\/i0.wp.com\/lesgravereaux.marret.co\/wp-content\/uploads\/2018\/12\/1985-1986-Femmes-Portraits-et-Nus-%C3%89tude_wp.jpg?resize=350%2C200&ssl=1 1x, https:\/\/i0.wp.com\/lesgravereaux.marret.co\/wp-content\/uploads\/2018\/12\/1985-1986-Femmes-Portraits-et-Nus-%C3%89tude_wp.jpg?resize=525%2C300&ssl=1 1.5x"},"classes":[]}],"_links":{"self":[{"href":"https:\/\/lesgravereaux.marret.co\/index.php\/wp-json\/wp\/v2\/pages\/1159","targetHints":{"allow":["GET"]}}],"collection":[{"href":"https:\/\/lesgravereaux.marret.co\/index.php\/wp-json\/wp\/v2\/pages"}],"about":[{"href":"https:\/\/lesgravereaux.marret.co\/index.php\/wp-json\/wp\/v2\/types\/page"}],"author":[{"embeddable":true,"href":"https:\/\/lesgravereaux.marret.co\/index.php\/wp-json\/wp\/v2\/users\/1"}],"replies":[{"embeddable":true,"href":"https:\/\/lesgravereaux.marret.co\/index.php\/wp-json\/wp\/v2\/comments?post=1159"}],"version-history":[{"count":0,"href":"https:\/\/lesgravereaux.marret.co\/index.php\/wp-json\/wp\/v2\/pages\/1159\/revisions"}],"up":[{"embeddable":true,"href":"https:\/\/lesgravereaux.marret.co\/index.php\/wp-json\/wp\/v2\/pages\/645"}],"wp:attachment":[{"href":"https:\/\/lesgravereaux.marret.co\/index.php\/wp-json\/wp\/v2\/media?parent=1159"}],"curies":[{"name":"wp","href":"https:\/\/api.w.org\/{rel}","templated":true}]}}